74.7.227.1 - - [07/Jul/2026:03:42:31 +0200] "GET /shopping/137271245 HTTP/2" 301 0 "https://www.bigfreeodds.com/sitemaps.xml" "Mozilla/5.0 AppleWebKit/537.36 (KHTML, like Gecko; compatible; GPTBot/1.4; +https://openai.com/gptbot)"
74.7.227.158 - - [07/Jul/2026:03:42:34 +0200] "GET /shopping/3699820355 HTTP/2" 404 5750 "https://www.bigfreeodds.com" "Mozilla/5.0 AppleWebKit/537.36 (KHTML, like Gecko; compatible; GPTBot/1.4; +https://openai.com/gptbot)"
74.7.227.1 - - [07/Jul/2026:03:42:34 +0200] "GET /shopping/403055276 HTTP/2" 301 0 "https://www.bigfreeodds.com/sitemaps.xml" "Mozilla/5.0 AppleWebKit/537.36 (KHTML, like Gecko; compatible; GPTBot/1.4; +https://openai.com/gptbot)"
74.7.227.158 - - [07/Jul/2026:03:42:37 +0200] "GET /shopping/2475414673 HTTP/2" 404 5750 "https://www.bigfreeodds.com" "Mozilla/5.0 AppleWebKit/537.36 (KHTML, like Gecko; compatible; GPTBot/1.4; +https://openai.com/gptbot)"
74.7.227.1 - - [07/Jul/2026:03:42:38 +0200] "GET /shopping/986152813 HTTP/2" 301 0 "https://www.bigfreeodds.com/sitemaps.xml" "Mozilla/5.0 AppleWebKit/537.36 (KHTML, like Gecko; compatible; GPTBot/1.4; +https://openai.com/gptbot)"
74.7.227.158 - - [07/Jul/2026:03:42:40 +0200] "GET /shopping/1839856707 HTTP/2" 404 5750 "https://www.bigfreeodds.com" "Mozilla/5.0 AppleWebKit/537.36 (KHTML, like Gecko; compatible; GPTBot/1.4; +https://openai.com/gptbot)"
74.7.227.1 - - [07/Jul/2026:03:42:41 +0200] "GET /shopping/478734551 HTTP/2" 301 0 "https://www.bigfreeodds.com/sitemaps.xml" "Mozilla/5.0 AppleWebKit/537.36 (KHTML, like Gecko; compatible; GPTBot/1.4; +https://openai.com/gptbot)"
74.7.227.158 - - [07/Jul/2026:03:42:43 +0200] "GET /shopping/4167430840 HTTP/2" 404 5750 "https://www.bigfreeodds.com" "Mozilla/5.0 AppleWebKit/537.36 (KHTML, like Gecko; compatible; GPTBot/1.4; +https://openai.com/gptbot)"
74.7.227.1 - - [07/Jul/2026:03:42:44 +0200] "GET /shopping/770564003 HTTP/2" 301 0 "https://www.bigfreeodds.com/sitemaps.xml" "Mozilla/5.0 AppleWebKit/537.36 (KHTML, like Gecko; compatible; GPTBot/1.4; +https://openai.com/gptbot)"
74.7.227.158 - - [07/Jul/2026:03:42:47 +0200] "GET /shopping/2420071106 HTTP/2" 404 5750 "https://www.bigfreeodds.com" "Mozilla/5.0 AppleWebKit/537.36 (KHTML, like Gecko; compatible; GPTBot/1.4; +https://openai.com/gptbot)"
74.7.227.1 - - [07/Jul/2026:03:42:47 +0200] "GET /shopping/354904315 HTTP/2" 301 0 "https://www.bigfreeodds.com/sitemaps.xml" "Mozilla/5.0 AppleWebKit/537.36 (KHTML, like Gecko; compatible; GPTBot/1.4; +https://openai.com/gptbot)"
74.7.227.158 - - [07/Jul/2026:03:42:50 +0200] "GET /shopping/3281251443 HTTP/2" 404 5750 "https://www.bigfreeodds.com" "Mozilla/5.0 AppleWebKit/537.36 (KHTML, like Gecko; compatible; GPTBot/1.4; +https://openai.com/gptbot)"
74.7.227.1 - - [07/Jul/2026:03:42:50 +0200] "GET /shopping/963092957 HTTP/2" 301 0 "https://www.bigfreeodds.com/sitemaps.xml" "Mozilla/5.0 AppleWebKit/537.36 (KHTML, like Gecko; compatible; GPTBot/1.4; +https://openai.com/gptbot)"
74.7.227.158 - - [07/Jul/2026:03:42:53 +0200] "GET /shopping/1640087556 HTTP/2" 404 5750 "https://www.bigfreeodds.com" "Mozilla/5.0 AppleWebKit/537.36 (KHTML, like Gecko; compatible; GPTBot/1.4; +https://openai.com/gptbot)"
74.7.227.1 - - [07/Jul/2026:03:42:53 +0200] "GET /shopping/471981173 HTTP/2" 301 0 "https://www.bigfreeodds.com/sitemaps.xml" "Mozilla/5.0 AppleWebKit/537.36 (KHTML, like Gecko; compatible; GPTBot/1.4; +https://openai.com/gptbot)"
74.7.227.158 - - [07/Jul/2026:03:42:56 +0200] "GET /shopping/4170807529 HTTP/2" 404 5750 "https://www.bigfreeodds.com" "Mozilla/5.0 AppleWebKit/537.36 (KHTML, like Gecko; compatible; GPTBot/1.4; +https://openai.com/gptbot)"
74.7.227.1 - - [07/Jul/2026:03:42:57 +0200] "GET /shopping/907324060 HTTP/2" 301 0 "https://www.bigfreeodds.com/sitemaps.xml" "Mozilla/5.0 AppleWebKit/537.36 (KHTML, like Gecko; compatible; GPTBot/1.4; +https://openai.com/gptbot)"
74.7.227.158 - - [07/Jul/2026:03:42:59 +0200] "GET /shopping/298137519 HTTP/2" 404 5750 "https://www.bigfreeodds.com" "Mozilla/5.0 AppleWebKit/537.36 (KHTML, like Gecko; compatible; GPTBot/1.4; +https://openai.com/gptbot)"
74.7.227.1 - - [07/Jul/2026:03:43:00 +0200] "GET /shopping/324833656 HTTP/2" 301 0 "https://www.bigfreeodds.com/sitemaps.xml" "Mozilla/5.0 AppleWebKit/537.36 (KHTML, like Gecko; compatible; GPTBot/1.4; +https://openai.com/gptbot)"
74.7.227.158 - - [07/Jul/2026:03:43:02 +0200] "GET /shopping/1198220749 HTTP/2" 404 5750 "https://www.bigfreeodds.com" "Mozilla/5.0 AppleWebKit/537.36 (KHTML, like Gecko; compatible; GPTBot/1.4; +https://openai.com/gptbot)"
74.7.227.1 - - [07/Jul/2026:03:43:03 +0200] "GET /shopping/277849386 HTTP/2" 301 0 "https://www.bigfreeodds.com/sitemaps.xml" "Mozilla/5.0 AppleWebKit/537.36 (KHTML, like Gecko; compatible; GPTBot/1.4; +https://openai.com/gptbot)"
74.7.227.158 - - [07/Jul/2026:03:43:05 +0200] "GET /shopping/1608219234 HTTP/2" 404 5750 "https://www.bigfreeodds.com" "Mozilla/5.0 AppleWebKit/537.36 (KHTML, like Gecko; compatible; GPTBot/1.4; +https://openai.com/gptbot)"
74.7.227.1 - - [07/Jul/2026:03:43:06 +0200] "GET /shopping/865699250 HTTP/2" 301 0 "https://www.bigfreeodds.com/sitemaps.xml" "Mozilla/5.0 AppleWebKit/537.36 (KHTML, like Gecko; compatible; GPTBot/1.4; +https://openai.com/gptbot)"
54.39.203.6 - - [07/Jul/2026:03:43:08 +0200] "GET /user/?user=7108 HTTP/2" 404 5750 "-" "Mozilla/5.0 (compatible; AhrefsBot/7.0; +http://ahrefs.com/robot/)"
74.7.227.158 - - [07/Jul/2026:03:43:08 +0200] "GET /shopping/1926862938 HTTP/2" 404 5750 "https://www.bigfreeodds.com" "Mozilla/5.0 AppleWebKit/537.36 (KHTML, like Gecko; compatible; GPTBot/1.4; +https://openai.com/gptbot)"
74.7.227.1 - - [07/Jul/2026:03:43:09 +0200] "GET /shopping/517589837 HTTP/2" 301 0 "https://www.bigfreeodds.com/sitemaps.xml" "Mozilla/5.0 AppleWebKit/537.36 (KHTML, like Gecko; compatible; GPTBot/1.4; +https://openai.com/gptbot)"
74.7.227.158 - - [07/Jul/2026:03:43:12 +0200] "GET /shopping/3050939682 HTTP/2" 404 5750 "https://www.bigfreeodds.com" "Mozilla/5.0 AppleWebKit/537.36 (KHTML, like Gecko; compatible; GPTBot/1.4; +https://openai.com/gptbot)"
74.7.227.1 - - [07/Jul/2026:03:43:12 +0200] "GET /shopping/681677035 HTTP/2" 301 0 "https://www.bigfreeodds.com/sitemaps.xml" "Mozilla/5.0 AppleWebKit/537.36 (KHTML, like Gecko; compatible; GPTBot/1.4; +https://openai.com/gptbot)"
104.164.106.83 - - [07/Jul/2026:03:43:15 +0200] "GET /netherlands-eerste-divisie/ HTTP/2" 404 21467 "-" "Mozilla/5.0 (Macintosh; Intel Mac OS X 10_15_7) AppleWebKit/537.36 (KHTML, like Gecko) Chrome/148.0.0.0 Safari/537.36"
74.7.227.158 - - [07/Jul/2026:03:43:15 +0200] "GET /shopping/4067872559 HTTP/2" 404 5750 "https://www.bigfreeodds.com" "Mozilla/5.0 AppleWebKit/537.36 (KHTML, like Gecko; compatible; GPTBot/1.4; +https://openai.com/gptbot)"
74.7.227.1 - - [07/Jul/2026:03:43:15 +0200] "GET /shopping/698424940 HTTP/2" 301 0 "https://www.bigfreeodds.com/sitemaps.xml" "Mozilla/5.0 AppleWebKit/537.36 (KHTML, like Gecko; compatible; GPTBot/1.4; +https://openai.com/gptbot)"
74.7.227.158 - - [07/Jul/2026:03:43:18 +0200] "GET /shopping/1074345089 HTTP/2" 404 5750 "https://www.bigfreeodds.com" "Mozilla/5.0 AppleWebKit/537.36 (KHTML, like Gecko; compatible; GPTBot/1.4; +https://openai.com/gptbot)"
74.7.227.1 - - [07/Jul/2026:03:43:18 +0200] "GET /shopping/518801936 HTTP/2" 301 0 "https://www.bigfreeodds.com/sitemaps.xml" "Mozilla/5.0 AppleWebKit/537.36 (KHTML, like Gecko; compatible; GPTBot/1.4; +https://openai.com/gptbot)"
74.7.227.158 - - [07/Jul/2026:03:43:21 +0200] "GET /shopping/1124706048 HTTP/2" 404 5749 "https://www.bigfreeodds.com" "Mozilla/5.0 AppleWebKit/537.36 (KHTML, like Gecko; compatible; GPTBot/1.4; +https://openai.com/gptbot)"
74.7.227.1 - - [07/Jul/2026:03:43:21 +0200] "GET /shopping/176126499 HTTP/2" 301 0 "https://www.bigfreeodds.com/sitemaps.xml" "Mozilla/5.0 AppleWebKit/537.36 (KHTML, like Gecko; compatible; GPTBot/1.4; +https://openai.com/gptbot)"
74.7.227.158 - - [07/Jul/2026:03:43:24 +0200] "GET /shopping/1865340761 HTTP/2" 404 5750 "https://www.bigfreeodds.com" "Mozilla/5.0 AppleWebKit/537.36 (KHTML, like Gecko; compatible; GPTBot/1.4; +https://openai.com/gptbot)"
74.7.227.1 - - [07/Jul/2026:03:43:25 +0200] "GET /shopping/603455415 HTTP/2" 301 0 "https://www.bigfreeodds.com/sitemaps.xml" "Mozilla/5.0 AppleWebKit/537.36 (KHTML, like Gecko; compatible; GPTBot/1.4; +https://openai.com/gptbot)"
74.7.227.158 - - [07/Jul/2026:03:43:28 +0200] "GET /shopping/3181946443 HTTP/2" 404 5750 "https://www.bigfreeodds.com" "Mozilla/5.0 AppleWebKit/537.36 (KHTML, like Gecko; compatible; GPTBot/1.4; +https://openai.com/gptbot)"
74.7.227.1 - - [07/Jul/2026:03:43:28 +0200] "GET /shopping/156347263 HTTP/2" 301 0 "https://www.bigfreeodds.com/sitemaps.xml" "Mozilla/5.0 AppleWebKit/537.36 (KHTML, like Gecko; compatible; GPTBot/1.4; +https://openai.com/gptbot)"
74.7.227.158 - - [07/Jul/2026:03:43:31 +0200] "GET /shopping/1928075053 HTTP/2" 404 5750 "https://www.bigfreeodds.com" "Mozilla/5.0 AppleWebKit/537.36 (KHTML, like Gecko; compatible; GPTBot/1.4; +https://openai.com/gptbot)"
74.7.227.1 - - [07/Jul/2026:03:43:31 +0200] "GET /shopping/421015280 HTTP/2" 301 0 "https://www.bigfreeodds.com/sitemaps.xml" "Mozilla/5.0 AppleWebKit/537.36 (KHTML, like Gecko; compatible; GPTBot/1.4; +https://openai.com/gptbot)"
74.7.227.158 - - [07/Jul/2026:03:43:34 +0200] "GET /shopping/2767359170 HTTP/2" 404 5750 "https://www.bigfreeodds.com" "Mozilla/5.0 AppleWebKit/537.36 (KHTML, like Gecko; compatible; GPTBot/1.4; +https://openai.com/gptbot)"
74.7.227.1 - - [07/Jul/2026:03:43:34 +0200] "GET /shopping/720368782 HTTP/2" 301 0 "https://www.bigfreeodds.com/sitemaps.xml" "Mozilla/5.0 AppleWebKit/537.36 (KHTML, like Gecko; compatible; GPTBot/1.4; +https://openai.com/gptbot)"
74.7.227.158 - - [07/Jul/2026:03:43:37 +0200] "GET /shopping/3508276305 HTTP/2" 404 5750 "https://www.bigfreeodds.com" "Mozilla/5.0 AppleWebKit/537.36 (KHTML, like Gecko; compatible; GPTBot/1.4; +https://openai.com/gptbot)"
74.7.227.1 - - [07/Jul/2026:03:43:37 +0200] "GET /shopping/709815584 HTTP/2" 301 0 "https://www.bigfreeodds.com/sitemaps.xml" "Mozilla/5.0 AppleWebKit/537.36 (KHTML, like Gecko; compatible; GPTBot/1.4; +https://openai.com/gptbot)"
74.7.227.158 - - [07/Jul/2026:03:43:40 +0200] "GET /shopping/3452948819 HTTP/2" 404 5750 "https://www.bigfreeodds.com" "Mozilla/5.0 AppleWebKit/537.36 (KHTML, like Gecko; compatible; GPTBot/1.4; +https://openai.com/gptbot)"
74.7.227.1 - - [07/Jul/2026:03:43:41 +0200] "GET /shopping/700589514 HTTP/2" 301 0 "https://www.bigfreeodds.com/sitemaps.xml" "Mozilla/5.0 AppleWebKit/537.36 (KHTML, like Gecko; compatible; GPTBot/1.4; +https://openai.com/gptbot)"
74.7.227.158 - - [07/Jul/2026:03:43:43 +0200] "GET /shopping/1245419203 HTTP/2" 404 5750 "https://www.bigfreeodds.com" "Mozilla/5.0 AppleWebKit/537.36 (KHTML, like Gecko; compatible; GPTBot/1.4; +https://openai.com/gptbot)"
74.7.227.1 - - [07/Jul/2026:03:43:44 +0200] "GET /shopping/642492504 HTTP/2" 301 0 "https://www.bigfreeodds.com/sitemaps.xml" "Mozilla/5.0 AppleWebKit/537.36 (KHTML, like Gecko; compatible; GPTBot/1.4; +https://openai.com/gptbot)"
74.7.227.158 - - [07/Jul/2026:03:43:46 +0200] "GET /shopping/1494896756 HTTP/2" 404 5750 "https://www.bigfreeodds.com" "Mozilla/5.0 AppleWebKit/537.36 (KHTML, like Gecko; compatible; GPTBot/1.4; +https://openai.com/gptbot)"
74.7.227.1 - - [07/Jul/2026:03:43:47 +0200] "GET /shopping/522178625 HTTP/2" 301 0 "https://www.bigfreeodds.com/sitemaps.xml" "Mozilla/5.0 AppleWebKit/537.36 (KHTML, like Gecko; compatible; GPTBot/1.4; +https://openai.com/gptbot)"
74.7.227.1 - - [07/Jul/2026:03:43:50 +0200] "GET /shopping/103002548 HTTP/2" 301 0 "https://www.bigfreeodds.com/sitemaps.xml" "Mozilla/5.0 AppleWebKit/537.36 (KHTML, like Gecko; compatible; GPTBot/1.4; +https://openai.com/gptbot)"
74.7.227.158 - - [07/Jul/2026:03:43:50 +0200] "GET /shopping/1055078710 HTTP/2" 404 5750 "https://www.bigfreeodds.com" "Mozilla/5.0 AppleWebKit/537.36 (KHTML, like Gecko; compatible; GPTBot/1.4; +https://openai.com/gptbot)"
74.7.227.1 - - [07/Jul/2026:03:43:53 +0200] "GET /shopping/514213148 HTTP/2" 301 0 "https://www.bigfreeodds.com/sitemaps.xml" "Mozilla/5.0 AppleWebKit/537.36 (KHTML, like Gecko; compatible; GPTBot/1.4; +https://openai.com/gptbot)"
74.7.227.158 - - [07/Jul/2026:03:43:53 +0200] "GET /shopping/2125583513 HTTP/2" 404 5750 "https://www.bigfreeodds.com" "Mozilla/5.0 AppleWebKit/537.36 (KHTML, like Gecko; compatible; GPTBot/1.4; +https://openai.com/gptbot)"
74.7.227.1 - - [07/Jul/2026:03:43:56 +0200] "GET /shopping/703013728 HTTP/2" 301 0 "https://www.bigfreeodds.com/sitemaps.xml" "Mozilla/5.0 AppleWebKit/537.36 (KHTML, like Gecko; compatible; GPTBot/1.4; +https://openai.com/gptbot)"
74.7.227.158 - - [07/Jul/2026:03:43:56 +0200] "GET /shopping/2231082380 HTTP/2" 404 5750 "https://www.bigfreeodds.com" "Mozilla/5.0 AppleWebKit/537.36 (KHTML, like Gecko; compatible; GPTBot/1.4; +https://openai.com/gptbot)"
74.7.227.1 - - [07/Jul/2026:03:43:59 +0200] "GET /shopping/748015227 HTTP/2" 301 0 "https://www.bigfreeodds.com/sitemaps.xml" "Mozilla/5.0 AppleWebKit/537.36 (KHTML, like Gecko; compatible; GPTBot/1.4; +https://openai.com/gptbot)"
74.7.227.158 - - [07/Jul/2026:03:44:00 +0200] "GET /shopping/3153251422 HTTP/2" 404 5750 "https://www.bigfreeodds.com" "Mozilla/5.0 AppleWebKit/537.36 (KHTML, like Gecko; compatible; GPTBot/1.4; +https://openai.com/gptbot)"
74.7.227.1 - - [07/Jul/2026:03:44:02 +0200] "GET /shopping/107591336 HTTP/2" 301 0 "https://www.bigfreeodds.com/sitemaps.xml" "Mozilla/5.0 AppleWebKit/537.36 (KHTML, like Gecko; compatible; GPTBot/1.4; +https://openai.com/gptbot)"
74.7.227.158 - - [07/Jul/2026:03:44:03 +0200] "GET /shopping/3437576536 HTTP/2" 404 5750 "https://www.bigfreeodds.com" "Mozilla/5.0 AppleWebKit/537.36 (KHTML, like Gecko; compatible; GPTBot/1.4; +https://openai.com/gptbot)"
74.7.227.1 - - [07/Jul/2026:03:44:05 +0200] "GET /shopping/441910546 HTTP/2" 301 0 "https://www.bigfreeodds.com/sitemaps.xml" "Mozilla/5.0 AppleWebKit/537.36 (KHTML, like Gecko; compatible; GPTBot/1.4; +https://openai.com/gptbot)"
74.7.227.158 - - [07/Jul/2026:03:44:06 +0200] "GET /shopping/1244207120 HTTP/2" 404 5750 "https://www.bigfreeodds.com" "Mozilla/5.0 AppleWebKit/537.36 (KHTML, like Gecko; compatible; GPTBot/1.4; +https://openai.com/gptbot)"
74.7.227.1 - - [07/Jul/2026:03:44:08 +0200] "GET /shopping/775923463 HTTP/2" 301 0 "https://www.bigfreeodds.com/sitemaps.xml" "Mozilla/5.0 AppleWebKit/537.36 (KHTML, like Gecko; compatible; GPTBot/1.4; +https://openai.com/gptbot)"
74.7.227.158 - - [07/Jul/2026:03:44:09 +0200] "GET /shopping/4143551834 HTTP/2" 404 5750 "https://www.bigfreeodds.com" "Mozilla/5.0 AppleWebKit/537.36 (KHTML, like Gecko; compatible; GPTBot/1.4; +https://openai.com/gptbot)"
74.7.227.1 - - [07/Jul/2026:03:44:11 +0200] "GET /shopping/476569961 HTTP/2" 301 0 "https://www.bigfreeodds.com/sitemaps.xml" "Mozilla/5.0 AppleWebKit/537.36 (KHTML, like Gecko; compatible; GPTBot/1.4; +https://openai.com/gptbot)"
74.7.227.158 - - [07/Jul/2026:03:44:12 +0200] "GET /shopping/2729159511 HTTP/2" 404 5750 "https://www.bigfreeodds.com" "Mozilla/5.0 AppleWebKit/537.36 (KHTML, like Gecko; compatible; GPTBot/1.4; +https://openai.com/gptbot)"
74.7.227.1 - - [07/Jul/2026:03:44:14 +0200] "GET /shopping/941756248 HTTP/2" 301 0 "https://www.bigfreeodds.com/sitemaps.xml" "Mozilla/5.0 AppleWebKit/537.36 (KHTML, like Gecko; compatible; GPTBot/1.4; +https://openai.com/gptbot)"
74.7.227.158 - - [07/Jul/2026:03:44:15 +0200] "GET /shopping/2169726796 HTTP/2" 404 5750 "https://www.bigfreeodds.com" "Mozilla/5.0 AppleWebKit/537.36 (KHTML, like Gecko; compatible; GPTBot/1.4; +https://openai.com/gptbot)"
74.7.227.1 - - [07/Jul/2026:03:44:18 +0200] "GET /shopping/243580721 HTTP/2" 301 0 "https://www.bigfreeodds.com/sitemaps.xml" "Mozilla/5.0 AppleWebKit/537.36 (KHTML, like Gecko; compatible; GPTBot/1.4; +https://openai.com/gptbot)"
74.7.227.158 - - [07/Jul/2026:03:44:19 +0200] "GET /shopping/3853236256 HTTP/2" 404 5750 "https://www.bigfreeodds.com" "Mozilla/5.0 AppleWebKit/537.36 (KHTML, like Gecko; compatible; GPTBot/1.4; +https://openai.com/gptbot)"
74.7.227.1 - - [07/Jul/2026:03:44:21 +0200] "GET /shopping/637903716 HTTP/2" 301 0 "https://www.bigfreeodds.com/sitemaps.xml" "Mozilla/5.0 AppleWebKit/537.36 (KHTML, like Gecko; compatible; GPTBot/1.4; +https://openai.com/gptbot)"
74.7.227.158 - - [07/Jul/2026:03:44:22 +0200] "GET /shopping/2928832593 HTTP/2" 404 5750 "https://www.bigfreeodds.com" "Mozilla/5.0 AppleWebKit/537.36 (KHTML, like Gecko; compatible; GPTBot/1.4; +https://openai.com/gptbot)"
74.7.227.1 - - [07/Jul/2026:03:44:24 +0200] "GET /shopping/462035124 HTTP/2" 301 0 "https://www.bigfreeodds.com/sitemaps.xml" "Mozilla/5.0 AppleWebKit/537.36 (KHTML, like Gecko; compatible; GPTBot/1.4; +https://openai.com/gptbot)"
74.7.227.158 - - [07/Jul/2026:03:44:25 +0200] "GET /shopping/1571951669 HTTP/2" 404 5750 "https://www.bigfreeodds.com" "Mozilla/5.0 AppleWebKit/537.36 (KHTML, like Gecko; compatible; GPTBot/1.4; +https://openai.com/gptbot)"
74.7.227.1 - - [07/Jul/2026:03:44:27 +0200] "GET /shopping/502658965 HTTP/2" 301 0 "https://www.bigfreeodds.com/sitemaps.xml" "Mozilla/5.0 AppleWebKit/537.36 (KHTML, like Gecko; compatible; GPTBot/1.4; +https://openai.com/gptbot)"
74.7.227.158 - - [07/Jul/2026:03:44:28 +0200] "GET /shopping/2130172317 HTTP/2" 404 5750 "https://www.bigfreeodds.com" "Mozilla/5.0 AppleWebKit/537.36 (KHTML, like Gecko; compatible; GPTBot/1.4; +https://openai.com/gptbot)"
74.7.227.1 - - [07/Jul/2026:03:44:30 +0200] "GET /shopping/353692200 HTTP/2" 301 0 "https://www.bigfreeodds.com/sitemaps.xml" "Mozilla/5.0 AppleWebKit/537.36 (KHTML, like Gecko; compatible; GPTBot/1.4; +https://openai.com/gptbot)"
74.7.227.158 - - [07/Jul/2026:03:44:31 +0200] "GET /shopping/4173231743 HTTP/2" 404 5750 "https://www.bigfreeodds.com" "Mozilla/5.0 AppleWebKit/537.36 (KHTML, like Gecko; compatible; GPTBot/1.4; +https://openai.com/gptbot)"
74.7.227.1 - - [07/Jul/2026:03:44:33 +0200] "GET /shopping/136059130 HTTP/2" 301 0 "https://www.bigfreeodds.com/sitemaps.xml" "Mozilla/5.0 AppleWebKit/537.36 (KHTML, like Gecko; compatible; GPTBot/1.4; +https://openai.com/gptbot)"
74.7.227.158 - - [07/Jul/2026:03:44:34 +0200] "GET /shopping/2390391213 HTTP/2" 404 5750 "https://www.bigfreeodds.com" "Mozilla/5.0 AppleWebKit/537.36 (KHTML, like Gecko; compatible; GPTBot/1.4; +https://openai.com/gptbot)"
74.7.227.1 - - [07/Jul/2026:03:44:36 +0200] "GET /shopping/979235896 HTTP/2" 301 0 "https://www.bigfreeodds.com/sitemaps.xml" "Mozilla/5.0 AppleWebKit/537.36 (KHTML, like Gecko; compatible; GPTBot/1.4; +https://openai.com/gptbot)"
74.7.227.158 - - [07/Jul/2026:03:44:37 +0200] "GET /shopping/2907937327 HTTP/2" 404 5750 "https://www.bigfreeodds.com" "Mozilla/5.0 AppleWebKit/537.36 (KHTML, like Gecko; compatible; GPTBot/1.4; +https://openai.com/gptbot)"
74.7.227.1 - - [07/Jul/2026:03:44:39 +0200] "GET /shopping/443122629 HTTP/2" 301 0 "https://www.bigfreeodds.com/sitemaps.xml" "Mozilla/5.0 AppleWebKit/537.36 (KHTML, like Gecko; compatible; GPTBot/1.4; +https://openai.com/gptbot)"
74.7.227.158 - - [07/Jul/2026:03:44:41 +0200] "GET /shopping/3558030099 HTTP/2" 404 5750 "https://www.bigfreeodds.com" "Mozilla/5.0 AppleWebKit/537.36 (KHTML, like Gecko; compatible; GPTBot/1.4; +https://openai.com/gptbot)"
74.7.227.1 - - [07/Jul/2026:03:44:43 +0200] "GET /shopping/550670274 HTTP/2" 301 0 "https://www.bigfreeodds.com/sitemaps.xml" "Mozilla/5.0 AppleWebKit/537.36 (KHTML, like Gecko; compatible; GPTBot/1.4; +https://openai.com/gptbot)"
74.7.227.158 - - [07/Jul/2026:03:44:44 +0200] "GET /shopping/2887812733 HTTP/2" 404 5750 "https://www.bigfreeodds.com" "Mozilla/5.0 AppleWebKit/537.36 (KHTML, like Gecko; compatible; GPTBot/1.4; +https://openai.com/gptbot)"
74.7.227.1 - - [07/Jul/2026:03:44:46 +0200] "GET /shopping/280437107 HTTP/2" 301 0 "https://www.bigfreeodds.com/sitemaps.xml" "Mozilla/5.0 AppleWebKit/537.36 (KHTML, like Gecko; compatible; GPTBot/1.4; +https://openai.com/gptbot)"
74.7.227.158 - - [07/Jul/2026:03:44:47 +0200] "GET /shopping/1577541442 HTTP/2" 404 5750 "https://www.bigfreeodds.com" "Mozilla/5.0 AppleWebKit/537.36 (KHTML, like Gecko; compatible; GPTBot/1.4; +https://openai.com/gptbot)"
74.7.227.1 - - [07/Jul/2026:03:44:49 +0200] "GET /shopping/790247186 HTTP/2" 301 0 "https://www.bigfreeodds.com/sitemaps.xml" "Mozilla/5.0 AppleWebKit/537.36 (KHTML, like Gecko; compatible; GPTBot/1.4; +https://openai.com/gptbot)"
74.7.227.158 - - [07/Jul/2026:03:44:50 +0200] "GET /shopping/1121329359 HTTP/2" 404 5750 "https://www.bigfreeodds.com" "Mozilla/5.0 AppleWebKit/537.36 (KHTML, like Gecko; compatible; GPTBot/1.4; +https://openai.com/gptbot)"
74.7.227.1 - - [07/Jul/2026:03:44:52 +0200] "GET /shopping/960668743 HTTP/2" 301 0 "https://www.bigfreeodds.com/sitemaps.xml" "Mozilla/5.0 AppleWebKit/537.36 (KHTML, like Gecko; compatible; GPTBot/1.4; +https://openai.com/gptbot)"
74.7.227.158 - - [07/Jul/2026:03:44:53 +0200] "GET /shopping/3190123921 HTTP/2" 404 5750 "https://www.bigfreeodds.com" "Mozilla/5.0 AppleWebKit/537.36 (KHTML, like Gecko; compatible; GPTBot/1.4; +https://openai.com/gptbot)"
74.7.227.1 - - [07/Jul/2026:03:44:55 +0200] "GET /shopping/137434768 HTTP/2" 301 0 "https://www.bigfreeodds.com/sitemaps.xml" "Mozilla/5.0 AppleWebKit/537.36 (KHTML, like Gecko; compatible; GPTBot/1.4; +https://openai.com/gptbot)"
74.7.227.158 - - [07/Jul/2026:03:44:56 +0200] "GET /shopping/3676926237 HTTP/2" 404 5750 "https://www.bigfreeodds.com" "Mozilla/5.0 AppleWebKit/537.36 (KHTML, like Gecko; compatible; GPTBot/1.4; +https://openai.com/gptbot)"
74.7.227.1 - - [07/Jul/2026:03:44:58 +0200] "GET /shopping/330798082 HTTP/2" 301 0 "https://www.bigfreeodds.com/sitemaps.xml" "Mozilla/5.0 AppleWebKit/537.36 (KHTML, like Gecko; compatible; GPTBot/1.4; +https://openai.com/gptbot)"
74.7.227.158 - - [07/Jul/2026:03:44:59 +0200] "GET /shopping/2842811234 HTTP/2" 404 5750 "https://www.bigfreeodds.com" "Mozilla/5.0 AppleWebKit/537.36 (KHTML, like Gecko; compatible; GPTBot/1.4; +https://openai.com/gptbot)"
104.164.106.71 - - [07/Jul/2026:03:25:55 +0200] "GET /france-trophy-des-champions/ HTTP/2" 404 21467 "-" "Mozilla/5.0 (Macintosh; Intel Mac OS X 10_15_7) AppleWebKit/537.36 (KHTML, like Gecko) Chrome/148.0.0.0 Safari/537.36"
9.249.87.82 - - [07/Jul/2026:03:26:34 +0200] "GET /login/ HTTP/2" 200 22582 "-" "Mozilla/5.0 (Macintosh; Intel Mac OS X 10_15_7) AppleWebKit/537.36 (KHTML, like Gecko) Chrome/148.0.0.0 Safari/537.36"
104.164.106.88 - - [07/Jul/2026:03:28:10 +0200] "GET /membership-account/membership-billing/ HTTP/2" 404 21467 "-" "Mozilla/5.0 (Macintosh; Intel Mac OS X 10_15_7) AppleWebKit/537.36 (KHTML, like Gecko) Chrome/148.0.0.0 Safari/537.36"
114.119.149.199 - - [07/Jul/2026:03:28:29 +0200] "GET /shopping/524782630 HTTP/1.1" 404 5750 "https://bigfreeodds.com/sitemap.xml" "Mozilla/5.0 (Linux; Android 7.0;) AppleWebKit/537.36 (HTML, like Gecko) Mobile Safari/537.36 (compatible; PetalBot;+https://webmaster.petalsearch.com/site/petalbot)"
114.119.153.15 - - [07/Jul/2026:03:29:51 +0200] "GET /shopping/511671038 HTTP/1.1" 404 5750 "https://bigfreeodds.com/sitemap.xml" "Mozilla/5.0 (Linux; Android 7.0;) AppleWebKit/537.36 (HTML, like Gecko) Mobile Safari/537.36 (compatible; PetalBot;+https://webmaster.petalsearch.com/site/petalbot)"
15.235.27.58 - - [07/Jul/2026:03:30:55 +0200] "GET /sitemap.xml HTTP/2" 200 12218 "-" "Mozilla/5.0 (compatible; AhrefsBot/7.0; +http://ahrefs.com/robot/)"
104.164.106.25 - - [07/Jul/2026:03:32:38 +0200] "GET /membership-account/membership-orders/ HTTP/2" 404 21467 "-" "Mozilla/5.0 (Macintosh; Intel Mac OS X 10_15_7) AppleWebKit/537.36 (KHTML, like Gecko) Chrome/148.0.0.0 Safari/537.36"
114.119.153.15 - - [07/Jul/2026:03:32:38 +0200] "GET /shopping/509246824 HTTP/1.1" 404 5750 "https://bigfreeodds.com/sitemap.xml" "Mozilla/5.0 (Linux; Android 7.0;) AppleWebKit/537.36 (HTML, like Gecko) Mobile Safari/537.36 (compatible; PetalBot;+https://webmaster.petalsearch.com/site/petalbot)"
114.119.148.174 - - [07/Jul/2026:03:34:03 +0200] "GET /shopping/508034725 HTTP/1.1" 404 5750 "https://bigfreeodds.com/sitemap.xml" "Mozilla/5.0 (Linux; Android 7.0;) AppleWebKit/537.36 (HTML, like Gecko) Mobile Safari/537.36 (compatible; PetalBot;+https://webmaster.petalsearch.com/site/petalbot)"
142.44.228.110 - - [07/Jul/2026:03:35:24 +0200] "GET /devi-soltanto-prendere-la-autenticazione-del-somma-inganno-inviando-il-tuo-documento-didentita/ HTTP/2" 301 0 "-" "Mozilla/5.0 (compatible; AhrefsBot/7.0; +http://ahrefs.com/robot/)"
114.119.146.98 - - [07/Jul/2026:03:35:26 +0200] "GET /shopping/507082234 HTTP/1.1" 404 5750 "https://bigfreeodds.com/sitemap.xml" "Mozilla/5.0 (Linux; Android 7.0;) AppleWebKit/537.36 (HTML, like Gecko) Mobile Safari/537.36 (compatible; PetalBot;+https://webmaster.petalsearch.com/site/petalbot)"
104.164.106.35 - - [07/Jul/2026:03:38:14 +0200] "GET /membership-checkout/ HTTP/2" 404 21467 "-" "Mozilla/5.0 (Macintosh; Intel Mac OS X 10_15_7) AppleWebKit/537.36 (KHTML, like Gecko) Chrome/148.0.0.0 Safari/537.36"
198.251.83.106 - - [07/Jul/2026:03:39:57 +0200] "POST /wp-cron.php?doing_wp_cron=1783388396.7662489414215087890625 HTTP/1.1" 200 0 "-" "WordPress/7.0; https://bigfreeodds.com"
114.119.130.248 - - [07/Jul/2026:03:42:24 +0200] "GET /shopping/494315984 HTTP/1.1" 404 5750 "https://bigfreeodds.com/sitemap.xml" "Mozilla/5.0 (Linux; Android 7.0;) AppleWebKit/537.36 (HTML, like Gecko) Mobile Safari/537.36 (compatible; PetalBot;+https://webmaster.petalsearch.com/site/petalbot)"
114.119.146.98 - - [07/Jul/2026:03:43:47 +0200] "GET /shopping/493103885 HTTP/1.1" 404 5750 "https://bigfreeodds.com/sitemap.xml" "Mozilla/5.0 (Linux; Android 7.0;) AppleWebKit/537.36 (HTML, like Gecko) Mobile Safari/537.36 (compatible; PetalBot;+https://webmaster.petalsearch.com/site/petalbot)"
108.61.209.179 - - [07/Jul/2026:03:45:07 +0200] "POST /wp.php HTTP/1.1" 404 5750 "-" "Mozilla/5.0 (iPhone; CPU OS 26_3_1 like Mac OS X) AppleWebKit/605.1.15 (KHTML, like Gecko) Version/26.2 Mobile/14E304 Safari/605.1.15"
74.7.227.1 - - [07/Jul/2026:03:45:02 +0200] "GET /shopping/577366427 HTTP/2" 301 0 "https://www.bigfreeodds.com/sitemaps.xml" "Mozilla/5.0 AppleWebKit/537.36 (KHTML, like Gecko; compatible; GPTBot/1.4; +https://openai.com/gptbot)"
74.7.227.158 - - [07/Jul/2026:03:45:03 +0200] "GET /shopping/4124821158 HTTP/2" 404 5750 "https://www.bigfreeodds.com" "Mozilla/5.0 AppleWebKit/537.36 (KHTML, like Gecko; compatible; GPTBot/1.4; +https://openai.com/gptbot)"
74.7.227.1 - - [07/Jul/2026:03:45:05 +0200] "GET /shopping/823467291 HTTP/2" 301 0 "https://www.bigfreeodds.com/sitemaps.xml" "Mozilla/5.0 AppleWebKit/537.36 (KHTML, like Gecko; compatible; GPTBot/1.4; +https://openai.com/gptbot)"
74.7.227.158 - - [07/Jul/2026:03:45:06 +0200] "GET /shopping/1086110386 HTTP/2" 404 5750 "https://www.bigfreeodds.com" "Mozilla/5.0 AppleWebKit/537.36 (KHTML, like Gecko; compatible; GPTBot/1.4; +https://openai.com/gptbot)"
74.7.227.1 - - [07/Jul/2026:03:45:08 +0200] "GET /shopping/621597238 HTTP/2" 301 0 "https://www.bigfreeodds.com/sitemaps.xml" "Mozilla/5.0 AppleWebKit/537.36 (KHTML, like Gecko; compatible; GPTBot/1.4; +https://openai.com/gptbot)"
74.7.227.158 - - [07/Jul/2026:03:45:09 +0200] "GET /shopping/2771947942 HTTP/2" 404 5750 "https://www.bigfreeodds.com" "Mozilla/5.0 AppleWebKit/537.36 (KHTML, like Gecko; compatible; GPTBot/1.4; +https://openai.com/gptbot)"
74.7.227.1 - - [07/Jul/2026:03:45:11 +0200] "GET /shopping/129091568 HTTP/2" 301 0 "https://www.bigfreeodds.com/sitemaps.xml" "Mozilla/5.0 AppleWebKit/537.36 (KHTML, like Gecko; compatible; GPTBot/1.4; +https://openai.com/gptbot)"
74.7.227.158 - - [07/Jul/2026:03:45:12 +0200] "GET /shopping/3266927736 HTTP/2" 404 5750 "https://www.bigfreeodds.com" "Mozilla/5.0 AppleWebKit/537.36 (KHTML, like Gecko; compatible; GPTBot/1.4; +https://openai.com/gptbot)"
74.7.227.1 - - [07/Jul/2026:03:45:14 +0200] "GET /shopping/785658398 HTTP/2" 301 0 "https://www.bigfreeodds.com/sitemaps.xml" "Mozilla/5.0 AppleWebKit/537.36 (KHTML, like Gecko; compatible; GPTBot/1.4; +https://openai.com/gptbot)"
74.7.227.158 - - [07/Jul/2026:03:45:15 +0200] "GET /shopping/2175527667 HTTP/2" 404 5750 "https://www.bigfreeodds.com" "Mozilla/5.0 AppleWebKit/537.36 (KHTML, like Gecko; compatible; GPTBot/1.4; +https://openai.com/gptbot)"
74.7.227.1 - - [07/Jul/2026:03:45:17 +0200] "GET /shopping/591690118 HTTP/2" 301 0 "https://www.bigfreeodds.com/sitemaps.xml" "Mozilla/5.0 AppleWebKit/537.36 (KHTML, like Gecko; compatible; GPTBot/1.4; +https://openai.com/gptbot)"
74.7.227.158 - - [07/Jul/2026:03:45:18 +0200] "GET /shopping/1887055177 HTTP/2" 404 5750 "https://www.bigfreeodds.com" "Mozilla/5.0 AppleWebKit/537.36 (KHTML, like Gecko; compatible; GPTBot/1.4; +https://openai.com/gptbot)"
74.7.227.1 - - [07/Jul/2026:03:45:20 +0200] "GET /shopping/646032732 HTTP/2" 301 0 "https://www.bigfreeodds.com/sitemaps.xml" "Mozilla/5.0 AppleWebKit/537.36 (KHTML, like Gecko; compatible; GPTBot/1.4; +https://openai.com/gptbot)"
74.7.227.158 - - [07/Jul/2026:03:45:22 +0200] "GET /shopping/1300203244 HTTP/2" 404 5750 "https://www.bigfreeodds.com" "Mozilla/5.0 AppleWebKit/537.36 (KHTML, like Gecko; compatible; GPTBot/1.4; +https://openai.com/gptbot)"
74.7.227.1 - - [07/Jul/2026:03:45:24 +0200] "GET /shopping/819927063 HTTP/2" 301 0 "https://www.bigfreeodds.com/sitemaps.xml" "Mozilla/5.0 AppleWebKit/537.36 (KHTML, like Gecko; compatible; GPTBot/1.4; +https://openai.com/gptbot)"
74.7.227.158 - - [07/Jul/2026:03:45:25 +0200] "GET /shopping/1105022881 HTTP/2" 404 5750 "https://www.bigfreeodds.com" "Mozilla/5.0 AppleWebKit/537.36 (KHTML, like Gecko; compatible; GPTBot/1.4; +https://openai.com/gptbot)"
74.7.227.1 - - [07/Jul/2026:03:45:27 +0200] "GET /shopping/101626942 HTTP/2" 301 0 "https://www.bigfreeodds.com/sitemaps.xml" "Mozilla/5.0 AppleWebKit/537.36 (KHTML, like Gecko; compatible; GPTBot/1.4; +https://openai.com/gptbot)"
74.7.227.158 - - [07/Jul/2026:03:45:28 +0200] "GET /shopping/3634694262 HTTP/2" 404 5750 "https://www.bigfreeodds.com" "Mozilla/5.0 AppleWebKit/537.36 (KHTML, like Gecko; compatible; GPTBot/1.4; +https://openai.com/gptbot)"
74.7.227.1 - - [07/Jul/2026:03:45:30 +0200] "GET /shopping/682889134 HTTP/2" 301 0 "https://www.bigfreeodds.com/sitemaps.xml" "Mozilla/5.0 AppleWebKit/537.36 (KHTML, like Gecko; compatible; GPTBot/1.4; +https://openai.com/gptbot)"
74.7.227.158 - - [07/Jul/2026:03:45:31 +0200] "GET /shopping/1662194921 HTTP/2" 404 5749 "https://www.bigfreeodds.com" "Mozilla/5.0 AppleWebKit/537.36 (KHTML, like Gecko; compatible; GPTBot/1.4; +https://openai.com/gptbot)"
74.7.227.1 - - [07/Jul/2026:03:45:33 +0200] "GET /shopping/938001852 HTTP/2" 301 0 "https://www.bigfreeodds.com/sitemaps.xml" "Mozilla/5.0 AppleWebKit/537.36 (KHTML, like Gecko; compatible; GPTBot/1.4; +https://openai.com/gptbot)"
74.7.227.158 - - [07/Jul/2026:03:45:34 +0200] "GET /shopping/1864128662 HTTP/2" 404 5750 "https://www.bigfreeodds.com" "Mozilla/5.0 AppleWebKit/537.36 (KHTML, like Gecko; compatible; GPTBot/1.4; +https://openai.com/gptbot)"
74.7.227.1 - - [07/Jul/2026:03:45:36 +0200] "GET /shopping/846786739 HTTP/2" 301 0 "https://www.bigfreeodds.com/sitemaps.xml" "Mozilla/5.0 AppleWebKit/537.36 (KHTML, like Gecko; compatible; GPTBot/1.4; +https://openai.com/gptbot)"
74.7.227.158 - - [07/Jul/2026:03:45:37 +0200] "GET /shopping/3585331218 HTTP/2" 404 5750 "https://www.bigfreeodds.com" "Mozilla/5.0 AppleWebKit/537.36 (KHTML, like Gecko; compatible; GPTBot/1.4; +https://openai.com/gptbot)"
74.7.227.1 - - [07/Jul/2026:03:45:39 +0200] "GET /shopping/561223472 HTTP/2" 301 0 "https://www.bigfreeodds.com/sitemaps.xml" "Mozilla/5.0 AppleWebKit/537.36 (KHTML, like Gecko; compatible; GPTBot/1.4; +https://openai.com/gptbot)"
74.7.227.158 - - [07/Jul/2026:03:45:41 +0200] "GET /shopping/1511203250 HTTP/2" 404 5750 "https://www.bigfreeodds.com" "Mozilla/5.0 AppleWebKit/537.36 (KHTML, like Gecko; compatible; GPTBot/1.4; +https://openai.com/gptbot)"
74.7.227.1 - - [07/Jul/2026:03:45:42 +0200] "GET /shopping/874269677 HTTP/2" 301 0 "https://www.bigfreeodds.com/sitemaps.xml" "Mozilla/5.0 AppleWebKit/537.36 (KHTML, like Gecko; compatible; GPTBot/1.4; +https://openai.com/gptbot)"
74.7.227.158 - - [07/Jul/2026:03:45:44 +0200] "GET /shopping/1841068806 HTTP/2" 404 5750 "https://www.bigfreeodds.com" "Mozilla/5.0 AppleWebKit/537.36 (KHTML, like Gecko; compatible; GPTBot/1.4; +https://openai.com/gptbot)"
98.94.98.248 - - [07/Jul/2026:03:45:44 +0200] "GET / HTTP/1.1" 200 27624 "-" "Mozilla/5.0 (X11; Linux x86_64) AppleWebKit/537.36 (KHTML, like Gecko) Chrome/58.0.3029.110 Safari/537.36"
74.7.227.1 - - [07/Jul/2026:03:45:46 +0200] "GET /shopping/108803451 HTTP/2" 301 0 "https://www.bigfreeodds.com/sitemaps.xml" "Mozilla/5.0 AppleWebKit/537.36 (KHTML, like Gecko; compatible; GPTBot/1.4; +https://openai.com/gptbot)"
74.7.227.158 - - [07/Jul/2026:03:45:47 +0200] "GET /shopping/1127130230 HTTP/2" 404 5750 "https://www.bigfreeodds.com" "Mozilla/5.0 AppleWebKit/537.36 (KHTML, like Gecko; compatible; GPTBot/1.4; +https://openai.com/gptbot)"
74.7.227.1 - - [07/Jul/2026:03:45:49 +0200] "GET /shopping/283813796 HTTP/2" 301 0 "https://www.bigfreeodds.com/sitemaps.xml" "Mozilla/5.0 AppleWebKit/537.36 (KHTML, like Gecko; compatible; GPTBot/1.4; +https://openai.com/gptbot)"
74.7.227.158 - - [07/Jul/2026:03:45:50 +0200] "GET /shopping/1323263100 HTTP/2" 404 5750 "https://www.bigfreeodds.com" "Mozilla/5.0 AppleWebKit/537.36 (KHTML, like Gecko; compatible; GPTBot/1.4; +https://openai.com/gptbot)"
74.7.227.1 - - [07/Jul/2026:03:45:52 +0200] "GET /shopping/255346018 HTTP/2" 301 0 "https://www.bigfreeodds.com/sitemaps.xml" "Mozilla/5.0 AppleWebKit/537.36 (KHTML, like Gecko; compatible; GPTBot/1.4; +https://openai.com/gptbot)"
74.7.227.158 - - [07/Jul/2026:03:45:53 +0200] "GET /shopping/3387822726 HTTP/2" 404 5750 "https://www.bigfreeodds.com" "Mozilla/5.0 AppleWebKit/537.36 (KHTML, like Gecko; compatible; GPTBot/1.4; +https://openai.com/gptbot)"
74.7.227.1 - - [07/Jul/2026:03:45:55 +0200] "GET /shopping/917877242 HTTP/2" 301 0 "https://www.bigfreeodds.com/sitemaps.xml" "Mozilla/5.0 AppleWebKit/537.36 (KHTML, like Gecko; compatible; GPTBot/1.4; +https://openai.com/gptbot)"
74.7.227.158 - - [07/Jul/2026:03:45:57 +0200] "GET /shopping/2464631162 HTTP/2" 404 5750 "https://www.bigfreeodds.com" "Mozilla/5.0 AppleWebKit/537.36 (KHTML, like Gecko; compatible; GPTBot/1.4; +https://openai.com/gptbot)"
74.7.227.1 - - [07/Jul/2026:03:45:58 +0200] "GET /shopping/445287219 HTTP/2" 301 0 "https://www.bigfreeodds.com/sitemaps.xml" "Mozilla/5.0 AppleWebKit/537.36 (KHTML, like Gecko; compatible; GPTBot/1.4; +https://openai.com/gptbot)"
74.7.227.158 - - [07/Jul/2026:03:46:00 +0200] "GET /shopping/2338213189 HTTP/2" 404 5750 "https://www.bigfreeodds.com" "Mozilla/5.0 AppleWebKit/537.36 (KHTML, like Gecko; compatible; GPTBot/1.4; +https://openai.com/gptbot)"
74.7.227.1 - - [07/Jul/2026:03:46:01 +0200] "GET /shopping/576154312 HTTP/2" 301 0 "https://www.bigfreeodds.com/sitemaps.xml" "Mozilla/5.0 AppleWebKit/537.36 (KHTML, like Gecko; compatible; GPTBot/1.4; +https://openai.com/gptbot)"
74.7.227.158 - - [07/Jul/2026:03:46:03 +0200] "GET /shopping/1122541458 HTTP/2" 404 5750 "https://www.bigfreeodds.com" "Mozilla/5.0 AppleWebKit/537.36 (KHTML, like Gecko; compatible; GPTBot/1.4; +https://openai.com/gptbot)"
74.7.227.1 - - [07/Jul/2026:03:46:05 +0200] "GET /shopping/511788934 HTTP/2" 301 0 "https://www.bigfreeodds.com/sitemaps.xml" "Mozilla/5.0 AppleWebKit/537.36 (KHTML, like Gecko; compatible; GPTBot/1.4; +https://openai.com/gptbot)"
74.7.227.158 - - [07/Jul/2026:03:46:06 +0200] "GET /shopping/1100434093 HTTP/2" 404 5750 "https://www.bigfreeodds.com" "Mozilla/5.0 AppleWebKit/537.36 (KHTML, like Gecko; compatible; GPTBot/1.4; +https://openai.com/gptbot)"
74.7.227.1 - - [07/Jul/2026:03:46:08 +0200] "GET /shopping/864487151 HTTP/2" 301 0 "https://www.bigfreeodds.com/sitemaps.xml" "Mozilla/5.0 AppleWebKit/537.36 (KHTML, like Gecko; compatible; GPTBot/1.4; +https://openai.com/gptbot)"
74.7.227.158 - - [07/Jul/2026:03:46:09 +0200] "GET /shopping/4246486820 HTTP/2" 404 5750 "https://www.bigfreeodds.com" "Mozilla/5.0 AppleWebKit/537.36 (KHTML, like Gecko; compatible; GPTBot/1.4; +https://openai.com/gptbot)"
142.44.228.241 - - [07/Jul/2026:03:46:10 +0200] "GET /?z=2146103g3ae41 HTTP/2" 200 6748 "-" "Mozilla/5.0 (compatible; AhrefsBot/7.0; +http://ahrefs.com/robot/)"
74.7.227.1 - - [07/Jul/2026:03:46:11 +0200] "GET /shopping/965257547 HTTP/2" 301 0 "https://www.bigfreeodds.com/sitemaps.xml" "Mozilla/5.0 AppleWebKit/537.36 (KHTML, like Gecko; compatible; GPTBot/1.4; +https://openai.com/gptbot)"
74.7.227.158 - - [07/Jul/2026:03:46:12 +0200] "GET /shopping/4157875541 HTTP/2" 404 5750 "https://www.bigfreeodds.com" "Mozilla/5.0 AppleWebKit/537.36 (KHTML, like Gecko; compatible; GPTBot/1.4; +https://openai.com/gptbot)"
74.7.227.1 - - [07/Jul/2026:03:46:14 +0200] "GET /shopping/632150436 HTTP/2" 301 0 "https://www.bigfreeodds.com/sitemaps.xml" "Mozilla/5.0 AppleWebKit/537.36 (KHTML, like Gecko; compatible; GPTBot/1.4; +https://openai.com/gptbot)"
74.7.227.158 - - [07/Jul/2026:03:46:15 +0200] "GET /shopping/3431612142 HTTP/2" 404 5750 "https://www.bigfreeodds.com" "Mozilla/5.0 AppleWebKit/537.36 (KHTML, like Gecko; compatible; GPTBot/1.4; +https://openai.com/gptbot)"
74.7.227.1 - - [07/Jul/2026:03:46:17 +0200] "GET /shopping/891017582 HTTP/2" 301 0 "https://www.bigfreeodds.com/sitemaps.xml" "Mozilla/5.0 AppleWebKit/537.36 (KHTML, like Gecko; compatible; GPTBot/1.4; +https://openai.com/gptbot)"
74.7.227.158 - - [07/Jul/2026:03:46:19 +0200] "GET /shopping/3385398544 HTTP/2" 404 5750 "https://www.bigfreeodds.com" "Mozilla/5.0 AppleWebKit/537.36 (KHTML, like Gecko; compatible; GPTBot/1.4; +https://openai.com/gptbot)"
74.7.227.1 - - [07/Jul/2026:03:46:20 +0200] "GET /shopping/305921161 HTTP/2" 301 0 "https://www.bigfreeodds.com/sitemaps.xml" "Mozilla/5.0 AppleWebKit/537.36 (KHTML, like Gecko; compatible; GPTBot/1.4; +https://openai.com/gptbot)"
74.7.227.158 - - [07/Jul/2026:03:46:22 +0200] "GET /shopping/2732699739 HTTP/2" 404 5750 "https://www.bigfreeodds.com" "Mozilla/5.0 AppleWebKit/537.36 (KHTML, like Gecko; compatible; GPTBot/1.4; +https://openai.com/gptbot)"
74.7.227.1 - - [07/Jul/2026:03:46:23 +0200] "GET /shopping/629726254 HTTP/2" 301 0 "https://www.bigfreeodds.com/sitemaps.xml" "Mozilla/5.0 AppleWebKit/537.36 (KHTML, like Gecko; compatible; GPTBot/1.4; +https://openai.com/gptbot)"
74.7.227.158 - - [07/Jul/2026:03:46:25 +0200] "GET /shopping/1353106500 HTTP/2" 404 5750 "https://www.bigfreeodds.com" "Mozilla/5.0 AppleWebKit/537.36 (KHTML, like Gecko; compatible; GPTBot/1.4; +https://openai.com/gptbot)"
74.7.227.1 - - [07/Jul/2026:03:46:27 +0200] "GET /shopping/815338275 HTTP/2" 301 0 "https://www.bigfreeodds.com/sitemaps.xml" "Mozilla/5.0 AppleWebKit/537.36 (KHTML, like Gecko; compatible; GPTBot/1.4; +https://openai.com/gptbot)"
74.7.227.158 - - [07/Jul/2026:03:46:28 +0200] "GET /shopping/1154776675 HTTP/2" 404 5750 "https://www.bigfreeodds.com" "Mozilla/5.0 AppleWebKit/537.36 (KHTML, like Gecko; compatible; GPTBot/1.4; +https://openai.com/gptbot)"
74.7.227.1 - - [07/Jul/2026:03:46:30 +0200] "GET /shopping/915453044 HTTP/2" 301 0 "https://www.bigfreeodds.com/sitemaps.xml" "Mozilla/5.0 AppleWebKit/537.36 (KHTML, like Gecko; compatible; GPTBot/1.4; +https://openai.com/gptbot)"
74.7.227.158 - - [07/Jul/2026:03:46:31 +0200] "GET /shopping/3776344866 HTTP/2" 404 5750 "https://www.bigfreeodds.com" "Mozilla/5.0 AppleWebKit/537.36 (KHTML, like Gecko; compatible; GPTBot/1.4; +https://openai.com/gptbot)"
74.7.227.1 - - [07/Jul/2026:03:46:33 +0200] "GET /shopping/230814439 HTTP/2" 301 0 "https://www.bigfreeodds.com/sitemaps.xml" "Mozilla/5.0 AppleWebKit/537.36 (KHTML, like Gecko; compatible; GPTBot/1.4; +https://openai.com/gptbot)"
74.7.227.158 - - [07/Jul/2026:03:46:34 +0200] "GET /shopping/3098138136 HTTP/2" 404 5750 "https://www.bigfreeodds.com" "Mozilla/5.0 AppleWebKit/537.36 (KHTML, like Gecko; compatible; GPTBot/1.4; +https://openai.com/gptbot)"
74.7.227.1 - - [07/Jul/2026:03:46:36 +0200] "GET /shopping/374587466 HTTP/2" 301 0 "https://www.bigfreeodds.com/sitemaps.xml" "Mozilla/5.0 AppleWebKit/537.36 (KHTML, like Gecko; compatible; GPTBot/1.4; +https://openai.com/gptbot)"
74.7.227.158 - - [07/Jul/2026:03:46:37 +0200] "GET /shopping/1782648484 HTTP/2" 404 5750 "https://www.bigfreeodds.com" "Mozilla/5.0 AppleWebKit/537.36 (KHTML, like Gecko; compatible; GPTBot/1.4; +https://openai.com/gptbot)"
74.7.227.1 - - [07/Jul/2026:03:46:39 +0200] "GET /shopping/981564009 HTTP/2" 301 0 "https://www.bigfreeodds.com/sitemaps.xml" "Mozilla/5.0 AppleWebKit/537.36 (KHTML, like Gecko; compatible; GPTBot/1.4; +https://openai.com/gptbot)"
74.7.227.158 - - [07/Jul/2026:03:46:41 +0200] "GET /shopping/4092585925 HTTP/2" 404 5750 "https://www.bigfreeodds.com" "Mozilla/5.0 AppleWebKit/537.36 (KHTML, like Gecko; compatible; GPTBot/1.4; +https://openai.com/gptbot)"
74.7.227.1 - - [07/Jul/2026:03:46:43 +0200] "GET /shopping/839610230 HTTP/2" 301 0 "https://www.bigfreeodds.com/sitemaps.xml" "Mozilla/5.0 AppleWebKit/537.36 (KHTML, like Gecko; compatible; GPTBot/1.4; +https://openai.com/gptbot)"
74.7.227.158 - - [07/Jul/2026:03:46:44 +0200] "GET /shopping/3029602989 HTTP/2" 404 5750 "https://www.bigfreeodds.com" "Mozilla/5.0 AppleWebKit/537.36 (KHTML, like Gecko; compatible; GPTBot/1.4; +https://openai.com/gptbot)"
74.7.227.1 - - [07/Jul/2026:03:46:46 +0200] "GET /shopping/545917963 HTTP/2" 301 0 "https://www.bigfreeodds.com/sitemaps.xml" "Mozilla/5.0 AppleWebKit/537.36 (KHTML, like Gecko; compatible; GPTBot/1.4; +https://openai.com/gptbot)"
74.7.227.158 - - [07/Jul/2026:03:46:47 +0200] "GET /shopping/4021886188 HTTP/2" 404 5750 "https://www.bigfreeodds.com" "Mozilla/5.0 AppleWebKit/537.36 (KHTML, like Gecko; compatible; GPTBot/1.4; +https://openai.com/gptbot)"
74.7.227.1 - - [07/Jul/2026:03:46:49 +0200] "GET /shopping/398348357 HTTP/2" 301 0 "https://www.bigfreeodds.com/sitemaps.xml" "Mozilla/5.0 AppleWebKit/537.36 (KHTML, like Gecko; compatible; GPTBot/1.4; +https://openai.com/gptbot)"
74.7.227.158 - - [07/Jul/2026:03:46:50 +0200] "GET /shopping/2925292381 HTTP/2" 404 5750 "https://www.bigfreeodds.com" "Mozilla/5.0 AppleWebKit/537.36 (KHTML, like Gecko; compatible; GPTBot/1.4; +https://openai.com/gptbot)"
74.7.227.1 - - [07/Jul/2026:03:46:52 +0200] "GET /shopping/701801629 HTTP/2" 301 0 "https://www.bigfreeodds.com/sitemaps.xml" "Mozilla/5.0 AppleWebKit/537.36 (KHTML, like Gecko; compatible; GPTBot/1.4; +https://openai.com/gptbot)"
74.7.227.158 - - [07/Jul/2026:03:46:53 +0200] "GET /shopping/3606062961 HTTP/2" 404 5750 "https://www.bigfreeodds.com" "Mozilla/5.0 AppleWebKit/537.36 (KHTML, like Gecko; compatible; GPTBot/1.4; +https://openai.com/gptbot)"
74.7.227.1 - - [07/Jul/2026:03:46:55 +0200] "GET /shopping/210526338 HTTP/2" 301 0 "https://www.bigfreeodds.com/sitemaps.xml" "Mozilla/5.0 AppleWebKit/537.36 (KHTML, like Gecko; compatible; GPTBot/1.4; +https://openai.com/gptbot)"
74.7.227.158 - - [07/Jul/2026:03:46:56 +0200] "GET /shopping/2683476347 HTTP/2" 404 5750 "https://www.bigfreeodds.com" "Mozilla/5.0 AppleWebKit/537.36 (KHTML, like Gecko; compatible; GPTBot/1.4; +https://openai.com/gptbot)"
74.7.227.1 - - [07/Jul/2026:03:46:58 +0200] "GET /shopping/692460530 HTTP/2" 301 0 "https://www.bigfreeodds.com/sitemaps.xml" "Mozilla/5.0 AppleWebKit/537.36 (KHTML, like Gecko; compatible; GPTBot/1.4; +https://openai.com/gptbot)"
74.7.227.158 - - [07/Jul/2026:03:46:59 +0200] "GET /shopping/3246032470 HTTP/2" 404 5750 "https://www.bigfreeodds.com" "Mozilla/5.0 AppleWebKit/537.36 (KHTML, like Gecko; compatible; GPTBot/1.4; +https://openai.com/gptbot)"
74.7.227.1 - - [07/Jul/2026:03:47:01 +0200] "GET /shopping/693672613 HTTP/2" 301 0 "https://www.bigfreeodds.com/sitemaps.xml" "Mozilla/5.0 AppleWebKit/537.36 (KHTML, like Gecko; compatible; GPTBot/1.4; +https://openai.com/gptbot)"
74.7.227.158 - - [07/Jul/2026:03:47:02 +0200] "GET /shopping/3584119119 HTTP/2" 404 5750 "https://www.bigfreeodds.com" "Mozilla/5.0 AppleWebKit/537.36 (KHTML, like Gecko; compatible; GPTBot/1.4; +https://openai.com/gptbot)"
74.7.227.1 - - [07/Jul/2026:03:47:05 +0200] "GET /shopping/166736922 HTTP/2" 301 0 "https://www.bigfreeodds.com/sitemaps.xml" "Mozilla/5.0 AppleWebKit/537.36 (KHTML, like Gecko; compatible; GPTBot/1.4; +https://openai.com/gptbot)"
74.7.227.158 - - [07/Jul/2026:03:47:05 +0200] "GET /shopping/4122656568 HTTP/2" 404 5750 "https://www.bigfreeodds.com" "Mozilla/5.0 AppleWebKit/537.36 (KHTML, like Gecko; compatible; GPTBot/1.4; +https://openai.com/gptbot)"
74.7.227.1 - - [07/Jul/2026:03:47:08 +0200] "GET /shopping/304709062 HTTP/2" 301 0 "https://www.bigfreeodds.com/sitemaps.xml" "Mozilla/5.0 AppleWebKit/537.36 (KHTML, like Gecko; compatible; GPTBot/1.4; +https://openai.com/gptbot)"
74.7.227.158 - - [07/Jul/2026:03:47:09 +0200] "GET /shopping/2654010654 HTTP/2" 404 5750 "https://www.bigfreeodds.com" "Mozilla/5.0 AppleWebKit/537.36 (KHTML, like Gecko; compatible; GPTBot/1.4; +https://openai.com/gptbot)"
74.7.227.1 - - [07/Jul/2026:03:47:11 +0200] "GET /shopping/500234783 HTTP/2" 301 0 "https://www.bigfreeodds.com/sitemaps.xml" "Mozilla/5.0 AppleWebKit/537.36 (KHTML, like Gecko; compatible; GPTBot/1.4; +https://openai.com/gptbot)"
74.7.227.158 - - [07/Jul/2026:03:47:12 +0200] "GET /shopping/1883418896 HTTP/2" 404 5750 "https://www.bigfreeodds.com" "Mozilla/5.0 AppleWebKit/537.36 (KHTML, like Gecko; compatible; GPTBot/1.4; +https://openai.com/gptbot)"
74.7.227.1 - - [07/Jul/2026:03:47:14 +0200] "GET /shopping/371047254 HTTP/2" 301 0 "https://www.bigfreeodds.com/sitemaps.xml" "Mozilla/5.0 AppleWebKit/537.36 (KHTML, like Gecko; compatible; GPTBot/1.4; +https://openai.com/gptbot)"
74.7.227.158 - - [07/Jul/2026:03:47:15 +0200] "GET /shopping/2005918918 HTTP/2" 404 5750 "https://www.bigfreeodds.com" "Mozilla/5.0 AppleWebKit/537.36 (KHTML, like Gecko; compatible; GPTBot/1.4; +https://openai.com/gptbot)"
74.7.227.1 - - [07/Jul/2026:03:47:17 +0200] "GET /shopping/899146566 HTTP/2" 301 0 "https://www.bigfreeodds.com/sitemaps.xml" "Mozilla/5.0 AppleWebKit/537.36 (KHTML, like Gecko; compatible; GPTBot/1.4; +https://openai.com/gptbot)"
74.7.227.158 - - [07/Jul/2026:03:47:18 +0200] "GET /shopping/4243110131 HTTP/2" 404 5750 "https://www.bigfreeodds.com" "Mozilla/5.0 AppleWebKit/537.36 (KHTML, like Gecko; compatible; GPTBot/1.4; +https://openai.com/gptbot)"
74.7.227.1 - - [07/Jul/2026:03:47:21 +0200] "GET /shopping/596278906 HTTP/2" 301 0 "https://www.bigfreeodds.com/sitemaps.xml" "Mozilla/5.0 AppleWebKit/537.36 (KHTML, like Gecko; compatible; GPTBot/1.4; +https://openai.com/gptbot)"
74.7.227.158 - - [07/Jul/2026:03:47:21 +0200] "GET /shopping/2727947412 HTTP/2" 404 5750 "https://www.bigfreeodds.com" "Mozilla/5.0 AppleWebKit/537.36 (KHTML, like Gecko; compatible; GPTBot/1.4; +https://openai.com/gptbot)"
74.7.227.1 - - [07/Jul/2026:03:47:24 +0200] "GET /shopping/982776124 HTTP/2" 301 0 "https://www.bigfreeodds.com/sitemaps.xml" "Mozilla/5.0 AppleWebKit/537.36 (KHTML, like Gecko; compatible; GPTBot/1.4; +https://openai.com/gptbot)"
74.7.227.158 - - [07/Jul/2026:03:47:24 +0200] "GET /shopping/3436364437 HTTP/2" 404 5750 "https://www.bigfreeodds.com" "Mozilla/5.0 AppleWebKit/537.36 (KHTML, like Gecko; compatible; GPTBot/1.4; +https://openai.com/gptbot)"
74.7.227.1 - - [07/Jul/2026:03:47:27 +0200] "GET /shopping/142023540 HTTP/2" 301 0 "https://www.bigfreeodds.com/sitemaps.xml" "Mozilla/5.0 AppleWebKit/537.36 (KHTML, like Gecko; compatible; GPTBot/1.4; +https://openai.com/gptbot)"
74.7.227.158 - - [07/Jul/2026:03:47:27 +0200] "GET /shopping/1499485544 HTTP/2" 404 5750 "https://www.bigfreeodds.com" "Mozilla/5.0 AppleWebKit/537.36 (KHTML, like Gecko; compatible; GPTBot/1.4; +https://openai.com/gptbot)"
74.7.227.1 - - [07/Jul/2026:03:47:30 +0200] "GET /shopping/551882357 HTTP/2" 301 0 "https://www.bigfreeodds.com/sitemaps.xml" "Mozilla/5.0 AppleWebKit/537.36 (KHTML, like Gecko; compatible; GPTBot/1.4; +https://openai.com/gptbot)"
74.7.227.158 - - [07/Jul/2026:03:47:31 +0200] "GET /shopping/1211316244 HTTP/2" 404 5750 "https://www.bigfreeodds.com" "Mozilla/5.0 AppleWebKit/537.36 (KHTML, like Gecko; compatible; GPTBot/1.4; +https://openai.com/gptbot)"
74.7.227.1 - - [07/Jul/2026:03:47:33 +0200] "GET /shopping/842197967 HTTP/2" 301 0 "https://www.bigfreeodds.com/sitemaps.xml" "Mozilla/5.0 AppleWebKit/537.36 (KHTML, like Gecko; compatible; GPTBot/1.4; +https://openai.com/gptbot)"
74.7.227.158 - - [07/Jul/2026:03:47:34 +0200] "GET /shopping/4060696050 HTTP/2" 404 5750 "https://www.bigfreeodds.com" "Mozilla/5.0 AppleWebKit/537.36 (KHTML, like Gecko; compatible; GPTBot/1.4; +https://openai.com/gptbot)"
74.7.227.1 - - [07/Jul/2026:03:47:37 +0200] "GET /shopping/825891489 HTTP/2" 301 0 "https://www.bigfreeodds.com/sitemaps.xml" "Mozilla/5.0 AppleWebKit/537.36 (KHTML, like Gecko; compatible; GPTBot/1.4; +https://openai.com/gptbot)"
74.7.227.158 - - [07/Jul/2026:03:47:37 +0200] "GET /shopping/1323426623 HTTP/2" 404 5750 "https://www.bigfreeodds.com" "Mozilla/5.0 AppleWebKit/537.36 (KHTML, like Gecko; compatible; GPTBot/1.4; +https://openai.com/gptbot)"
74.7.227.1 - - [07/Jul/2026:03:47:40 +0200] "GET /shopping/643704619 HTTP/2" 301 0 "https://www.bigfreeodds.com/sitemaps.xml" "Mozilla/5.0 AppleWebKit/537.36 (KHTML, like Gecko; compatible; GPTBot/1.4; +https://openai.com/gptbot)"
74.7.227.158 - - [07/Jul/2026:03:47:40 +0200] "GET /shopping/1551663568 HTTP/2" 404 5750 "https://www.bigfreeodds.com" "Mozilla/5.0 AppleWebKit/537.36 (KHTML, like Gecko; compatible; GPTBot/1.4; +https://openai.com/gptbot)"
74.7.227.1 - - [07/Jul/2026:03:47:43 +0200] "GET /shopping/258722691 HTTP/2" 301 0 "https://www.bigfreeodds.com/sitemaps.xml" "Mozilla/5.0 AppleWebKit/537.36 (KHTML, like Gecko; compatible; GPTBot/1.4; +https://openai.com/gptbot)"
74.7.227.158 - - [07/Jul/2026:03:47:43 +0200] "GET /shopping/3877671718 HTTP/2" 404 5750 "https://www.bigfreeodds.com" "Mozilla/5.0 AppleWebKit/537.36 (KHTML, like Gecko; compatible; GPTBot/1.4; +https://openai.com/gptbot)"
