114.119.149.199 - - [07/Jul/2026:02:17:22 +0200] "GET /shopping/618006552 HTTP/1.1" 404 5750 "https://bigfreeodds.com/sitemap.xml" "Mozilla/5.0 (Linux; Android 7.0;) AppleWebKit/537.36 (HTML, like Gecko) Mobile Safari/537.36 (compatible; PetalBot;+https://webmaster.petalsearch.com/site/petalbot)"
104.164.106.92 - - [07/Jul/2026:02:18:29 +0200] "GET /?z=2300078ehddh9 HTTP/2" 200 27624 "-" "Mozilla/5.0 (Macintosh; Intel Mac OS X 10_15_7) AppleWebKit/537.36 (KHTML, like Gecko) Chrome/148.0.0.0 Safari/537.36"
104.164.106.93 - - [07/Jul/2026:02:18:30 +0200] "GET /south-korea-k-league-cup/ HTTP/2" 301 0 "-" "Mozilla/5.0 (Macintosh; Intel Mac OS X 10_15_7) AppleWebKit/537.36 (KHTML, like Gecko) Chrome/148.0.0.0 Safari/537.36"
45.252.182.5 - - [07/Jul/2026:02:19:30 +0200] "HEAD / HTTP/1.1" 200 0 "-" "python-requests/2.34.2"
45.252.182.5 - - [07/Jul/2026:02:19:32 +0200] "GET / HTTP/1.1" 200 7409 "-" "python-requests/2.34.2"
104.164.106.13 - - [07/Jul/2026:02:21:00 +0200] "GET /submit-event/ HTTP/2" 301 0 "-" "Mozilla/5.0 (Macintosh; Intel Mac OS X 10_15_7) AppleWebKit/537.36 (KHTML, like Gecko) Chrome/148.0.0.0 Safari/537.36"
114.119.130.60 - - [07/Jul/2026:02:21:32 +0200] "GET /shopping/614629863 HTTP/1.1" 404 5750 "https://bigfreeodds.com/sitemap.xml" "Mozilla/5.0 (Linux; Android 7.0;) AppleWebKit/537.36 (HTML, like Gecko) Mobile Safari/537.36 (compatible; PetalBot;+https://webmaster.petalsearch.com/site/petalbot)"
104.164.106.29 - - [07/Jul/2026:02:21:59 +0200] "GET /?z=2422880dc346c HTTP/2" 200 27624 "-" "Mozilla/5.0 (Macintosh; Intel Mac OS X 10_15_7) AppleWebKit/537.36 (KHTML, like Gecko) Chrome/148.0.0.0 Safari/537.36"
142.44.228.31 - - [07/Jul/2026:02:18:48 +0200] "GET /?z=5187476dg26j HTTP/2" 200 6748 "-" "Mozilla/5.0 (compatible; AhrefsBot/7.0; +http://ahrefs.com/robot/)"
45.3.32.152 - - [07/Jul/2026:02:19:33 +0200] "GET / HTTP/1.1" 200 7409 "-" "Mozilla/5.0 (X11; Linux x86_64; rv:115.0) Gecko/20100101 Firefox/115.0"
104.164.106.79 - - [07/Jul/2026:02:20:00 +0200] "GET /?z=23393857b3c7a HTTP/2" 200 27624 "-" "Mozilla/5.0 (Macintosh; Intel Mac OS X 10_15_7) AppleWebKit/537.36 (KHTML, like Gecko) Chrome/148.0.0.0 Safari/537.36"
104.164.106.8 - - [07/Jul/2026:02:20:00 +0200] "GET /southafrica-cup/ HTTP/2" 301 0 "-" "Mozilla/5.0 (Macintosh; Intel Mac OS X 10_15_7) AppleWebKit/537.36 (KHTML, like Gecko) Chrome/148.0.0.0 Safari/537.36"
114.119.130.60 - - [07/Jul/2026:02:20:09 +0200] "GET /shopping/615841962 HTTP/1.1" 404 5749 "https://bigfreeodds.com/sitemap.xml" "Mozilla/5.0 (Linux; Android 7.0;) AppleWebKit/537.36 (HTML, like Gecko) Mobile Safari/537.36 (compatible; PetalBot;+https://webmaster.petalsearch.com/site/petalbot)"
104.164.106.12 - - [07/Jul/2026:02:21:00 +0200] "GET /?z=23431720a38i HTTP/2" 200 27624 "-" "Mozilla/5.0 (Macintosh; Intel Mac OS X 10_15_7) AppleWebKit/537.36 (KHTML, like Gecko) Chrome/148.0.0.0 Safari/537.36"
104.164.106.3 - - [07/Jul/2026:02:21:59 +0200] "GET /sweden-division-1/ HTTP/2" 301 0 "-" "Mozilla/5.0 (Macintosh; Intel Mac OS X 10_15_7) AppleWebKit/537.36 (KHTML, like Gecko) Chrome/148.0.0.0 Safari/537.36"
104.164.106.98 - - [07/Jul/2026:02:23:58 +0200] "GET /switzerland-super-league/ HTTP/2" 301 0 "-" "Mozilla/5.0 (Macintosh; Intel Mac OS X 10_15_7) AppleWebKit/537.36 (KHTML, like Gecko) Chrome/148.0.0.0 Safari/537.36"
114.119.136.185 - - [07/Jul/2026:02:24:20 +0200] "GET /shopping/613254257 HTTP/1.1" 404 5750 "https://bigfreeodds.com/sitemap.xml" "Mozilla/5.0 (Linux; Android 7.0;) AppleWebKit/537.36 (HTML, like Gecko) Mobile Safari/537.36 (compatible; PetalBot;+https://webmaster.petalsearch.com/site/petalbot)"
104.164.106.62 - - [07/Jul/2026:02:25:07 +0200] "GET /?z=2483618f9i0fb HTTP/2" 200 27624 "-" "Mozilla/5.0 (Macintosh; Intel Mac OS X 10_15_7) AppleWebKit/537.36 (KHTML, like Gecko) Chrome/148.0.0.0 Safari/537.36"
104.164.106.63 - - [07/Jul/2026:02:25:07 +0200] "GET /thailand-premeir-league/ HTTP/2" 301 0 "-" "Mozilla/5.0 (Macintosh; Intel Mac OS X 10_15_7) AppleWebKit/537.36 (KHTML, like Gecko) Chrome/148.0.0.0 Safari/537.36"
114.119.148.174 - - [07/Jul/2026:02:25:43 +0200] "GET /shopping/611089651 HTTP/1.1" 404 5750 "https://bigfreeodds.com/sitemap.xml" "Mozilla/5.0 (Linux; Android 7.0;) AppleWebKit/537.36 (HTML, like Gecko) Mobile Safari/537.36 (compatible; PetalBot;+https://webmaster.petalsearch.com/site/petalbot)"
104.164.106.97 - - [07/Jul/2026:02:26:54 +0200] "GET /?z=26207232f9113 HTTP/2" 200 27624 "-" "Mozilla/5.0 (Macintosh; Intel Mac OS X 10_15_7) AppleWebKit/537.36 (KHTML, like Gecko) Chrome/148.0.0.0 Safari/537.36"
104.164.106.98 - - [07/Jul/2026:02:26:55 +0200] "GET /turkey-super-lig/ HTTP/2" 301 0 "-" "Mozilla/5.0 (Macintosh; Intel Mac OS X 10_15_7) AppleWebKit/537.36 (KHTML, like Gecko) Chrome/148.0.0.0 Safari/537.36"
114.119.141.139 - - [07/Jul/2026:02:27:07 +0200] "GET /shopping/609877568 HTTP/1.1" 404 5749 "https://bigfreeodds.com/sitemap.xml" "Mozilla/5.0 (Linux; Android 7.0;) AppleWebKit/537.36 (HTML, like Gecko) Mobile Safari/537.36 (compatible; PetalBot;+https://webmaster.petalsearch.com/site/petalbot)"
114.119.149.199 - - [07/Jul/2026:02:28:30 +0200] "GET /shopping/608665469 HTTP/1.1" 404 5750 "https://bigfreeodds.com/sitemap.xml" "Mozilla/5.0 (Linux; Android 7.0;) AppleWebKit/537.36 (HTML, like Gecko) Mobile Safari/537.36 (compatible; PetalBot;+https://webmaster.petalsearch.com/site/petalbot)"
104.164.106.42 - - [07/Jul/2026:02:28:41 +0200] "GET /?z=2629959j9d2dc HTTP/2" 200 27624 "-" "Mozilla/5.0 (Macintosh; Intel Mac OS X 10_15_7) AppleWebKit/537.36 (KHTML, like Gecko) Chrome/148.0.0.0 Safari/537.36"
114.119.153.15 - - [07/Jul/2026:02:22:56 +0200] "GET /shopping/614466340 HTTP/1.1" 404 5750 "https://bigfreeodds.com/sitemap.xml" "Mozilla/5.0 (Linux; Android 7.0;) AppleWebKit/537.36 (HTML, like Gecko) Mobile Safari/537.36 (compatible; PetalBot;+https://webmaster.petalsearch.com/site/petalbot)"
104.164.106.97 - - [07/Jul/2026:02:23:58 +0200] "GET /?z=24825599ehib6 HTTP/2" 200 27624 "-" "Mozilla/5.0 (Macintosh; Intel Mac OS X 10_15_7) AppleWebKit/537.36 (KHTML, like Gecko) Chrome/148.0.0.0 Safari/537.36"
104.164.106.83 - - [07/Jul/2026:02:26:01 +0200] "GET /?z=250873b9ecf4 HTTP/2" 200 27624 "-" "Mozilla/5.0 (Macintosh; Intel Mac OS X 10_15_7) AppleWebKit/537.36 (KHTML, like Gecko) Chrome/148.0.0.0 Safari/537.36"
104.164.106.84 - - [07/Jul/2026:02:26:02 +0200] "GET /turkey-1-lig/ HTTP/2" 301 0 "-" "Mozilla/5.0 (Macintosh; Intel Mac OS X 10_15_7) AppleWebKit/537.36 (KHTML, like Gecko) Chrome/148.0.0.0 Safari/537.36"
104.164.106.43 - - [07/Jul/2026:02:28:41 +0200] "GET /ukraine-cup/ HTTP/2" 301 0 "-" "Mozilla/5.0 (Macintosh; Intel Mac OS X 10_15_7) AppleWebKit/537.36 (KHTML, like Gecko) Chrome/148.0.0.0 Safari/537.36"
114.119.130.60 - - [07/Jul/2026:02:29:53 +0200] "GET /shopping/6050471 HTTP/1.1" 404 5750 "https://bigfreeodds.com/sitemap.xml" "Mozilla/5.0 (Linux; Android 7.0;) AppleWebKit/537.36 (HTML, like Gecko) Mobile Safari/537.36 (compatible; PetalBot;+https://webmaster.petalsearch.com/site/petalbot)"
104.164.106.6 - - [07/Jul/2026:02:30:40 +0200] "GET /update-my-account/ HTTP/2" 301 0 "-" "Mozilla/5.0 (Macintosh; Intel Mac OS X 10_15_7) AppleWebKit/537.36 (KHTML, like Gecko) Chrome/148.0.0.0 Safari/537.36"
104.164.106.80 - - [07/Jul/2026:02:31:27 +0200] "GET /?z=26597511589i9 HTTP/2" 200 27624 "-" "Mozilla/5.0 (Macintosh; Intel Mac OS X 10_15_7) AppleWebKit/537.36 (KHTML, like Gecko) Chrome/148.0.0.0 Safari/537.36"
104.164.106.81 - - [07/Jul/2026:02:31:27 +0200] "GET /usa-mls/ HTTP/2" 301 0 "-" "Mozilla/5.0 (Macintosh; Intel Mac OS X 10_15_7) AppleWebKit/537.36 (KHTML, like Gecko) Chrome/148.0.0.0 Safari/537.36"
167.114.139.207 - - [07/Jul/2026:02:31:58 +0200] "GET /wydany-bonus-kontroli-przez-warunkom-obrotu-5x-szansa-na-kuponach-akumulowanych-co-najmniej/ HTTP/2" 301 0 "-" "Mozilla/5.0 (compatible; AhrefsBot/7.0; +http://ahrefs.com/robot/)"
104.164.106.50 - - [07/Jul/2026:02:32:27 +0200] "GET /usa-open-cup/ HTTP/2" 301 0 "-" "Mozilla/5.0 (Macintosh; Intel Mac OS X 10_15_7) AppleWebKit/537.36 (KHTML, like Gecko) Chrome/148.0.0.0 Safari/537.36"
104.164.106.23 - - [07/Jul/2026:02:32:27 +0200] "GET /?z=2669843j5a2ej HTTP/2" 200 27624 "-" "Mozilla/5.0 (Macintosh; Intel Mac OS X 10_15_7) AppleWebKit/537.36 (KHTML, like Gecko) Chrome/148.0.0.0 Safari/537.36"
114.119.153.15 - - [07/Jul/2026:02:32:40 +0200] "GET /shopping/590523646 HTTP/1.1" 404 5750 "https://bigfreeodds.com/sitemap.xml" "Mozilla/5.0 (Linux; Android 7.0;) AppleWebKit/537.36 (HTML, like Gecko) Mobile Safari/537.36 (compatible; PetalBot;+https://webmaster.petalsearch.com/site/petalbot)"
114.119.153.15 - - [07/Jul/2026:02:34:04 +0200] "GET /shopping/590360123 HTTP/1.1" 404 5750 "https://bigfreeodds.com/sitemap.xml" "Mozilla/5.0 (Linux; Android 7.0;) AppleWebKit/537.36 (HTML, like Gecko) Mobile Safari/537.36 (compatible; PetalBot;+https://webmaster.petalsearch.com/site/petalbot)"
66.249.64.102 - - [07/Jul/2026:02:35:22 +0200] "GET /match-detail/?id=2026061760254 HTTP/1.1" 200 27672 "-" "Mozilla/5.0 (Linux; Android 6.0.1; Nexus 5X Build/MMB29P) AppleWebKit/537.36 (KHTML, like Gecko) Chrome/150.0.7871.46 Mobile Safari/537.36 (compatible; Googlebot/2.1; +http://www.google.com/bot.html)"
74.7.227.1 - - [07/Jul/2026:02:36:21 +0200] "GET /sitemaps.xml HTTP/2" 200 12211 "-" "Mozilla/5.0 AppleWebKit/537.36 (KHTML, like Gecko; compatible; GPTBot/1.4; +https://openai.com/gptbot)"
74.7.227.1 - - [07/Jul/2026:02:36:24 +0200] "GET /shopping/1702655239 HTTP/2" 301 0 "https://www.bigfreeodds.com/sitemaps.xml" "Mozilla/5.0 AppleWebKit/537.36 (KHTML, like Gecko; compatible; GPTBot/1.4; +https://openai.com/gptbot)"
74.7.244.22 - - [07/Jul/2026:02:36:25 +0200] "GET /robots.txt HTTP/2" 200 80 "-" "Mozilla/5.0 (Macintosh; Intel Mac OS X 10_15_7) AppleWebKit/537.36 (KHTML, like Gecko) Chrome/131.0.0.0 Safari/537.36; compatible; OAI-SearchBot/1.4; robots.txt; +https://openai.com/searchbot"
74.7.227.158 - - [07/Jul/2026:02:36:25 +0200] "GET /shopping/1702655239 HTTP/2" 404 5750 "https://www.bigfreeodds.com" "Mozilla/5.0 AppleWebKit/537.36 (KHTML, like Gecko; compatible; GPTBot/1.4; +https://openai.com/gptbot)"
104.164.106.44 - - [07/Jul/2026:02:36:26 +0200] "GET /?z=272875976f51i HTTP/2" 200 27624 "-" "Mozilla/5.0 (Macintosh; Intel Mac OS X 10_15_7) AppleWebKit/537.36 (KHTML, like Gecko) Chrome/148.0.0.0 Safari/537.36"
74.7.227.1 - - [07/Jul/2026:02:36:27 +0200] "GET /shopping/3030815088 HTTP/2" 301 0 "https://www.bigfreeodds.com/sitemaps.xml" "Mozilla/5.0 AppleWebKit/537.36 (KHTML, like Gecko; compatible; GPTBot/1.4; +https://openai.com/gptbot)"
74.7.227.158 - - [07/Jul/2026:02:36:28 +0200] "GET /shopping/3030815088 HTTP/2" 404 5750 "https://www.bigfreeodds.com" "Mozilla/5.0 AppleWebKit/537.36 (KHTML, like Gecko; compatible; GPTBot/1.4; +https://openai.com/gptbot)"
74.7.227.1 - - [07/Jul/2026:02:36:29 +0200] "GET /shopping/479946650 HTTP/2" 301 0 "https://www.bigfreeodds.com/sitemaps.xml" "Mozilla/5.0 AppleWebKit/537.36 (KHTML, like Gecko; compatible; GPTBot/1.4; +https://openai.com/gptbot)"
74.7.227.158 - - [07/Jul/2026:02:36:32 +0200] "GET /shopping/479946650 HTTP/2" 404 5750 "https://www.bigfreeodds.com" "Mozilla/5.0 AppleWebKit/537.36 (KHTML, like Gecko; compatible; GPTBot/1.4; +https://openai.com/gptbot)"
74.7.227.1 - - [07/Jul/2026:02:36:32 +0200] "GET /shopping/1584717951 HTTP/2" 301 0 "https://www.bigfreeodds.com/sitemaps.xml" "Mozilla/5.0 AppleWebKit/537.36 (KHTML, like Gecko; compatible; GPTBot/1.4; +https://openai.com/gptbot)"
74.7.227.1 - - [07/Jul/2026:02:36:34 +0200] "GET /shopping/4269806300 HTTP/2" 301 0 "https://www.bigfreeodds.com/sitemaps.xml" "Mozilla/5.0 AppleWebKit/537.36 (KHTML, like Gecko; compatible; GPTBot/1.4; +https://openai.com/gptbot)"
74.7.227.158 - - [07/Jul/2026:02:36:35 +0200] "GET /shopping/1584717951 HTTP/2" 404 5750 "https://www.bigfreeodds.com" "Mozilla/5.0 AppleWebKit/537.36 (KHTML, like Gecko; compatible; GPTBot/1.4; +https://openai.com/gptbot)"
74.7.227.1 - - [07/Jul/2026:02:36:36 +0200] "GET /shopping/1987006423 HTTP/2" 301 0 "https://www.bigfreeodds.com/sitemaps.xml" "Mozilla/5.0 AppleWebKit/537.36 (KHTML, like Gecko; compatible; GPTBot/1.4; +https://openai.com/gptbot)"
74.7.227.1 - - [07/Jul/2026:02:36:38 +0200] "GET /shopping/875645283 HTTP/2" 301 0 "https://www.bigfreeodds.com/sitemaps.xml" "Mozilla/5.0 AppleWebKit/537.36 (KHTML, like Gecko; compatible; GPTBot/1.4; +https://openai.com/gptbot)"
74.7.227.158 - - [07/Jul/2026:02:36:38 +0200] "GET /shopping/4269806300 HTTP/2" 404 5750 "https://www.bigfreeodds.com" "Mozilla/5.0 AppleWebKit/537.36 (KHTML, like Gecko; compatible; GPTBot/1.4; +https://openai.com/gptbot)"
74.7.227.1 - - [07/Jul/2026:02:36:39 +0200] "GET /shopping/2928669070 HTTP/2" 301 0 "https://www.bigfreeodds.com/sitemaps.xml" "Mozilla/5.0 AppleWebKit/537.36 (KHTML, like Gecko; compatible; GPTBot/1.4; +https://openai.com/gptbot)"
74.7.227.1 - - [07/Jul/2026:02:36:40 +0200] "GET /shopping/2026421235 HTTP/2" 301 0 "https://www.bigfreeodds.com/sitemaps.xml" "Mozilla/5.0 AppleWebKit/537.36 (KHTML, like Gecko; compatible; GPTBot/1.4; +https://openai.com/gptbot)"
74.7.227.158 - - [07/Jul/2026:02:36:41 +0200] "GET /shopping/1987006423 HTTP/2" 404 5750 "https://www.bigfreeodds.com" "Mozilla/5.0 AppleWebKit/537.36 (KHTML, like Gecko; compatible; GPTBot/1.4; +https://openai.com/gptbot)"
74.7.227.1 - - [07/Jul/2026:02:36:42 +0200] "GET /shopping/1565987275 HTTP/2" 301 0 "https://www.bigfreeodds.com/sitemaps.xml" "Mozilla/5.0 AppleWebKit/537.36 (KHTML, like Gecko; compatible; GPTBot/1.4; +https://openai.com/gptbot)"
74.7.227.1 - - [07/Jul/2026:02:36:43 +0200] "GET /shopping/3074259130 HTTP/2" 301 0 "https://www.bigfreeodds.com/sitemaps.xml" "Mozilla/5.0 AppleWebKit/537.36 (KHTML, like Gecko; compatible; GPTBot/1.4; +https://openai.com/gptbot)"
74.7.227.1 - - [07/Jul/2026:02:36:44 +0200] "GET /shopping/734692473 HTTP/2" 301 0 "https://www.bigfreeodds.com/sitemaps.xml" "Mozilla/5.0 AppleWebKit/537.36 (KHTML, like Gecko; compatible; GPTBot/1.4; +https://openai.com/gptbot)"
74.7.227.158 - - [07/Jul/2026:02:36:44 +0200] "GET /shopping/875645283 HTTP/2" 404 5750 "https://www.bigfreeodds.com" "Mozilla/5.0 AppleWebKit/537.36 (KHTML, like Gecko; compatible; GPTBot/1.4; +https://openai.com/gptbot)"
74.7.227.1 - - [07/Jul/2026:02:36:45 +0200] "GET /shopping/942968363 HTTP/2" 301 0 "https://www.bigfreeodds.com/sitemaps.xml" "Mozilla/5.0 AppleWebKit/537.36 (KHTML, like Gecko; compatible; GPTBot/1.4; +https://openai.com/gptbot)"
74.7.227.1 - - [07/Jul/2026:02:36:45 +0200] "GET /shopping/901570780 HTTP/2" 301 0 "https://www.bigfreeodds.com/sitemaps.xml" "Mozilla/5.0 AppleWebKit/537.36 (KHTML, like Gecko; compatible; GPTBot/1.4; +https://openai.com/gptbot)"
74.7.227.1 - - [07/Jul/2026:02:36:46 +0200] "GET /shopping/753979621 HTTP/2" 301 0 "https://www.bigfreeodds.com/sitemaps.xml" "Mozilla/5.0 AppleWebKit/537.36 (KHTML, like Gecko; compatible; GPTBot/1.4; +https://openai.com/gptbot)"
74.7.227.1 - - [07/Jul/2026:02:36:47 +0200] "GET /shopping/2562024869 HTTP/2" 301 0 "https://www.bigfreeodds.com/sitemaps.xml" "Mozilla/5.0 AppleWebKit/537.36 (KHTML, like Gecko; compatible; GPTBot/1.4; +https://openai.com/gptbot)"
74.7.227.158 - - [07/Jul/2026:02:36:47 +0200] "GET /shopping/2928669070 HTTP/2" 404 5750 "https://www.bigfreeodds.com" "Mozilla/5.0 AppleWebKit/537.36 (KHTML, like Gecko; compatible; GPTBot/1.4; +https://openai.com/gptbot)"
74.7.227.1 - - [07/Jul/2026:02:36:48 +0200] "GET /shopping/3352178423 HTTP/2" 301 0 "https://www.bigfreeodds.com/sitemaps.xml" "Mozilla/5.0 AppleWebKit/537.36 (KHTML, like Gecko; compatible; GPTBot/1.4; +https://openai.com/gptbot)"
74.7.227.1 - - [07/Jul/2026:02:36:48 +0200] "GET /shopping/1016059933 HTTP/2" 301 0 "https://www.bigfreeodds.com/sitemaps.xml" "Mozilla/5.0 AppleWebKit/537.36 (KHTML, like Gecko; compatible; GPTBot/1.4; +https://openai.com/gptbot)"
74.7.227.1 - - [07/Jul/2026:02:36:49 +0200] "GET /shopping/3856612945 HTTP/2" 301 0 "https://www.bigfreeodds.com/sitemaps.xml" "Mozilla/5.0 AppleWebKit/537.36 (KHTML, like Gecko; compatible; GPTBot/1.4; +https://openai.com/gptbot)"
74.7.227.1 - - [07/Jul/2026:02:36:50 +0200] "GET /shopping/1497320954 HTTP/2" 301 0 "https://www.bigfreeodds.com/sitemaps.xml" "Mozilla/5.0 AppleWebKit/537.36 (KHTML, like Gecko; compatible; GPTBot/1.4; +https://openai.com/gptbot)"
74.7.227.158 - - [07/Jul/2026:02:36:51 +0200] "GET /shopping/2026421235 HTTP/2" 404 5750 "https://www.bigfreeodds.com" "Mozilla/5.0 AppleWebKit/537.36 (KHTML, like Gecko; compatible; GPTBot/1.4; +https://openai.com/gptbot)"
74.7.227.1 - - [07/Jul/2026:02:36:51 +0200] "GET /shopping/2635279962 HTTP/2" 301 0 "https://www.bigfreeodds.com/sitemaps.xml" "Mozilla/5.0 AppleWebKit/537.36 (KHTML, like Gecko; compatible; GPTBot/1.4; +https://openai.com/gptbot)"
74.7.227.1 - - [07/Jul/2026:02:36:51 +0200] "GET /shopping/2188293949 HTTP/2" 301 0 "https://www.bigfreeodds.com/sitemaps.xml" "Mozilla/5.0 AppleWebKit/537.36 (KHTML, like Gecko; compatible; GPTBot/1.4; +https://openai.com/gptbot)"
74.7.227.1 - - [07/Jul/2026:02:36:52 +0200] "GET /shopping/1641299655 HTTP/2" 301 0 "https://www.bigfreeodds.com/sitemaps.xml" "Mozilla/5.0 AppleWebKit/537.36 (KHTML, like Gecko; compatible; GPTBot/1.4; +https://openai.com/gptbot)"
74.7.227.1 - - [07/Jul/2026:02:36:53 +0200] "GET /shopping/2075829703 HTTP/2" 301 0 "https://www.bigfreeodds.com/sitemaps.xml" "Mozilla/5.0 AppleWebKit/537.36 (KHTML, like Gecko; compatible; GPTBot/1.4; +https://openai.com/gptbot)"
74.7.227.1 - - [07/Jul/2026:02:36:53 +0200] "GET /shopping/1808573981 HTTP/2" 301 0 "https://www.bigfreeodds.com/sitemaps.xml" "Mozilla/5.0 AppleWebKit/537.36 (KHTML, like Gecko; compatible; GPTBot/1.4; +https://openai.com/gptbot)"
74.7.227.158 - - [07/Jul/2026:02:36:54 +0200] "GET /shopping/1565987275 HTTP/2" 404 5750 "https://www.bigfreeodds.com" "Mozilla/5.0 AppleWebKit/537.36 (KHTML, like Gecko; compatible; GPTBot/1.4; +https://openai.com/gptbot)"
74.7.227.1 - - [07/Jul/2026:02:36:54 +0200] "GET /shopping/3596885369 HTTP/2" 301 0 "https://www.bigfreeodds.com/sitemaps.xml" "Mozilla/5.0 AppleWebKit/537.36 (KHTML, like Gecko; compatible; GPTBot/1.4; +https://openai.com/gptbot)"
74.7.227.1 - - [07/Jul/2026:02:36:55 +0200] "GET /shopping/2960936684 HTTP/2" 301 0 "https://www.bigfreeodds.com/sitemaps.xml" "Mozilla/5.0 AppleWebKit/537.36 (KHTML, like Gecko; compatible; GPTBot/1.4; +https://openai.com/gptbot)"
74.7.227.1 - - [07/Jul/2026:02:36:55 +0200] "GET /shopping/1075557172 HTTP/2" 301 0 "https://www.bigfreeodds.com/sitemaps.xml" "Mozilla/5.0 AppleWebKit/537.36 (KHTML, like Gecko; compatible; GPTBot/1.4; +https://openai.com/gptbot)"
74.7.227.1 - - [07/Jul/2026:02:36:56 +0200] "GET /shopping/15605583 HTTP/2" 301 0 "https://www.bigfreeodds.com/sitemaps.xml" "Mozilla/5.0 AppleWebKit/537.36 (KHTML, like Gecko; compatible; GPTBot/1.4; +https://openai.com/gptbot)"
74.7.227.1 - - [07/Jul/2026:02:36:57 +0200] "GET /shopping/4139915553 HTTP/2" 301 0 "https://www.bigfreeodds.com/sitemaps.xml" "Mozilla/5.0 AppleWebKit/537.36 (KHTML, like Gecko; compatible; GPTBot/1.4; +https://openai.com/gptbot)"
74.7.227.158 - - [07/Jul/2026:02:36:57 +0200] "GET /shopping/3074259130 HTTP/2" 404 5750 "https://www.bigfreeodds.com" "Mozilla/5.0 AppleWebKit/537.36 (KHTML, like Gecko; compatible; GPTBot/1.4; +https://openai.com/gptbot)"
74.7.227.1 - - [07/Jul/2026:02:36:57 +0200] "GET /shopping/4284129991 HTTP/2" 301 0 "https://www.bigfreeodds.com/sitemaps.xml" "Mozilla/5.0 AppleWebKit/537.36 (KHTML, like Gecko; compatible; GPTBot/1.4; +https://openai.com/gptbot)"
74.7.227.1 - - [07/Jul/2026:02:36:58 +0200] "GET /shopping/2926667987 HTTP/2" 301 0 "https://www.bigfreeodds.com/sitemaps.xml" "Mozilla/5.0 AppleWebKit/537.36 (KHTML, like Gecko; compatible; GPTBot/1.4; +https://openai.com/gptbot)"
74.7.227.1 - - [07/Jul/2026:02:36:59 +0200] "GET /shopping/1308332228 HTTP/2" 301 0 "https://www.bigfreeodds.com/sitemaps.xml" "Mozilla/5.0 AppleWebKit/537.36 (KHTML, like Gecko; compatible; GPTBot/1.4; +https://openai.com/gptbot)"
74.7.227.1 - - [07/Jul/2026:02:36:59 +0200] "GET /shopping/1512415333 HTTP/2" 301 0 "https://www.bigfreeodds.com/sitemaps.xml" "Mozilla/5.0 AppleWebKit/537.36 (KHTML, like Gecko; compatible; GPTBot/1.4; +https://openai.com/gptbot)"
74.7.227.1 - - [07/Jul/2026:02:37:00 +0200] "GET /shopping/4099944269 HTTP/2" 301 0 "https://www.bigfreeodds.com/sitemaps.xml" "Mozilla/5.0 AppleWebKit/537.36 (KHTML, like Gecko; compatible; GPTBot/1.4; +https://openai.com/gptbot)"
74.7.227.158 - - [07/Jul/2026:02:37:00 +0200] "GET /shopping/734692473 HTTP/2" 404 5750 "https://www.bigfreeodds.com" "Mozilla/5.0 AppleWebKit/537.36 (KHTML, like Gecko; compatible; GPTBot/1.4; +https://openai.com/gptbot)"
74.7.227.1 - - [07/Jul/2026:02:37:01 +0200] "GET /shopping/2111441625 HTTP/2" 301 0 "https://www.bigfreeodds.com/sitemaps.xml" "Mozilla/5.0 AppleWebKit/537.36 (KHTML, like Gecko; compatible; GPTBot/1.4; +https://openai.com/gptbot)"
74.7.227.1 - - [07/Jul/2026:02:37:02 +0200] "GET /shopping/2680888626 HTTP/2" 301 0 "https://www.bigfreeodds.com/sitemaps.xml" "Mozilla/5.0 AppleWebKit/537.36 (KHTML, like Gecko; compatible; GPTBot/1.4; +https://openai.com/gptbot)"
74.7.227.1 - - [07/Jul/2026:02:37:02 +0200] "GET /shopping/1888007668 HTTP/2" 301 0 "https://www.bigfreeodds.com/sitemaps.xml" "Mozilla/5.0 AppleWebKit/537.36 (KHTML, like Gecko; compatible; GPTBot/1.4; +https://openai.com/gptbot)"
74.7.227.1 - - [07/Jul/2026:02:37:03 +0200] "GET /shopping/3807793330 HTTP/2" 301 0 "https://www.bigfreeodds.com/sitemaps.xml" "Mozilla/5.0 AppleWebKit/537.36 (KHTML, like Gecko; compatible; GPTBot/1.4; +https://openai.com/gptbot)"
74.7.227.158 - - [07/Jul/2026:02:37:03 +0200] "GET /shopping/942968363 HTTP/2" 404 5750 "https://www.bigfreeodds.com" "Mozilla/5.0 AppleWebKit/537.36 (KHTML, like Gecko; compatible; GPTBot/1.4; +https://openai.com/gptbot)"
74.7.227.1 - - [07/Jul/2026:02:37:04 +0200] "GET /shopping/4244322230 HTTP/2" 301 0 "https://www.bigfreeodds.com/sitemaps.xml" "Mozilla/5.0 AppleWebKit/537.36 (KHTML, like Gecko; compatible; GPTBot/1.4; +https://openai.com/gptbot)"
74.7.227.1 - - [07/Jul/2026:02:37:05 +0200] "GET /shopping/2220529182 HTTP/2" 301 0 "https://www.bigfreeodds.com/sitemaps.xml" "Mozilla/5.0 AppleWebKit/537.36 (KHTML, like Gecko; compatible; GPTBot/1.4; +https://openai.com/gptbot)"
74.7.227.1 - - [07/Jul/2026:02:37:05 +0200] "GET /shopping/2999532330 HTTP/2" 301 0 "https://www.bigfreeodds.com/sitemaps.xml" "Mozilla/5.0 AppleWebKit/537.36 (KHTML, like Gecko; compatible; GPTBot/1.4; +https://openai.com/gptbot)"
74.7.227.1 - - [07/Jul/2026:02:37:06 +0200] "GET /shopping/1374443193 HTTP/2" 301 0 "https://www.bigfreeodds.com/sitemaps.xml" "Mozilla/5.0 AppleWebKit/537.36 (KHTML, like Gecko; compatible; GPTBot/1.4; +https://openai.com/gptbot)"
74.7.227.158 - - [07/Jul/2026:02:37:06 +0200] "GET /shopping/901570780 HTTP/2" 404 5750 "https://www.bigfreeodds.com" "Mozilla/5.0 AppleWebKit/537.36 (KHTML, like Gecko; compatible; GPTBot/1.4; +https://openai.com/gptbot)"
74.7.227.1 - - [07/Jul/2026:02:37:07 +0200] "GET /shopping/3833111662 HTTP/2" 301 0 "https://www.bigfreeodds.com/sitemaps.xml" "Mozilla/5.0 AppleWebKit/537.36 (KHTML, like Gecko; compatible; GPTBot/1.4; +https://openai.com/gptbot)"
74.7.227.1 - - [07/Jul/2026:02:37:07 +0200] "GET /shopping/3999337380 HTTP/2" 301 0 "https://www.bigfreeodds.com/sitemaps.xml" "Mozilla/5.0 AppleWebKit/537.36 (KHTML, like Gecko; compatible; GPTBot/1.4; +https://openai.com/gptbot)"
74.7.227.1 - - [07/Jul/2026:02:37:08 +0200] "GET /shopping/3878883817 HTTP/2" 301 0 "https://www.bigfreeodds.com/sitemaps.xml" "Mozilla/5.0 AppleWebKit/537.36 (KHTML, like Gecko; compatible; GPTBot/1.4; +https://openai.com/gptbot)"
74.7.227.1 - - [07/Jul/2026:02:37:09 +0200] "GET /shopping/2877866684 HTTP/2" 301 0 "https://www.bigfreeodds.com/sitemaps.xml" "Mozilla/5.0 AppleWebKit/537.36 (KHTML, like Gecko; compatible; GPTBot/1.4; +https://openai.com/gptbot)"
74.7.227.158 - - [07/Jul/2026:02:37:09 +0200] "GET /shopping/753979621 HTTP/2" 404 5749 "https://www.bigfreeodds.com" "Mozilla/5.0 AppleWebKit/537.36 (KHTML, like Gecko; compatible; GPTBot/1.4; +https://openai.com/gptbot)"
74.7.227.1 - - [07/Jul/2026:02:37:10 +0200] "GET /shopping/3854448339 HTTP/2" 301 0 "https://www.bigfreeodds.com/sitemaps.xml" "Mozilla/5.0 AppleWebKit/537.36 (KHTML, like Gecko; compatible; GPTBot/1.4; +https://openai.com/gptbot)"
74.7.227.1 - - [07/Jul/2026:02:37:10 +0200] "GET /shopping/3620386668 HTTP/2" 301 0 "https://www.bigfreeodds.com/sitemaps.xml" "Mozilla/5.0 AppleWebKit/537.36 (KHTML, like Gecko; compatible; GPTBot/1.4; +https://openai.com/gptbot)"
74.7.227.1 - - [07/Jul/2026:02:37:11 +0200] "GET /shopping/1461676667 HTTP/2" 301 0 "https://www.bigfreeodds.com/sitemaps.xml" "Mozilla/5.0 AppleWebKit/537.36 (KHTML, like Gecko; compatible; GPTBot/1.4; +https://openai.com/gptbot)"
74.7.227.1 - - [07/Jul/2026:02:37:12 +0200] "GET /shopping/2002542229 HTTP/2" 301 0 "https://www.bigfreeodds.com/sitemaps.xml" "Mozilla/5.0 AppleWebKit/537.36 (KHTML, like Gecko; compatible; GPTBot/1.4; +https://openai.com/gptbot)"
74.7.227.1 - - [07/Jul/2026:02:37:12 +0200] "GET /shopping/3334478043 HTTP/2" 301 0 "https://www.bigfreeodds.com/sitemaps.xml" "Mozilla/5.0 AppleWebKit/537.36 (KHTML, like Gecko; compatible; GPTBot/1.4; +https://openai.com/gptbot)"
74.7.227.158 - - [07/Jul/2026:02:37:13 +0200] "GET /shopping/2562024869 HTTP/2" 404 5750 "https://www.bigfreeodds.com" "Mozilla/5.0 AppleWebKit/537.36 (KHTML, like Gecko; compatible; GPTBot/1.4; +https://openai.com/gptbot)"
74.7.227.1 - - [07/Jul/2026:02:37:13 +0200] "GET /shopping/4000549479 HTTP/2" 301 0 "https://www.bigfreeodds.com/sitemaps.xml" "Mozilla/5.0 AppleWebKit/537.36 (KHTML, like Gecko; compatible; GPTBot/1.4; +https://openai.com/gptbot)"
74.7.227.1 - - [07/Jul/2026:02:37:14 +0200] "GET /shopping/4097779679 HTTP/2" 301 0 "https://www.bigfreeodds.com/sitemaps.xml" "Mozilla/5.0 AppleWebKit/537.36 (KHTML, like Gecko; compatible; GPTBot/1.4; +https://openai.com/gptbot)"
74.7.227.1 - - [07/Jul/2026:02:37:15 +0200] "GET /shopping/3321711777 HTTP/2" 301 0 "https://www.bigfreeodds.com/sitemaps.xml" "Mozilla/5.0 AppleWebKit/537.36 (KHTML, like Gecko; compatible; GPTBot/1.4; +https://openai.com/gptbot)"
74.7.227.1 - - [07/Jul/2026:02:37:15 +0200] "GET /shopping/3589919990 HTTP/2" 301 0 "https://www.bigfreeodds.com/sitemaps.xml" "Mozilla/5.0 AppleWebKit/537.36 (KHTML, like Gecko; compatible; GPTBot/1.4; +https://openai.com/gptbot)"
74.7.227.158 - - [07/Jul/2026:02:37:16 +0200] "GET /shopping/3352178423 HTTP/2" 404 5750 "https://www.bigfreeodds.com" "Mozilla/5.0 AppleWebKit/537.36 (KHTML, like Gecko; compatible; GPTBot/1.4; +https://openai.com/gptbot)"
74.7.227.1 - - [07/Jul/2026:02:37:16 +0200] "GET /shopping/2855577500 HTTP/2" 301 0 "https://www.bigfreeodds.com/sitemaps.xml" "Mozilla/5.0 AppleWebKit/537.36 (KHTML, like Gecko; compatible; GPTBot/1.4; +https://openai.com/gptbot)"
74.7.227.1 - - [07/Jul/2026:02:37:17 +0200] "GET /shopping/3555260575 HTTP/2" 301 0 "https://www.bigfreeodds.com/sitemaps.xml" "Mozilla/5.0 AppleWebKit/537.36 (KHTML, like Gecko; compatible; GPTBot/1.4; +https://openai.com/gptbot)"
74.7.227.1 - - [07/Jul/2026:02:37:17 +0200] "GET /shopping/1811161686 HTTP/2" 301 0 "https://www.bigfreeodds.com/sitemaps.xml" "Mozilla/5.0 AppleWebKit/537.36 (KHTML, like Gecko; compatible; GPTBot/1.4; +https://openai.com/gptbot)"
104.164.106.35 - - [07/Jul/2026:02:37:18 +0200] "GET /?z=273316135fdga HTTP/2" 200 27624 "-" "Mozilla/5.0 (Macintosh; Intel Mac OS X 10_15_7) AppleWebKit/537.36 (KHTML, like Gecko) Chrome/148.0.0.0 Safari/537.36"
74.7.227.1 - - [07/Jul/2026:02:37:18 +0200] "GET /shopping/1509991151 HTTP/2" 301 0 "https://www.bigfreeodds.com/sitemaps.xml" "Mozilla/5.0 AppleWebKit/537.36 (KHTML, like Gecko; compatible; GPTBot/1.4; +https://openai.com/gptbot)"
74.7.227.1 - - [07/Jul/2026:02:37:19 +0200] "GET /shopping/2221741281 HTTP/2" 301 0 "https://www.bigfreeodds.com/sitemaps.xml" "Mozilla/5.0 AppleWebKit/537.36 (KHTML, like Gecko; compatible; GPTBot/1.4; +https://openai.com/gptbot)"
74.7.227.158 - - [07/Jul/2026:02:37:19 +0200] "GET /shopping/1016059933 HTTP/2" 404 5750 "https://www.bigfreeodds.com" "Mozilla/5.0 AppleWebKit/537.36 (KHTML, like Gecko; compatible; GPTBot/1.4; +https://openai.com/gptbot)"
74.7.227.1 - - [07/Jul/2026:02:37:19 +0200] "GET /shopping/3311158563 HTTP/2" 301 0 "https://www.bigfreeodds.com/sitemaps.xml" "Mozilla/5.0 AppleWebKit/537.36 (KHTML, like Gecko; compatible; GPTBot/1.4; +https://openai.com/gptbot)"
74.7.227.1 - - [07/Jul/2026:02:37:20 +0200] "GET /shopping/3123622206 HTTP/2" 301 0 "https://www.bigfreeodds.com/sitemaps.xml" "Mozilla/5.0 AppleWebKit/537.36 (KHTML, like Gecko; compatible; GPTBot/1.4; +https://openai.com/gptbot)"
74.7.227.1 - - [07/Jul/2026:02:37:21 +0200] "GET /shopping/3999173873 HTTP/2" 301 0 "https://www.bigfreeodds.com/sitemaps.xml" "Mozilla/5.0 AppleWebKit/537.36 (KHTML, like Gecko; compatible; GPTBot/1.4; +https://openai.com/gptbot)"
74.7.227.1 - - [07/Jul/2026:02:37:21 +0200] "GET /shopping/1419444692 HTTP/2" 301 0 "https://www.bigfreeodds.com/sitemaps.xml" "Mozilla/5.0 AppleWebKit/537.36 (KHTML, like Gecko; compatible; GPTBot/1.4; +https://openai.com/gptbot)"
74.7.227.158 - - [07/Jul/2026:02:37:22 +0200] "GET /shopping/1497320954 HTTP/2" 404 5750 "https://www.bigfreeodds.com" "Mozilla/5.0 AppleWebKit/537.36 (KHTML, like Gecko; compatible; GPTBot/1.4; +https://openai.com/gptbot)"
74.7.227.1 - - [07/Jul/2026:02:37:22 +0200] "GET /shopping/3583955596 HTTP/2" 301 0 "https://www.bigfreeodds.com/sitemaps.xml" "Mozilla/5.0 AppleWebKit/537.36 (KHTML, like Gecko; compatible; GPTBot/1.4; +https://openai.com/gptbot)"
74.7.227.1 - - [07/Jul/2026:02:37:23 +0200] "GET /shopping/1717586111 HTTP/2" 301 0 "https://www.bigfreeodds.com/sitemaps.xml" "Mozilla/5.0 AppleWebKit/537.36 (KHTML, like Gecko; compatible; GPTBot/1.4; +https://openai.com/gptbot)"
74.7.227.1 - - [07/Jul/2026:02:37:23 +0200] "GET /shopping/3149711194 HTTP/2" 301 0 "https://www.bigfreeodds.com/sitemaps.xml" "Mozilla/5.0 AppleWebKit/537.36 (KHTML, like Gecko; compatible; GPTBot/1.4; +https://openai.com/gptbot)"
74.7.227.1 - - [07/Jul/2026:02:37:24 +0200] "GET /shopping/3666373039 HTTP/2" 301 0 "https://www.bigfreeodds.com/sitemaps.xml" "Mozilla/5.0 AppleWebKit/537.36 (KHTML, like Gecko; compatible; GPTBot/1.4; +https://openai.com/gptbot)"
74.7.227.1 - - [07/Jul/2026:02:37:25 +0200] "GET /shopping/1771094333 HTTP/2" 301 0 "https://www.bigfreeodds.com/sitemaps.xml" "Mozilla/5.0 AppleWebKit/537.36 (KHTML, like Gecko; compatible; GPTBot/1.4; +https://openai.com/gptbot)"
74.7.227.158 - - [07/Jul/2026:02:37:25 +0200] "GET /shopping/2635279962 HTTP/2" 404 5750 "https://www.bigfreeodds.com" "Mozilla/5.0 AppleWebKit/537.36 (KHTML, like Gecko; compatible; GPTBot/1.4; +https://openai.com/gptbot)"
74.7.227.1 - - [07/Jul/2026:02:37:25 +0200] "GET /shopping/2226493576 HTTP/2" 301 0 "https://www.bigfreeodds.com/sitemaps.xml" "Mozilla/5.0 AppleWebKit/537.36 (KHTML, like Gecko; compatible; GPTBot/1.4; +https://openai.com/gptbot)"
74.7.227.1 - - [07/Jul/2026:02:37:26 +0200] "GET /shopping/2224069394 HTTP/2" 301 0 "https://www.bigfreeodds.com/sitemaps.xml" "Mozilla/5.0 AppleWebKit/537.36 (KHTML, like Gecko; compatible; GPTBot/1.4; +https://openai.com/gptbot)"
74.7.227.1 - - [07/Jul/2026:02:37:27 +0200] "GET /shopping/1544487043 HTTP/2" 301 0 "https://www.bigfreeodds.com/sitemaps.xml" "Mozilla/5.0 AppleWebKit/537.36 (KHTML, like Gecko; compatible; GPTBot/1.4; +https://openai.com/gptbot)"
74.7.227.1 - - [07/Jul/2026:02:37:28 +0200] "GET /shopping/2513450777 HTTP/2" 301 0 "https://www.bigfreeodds.com/sitemaps.xml" "Mozilla/5.0 AppleWebKit/537.36 (KHTML, like Gecko; compatible; GPTBot/1.4; +https://openai.com/gptbot)"
74.7.227.1 - - [07/Jul/2026:02:37:28 +0200] "GET /shopping/3288264445 HTTP/2" 301 0 "https://www.bigfreeodds.com/sitemaps.xml" "Mozilla/5.0 AppleWebKit/537.36 (KHTML, like Gecko; compatible; GPTBot/1.4; +https://openai.com/gptbot)"
74.7.227.158 - - [07/Jul/2026:02:37:28 +0200] "GET /shopping/1075557172 HTTP/2" 404 5750 "https://www.bigfreeodds.com" "Mozilla/5.0 AppleWebKit/537.36 (KHTML, like Gecko; compatible; GPTBot/1.4; +https://openai.com/gptbot)"
74.7.227.1 - - [07/Jul/2026:02:37:29 +0200] "GET /shopping/2268725551 HTTP/2" 301 0 "https://www.bigfreeodds.com/sitemaps.xml" "Mozilla/5.0 AppleWebKit/537.36 (KHTML, like Gecko; compatible; GPTBot/1.4; +https://openai.com/gptbot)"
74.7.227.1 - - [07/Jul/2026:02:37:30 +0200] "GET /shopping/2387966999 HTTP/2" 301 0 "https://www.bigfreeodds.com/sitemaps.xml" "Mozilla/5.0 AppleWebKit/537.36 (KHTML, like Gecko; compatible; GPTBot/1.4; +https://openai.com/gptbot)"
74.7.227.1 - - [07/Jul/2026:02:37:30 +0200] "GET /shopping/1981205552 HTTP/2" 301 0 "https://www.bigfreeodds.com/sitemaps.xml" "Mozilla/5.0 AppleWebKit/537.36 (KHTML, like Gecko; compatible; GPTBot/1.4; +https://openai.com/gptbot)"
74.7.227.1 - - [07/Jul/2026:02:37:31 +0200] "GET /shopping/3529171555 HTTP/2" 301 0 "https://www.bigfreeodds.com/sitemaps.xml" "Mozilla/5.0 AppleWebKit/537.36 (KHTML, like Gecko; compatible; GPTBot/1.4; +https://openai.com/gptbot)"
74.7.227.1 - - [07/Jul/2026:02:37:32 +0200] "GET /shopping/1623339651 HTTP/2" 301 0 "https://www.bigfreeodds.com/sitemaps.xml" "Mozilla/5.0 AppleWebKit/537.36 (KHTML, like Gecko; compatible; GPTBot/1.4; +https://openai.com/gptbot)"
74.7.227.158 - - [07/Jul/2026:02:37:32 +0200] "GET /shopping/4284129991 HTTP/2" 404 5750 "https://www.bigfreeodds.com" "Mozilla/5.0 AppleWebKit/537.36 (KHTML, like Gecko; compatible; GPTBot/1.4; +https://openai.com/gptbot)"
74.7.227.1 - - [07/Jul/2026:02:37:32 +0200] "GET /shopping/3777556949 HTTP/2" 301 0 "https://www.bigfreeodds.com/sitemaps.xml" "Mozilla/5.0 AppleWebKit/537.36 (KHTML, like Gecko; compatible; GPTBot/1.4; +https://openai.com/gptbot)"
74.7.227.1 - - [07/Jul/2026:02:37:33 +0200] "GET /shopping/2566613657 HTTP/2" 301 0 "https://www.bigfreeodds.com/sitemaps.xml" "Mozilla/5.0 AppleWebKit/537.36 (KHTML, like Gecko; compatible; GPTBot/1.4; +https://openai.com/gptbot)"
74.7.227.1 - - [07/Jul/2026:02:37:34 +0200] "GET /shopping/3972477704 HTTP/2" 301 0 "https://www.bigfreeodds.com/sitemaps.xml" "Mozilla/5.0 AppleWebKit/537.36 (KHTML, like Gecko; compatible; GPTBot/1.4; +https://openai.com/gptbot)"
74.7.227.1 - - [07/Jul/2026:02:37:34 +0200] "GET /shopping/3338018255 HTTP/2" 301 0 "https://www.bigfreeodds.com/sitemaps.xml" "Mozilla/5.0 AppleWebKit/537.36 (KHTML, like Gecko; compatible; GPTBot/1.4; +https://openai.com/gptbot)"
74.7.227.158 - - [07/Jul/2026:02:37:35 +0200] "GET /shopping/4139915553 HTTP/2" 404 5750 "https://www.bigfreeodds.com" "Mozilla/5.0 AppleWebKit/537.36 (KHTML, like Gecko; compatible; GPTBot/1.4; +https://openai.com/gptbot)"
74.7.227.1 - - [07/Jul/2026:02:37:35 +0200] "GET /shopping/1812555604 HTTP/2" 301 0 "https://www.bigfreeodds.com/sitemaps.xml" "Mozilla/5.0 AppleWebKit/537.36 (KHTML, like Gecko; compatible; GPTBot/1.4; +https://openai.com/gptbot)"
74.7.227.1 - - [07/Jul/2026:02:37:36 +0200] "GET /shopping/1222099755 HTTP/2" 301 0 "https://www.bigfreeodds.com/sitemaps.xml" "Mozilla/5.0 AppleWebKit/537.36 (KHTML, like Gecko; compatible; GPTBot/1.4; +https://openai.com/gptbot)"
74.7.227.1 - - [07/Jul/2026:02:37:36 +0200] "GET /shopping/2809591113 HTTP/2" 301 0 "https://www.bigfreeodds.com/sitemaps.xml" "Mozilla/5.0 AppleWebKit/537.36 (KHTML, like Gecko; compatible; GPTBot/1.4; +https://openai.com/gptbot)"
74.7.227.1 - - [07/Jul/2026:02:37:37 +0200] "GET /shopping/2394980001 HTTP/2" 301 0 "https://www.bigfreeodds.com/sitemaps.xml" "Mozilla/5.0 AppleWebKit/537.36 (KHTML, like Gecko; compatible; GPTBot/1.4; +https://openai.com/gptbot)"
74.7.227.1 - - [07/Jul/2026:02:37:38 +0200] "GET /shopping/2458666768 HTTP/2" 301 0 "https://www.bigfreeodds.com/sitemaps.xml" "Mozilla/5.0 AppleWebKit/537.36 (KHTML, like Gecko; compatible; GPTBot/1.4; +https://openai.com/gptbot)"
74.7.227.158 - - [07/Jul/2026:02:37:38 +0200] "GET /shopping/2926667987 HTTP/2" 404 5750 "https://www.bigfreeodds.com" "Mozilla/5.0 AppleWebKit/537.36 (KHTML, like Gecko; compatible; GPTBot/1.4; +https://openai.com/gptbot)"
74.7.227.1 - - [07/Jul/2026:02:37:38 +0200] "GET /shopping/2229870265 HTTP/2" 301 0 "https://www.bigfreeodds.com/sitemaps.xml" "Mozilla/5.0 AppleWebKit/537.36 (KHTML, like Gecko; compatible; GPTBot/1.4; +https://openai.com/gptbot)"
74.7.227.1 - - [07/Jul/2026:02:37:39 +0200] "GET /shopping/1855999678 HTTP/2" 301 0 "https://www.bigfreeodds.com/sitemaps.xml" "Mozilla/5.0 AppleWebKit/537.36 (KHTML, like Gecko; compatible; GPTBot/1.4; +https://openai.com/gptbot)"
74.7.227.1 - - [07/Jul/2026:02:37:40 +0200] "GET /shopping/3335594041 HTTP/2" 301 0 "https://www.bigfreeodds.com/sitemaps.xml" "Mozilla/5.0 AppleWebKit/537.36 (KHTML, like Gecko; compatible; GPTBot/1.4; +https://openai.com/gptbot)"
74.7.227.1 - - [07/Jul/2026:02:37:41 +0200] "GET /shopping/2223905871 HTTP/2" 301 0 "https://www.bigfreeodds.com/sitemaps.xml" "Mozilla/5.0 AppleWebKit/537.36 (KHTML, like Gecko; compatible; GPTBot/1.4; +https://openai.com/gptbot)"
74.7.227.1 - - [07/Jul/2026:02:37:41 +0200] "GET /shopping/2611173745 HTTP/2" 301 0 "https://www.bigfreeodds.com/sitemaps.xml" "Mozilla/5.0 AppleWebKit/537.36 (KHTML, like Gecko; compatible; GPTBot/1.4; +https://openai.com/gptbot)"
74.7.227.158 - - [07/Jul/2026:02:37:41 +0200] "GET /shopping/2877866684 HTTP/2" 404 5750 "https://www.bigfreeodds.com" "Mozilla/5.0 AppleWebKit/537.36 (KHTML, like Gecko; compatible; GPTBot/1.4; +https://openai.com/gptbot)"
74.7.227.1 - - [07/Jul/2026:02:37:42 +0200] "GET /shopping/3166804441 HTTP/2" 301 0 "https://www.bigfreeodds.com/sitemaps.xml" "Mozilla/5.0 AppleWebKit/537.36 (KHTML, like Gecko; compatible; GPTBot/1.4; +https://openai.com/gptbot)"
74.7.227.1 - - [07/Jul/2026:02:37:43 +0200] "GET /shopping/2144496008 HTTP/2" 301 0 "https://www.bigfreeodds.com/sitemaps.xml" "Mozilla/5.0 AppleWebKit/537.36 (KHTML, like Gecko; compatible; GPTBot/1.4; +https://openai.com/gptbot)"
74.7.227.1 - - [07/Jul/2026:02:37:43 +0200] "GET /shopping/1892759995 HTTP/2" 301 0 "https://www.bigfreeodds.com/sitemaps.xml" "Mozilla/5.0 AppleWebKit/537.36 (KHTML, like Gecko; compatible; GPTBot/1.4; +https://openai.com/gptbot)"
74.7.227.1 - - [07/Jul/2026:02:37:44 +0200] "GET /shopping/2339588827 HTTP/2" 301 0 "https://www.bigfreeodds.com/sitemaps.xml" "Mozilla/5.0 AppleWebKit/537.36 (KHTML, like Gecko; compatible; GPTBot/1.4; +https://openai.com/gptbot)"
74.7.227.158 - - [07/Jul/2026:02:37:44 +0200] "GET /shopping/4244322230 HTTP/2" 404 5750 "https://www.bigfreeodds.com" "Mozilla/5.0 AppleWebKit/537.36 (KHTML, like Gecko; compatible; GPTBot/1.4; +https://openai.com/gptbot)"
74.7.227.1 - - [07/Jul/2026:02:37:44 +0200] "GET /shopping/2333624417 HTTP/2" 301 0 "https://www.bigfreeodds.com/sitemaps.xml" "Mozilla/5.0 AppleWebKit/537.36 (KHTML, like Gecko; compatible; GPTBot/1.4; +https://openai.com/gptbot)"
74.7.227.1 - - [07/Jul/2026:02:37:45 +0200] "GET /shopping/3967888916 HTTP/2" 301 0 "https://www.bigfreeodds.com/sitemaps.xml" "Mozilla/5.0 AppleWebKit/537.36 (KHTML, like Gecko; compatible; GPTBot/1.4; +https://openai.com/gptbot)"
74.7.227.1 - - [07/Jul/2026:02:37:46 +0200] "GET /shopping/1742463000 HTTP/2" 301 0 "https://www.bigfreeodds.com/sitemaps.xml" "Mozilla/5.0 AppleWebKit/537.36 (KHTML, like Gecko; compatible; GPTBot/1.4; +https://openai.com/gptbot)"
74.7.227.1 - - [07/Jul/2026:02:37:47 +0200] "GET /shopping/3077799358 HTTP/2" 301 0 "https://www.bigfreeodds.com/sitemaps.xml" "Mozilla/5.0 AppleWebKit/537.36 (KHTML, like Gecko; compatible; GPTBot/1.4; +https://openai.com/gptbot)"
74.7.227.1 - - [07/Jul/2026:02:37:47 +0200] "GET /shopping/1116577032 HTTP/2" 301 0 "https://www.bigfreeodds.com/sitemaps.xml" "Mozilla/5.0 AppleWebKit/537.36 (KHTML, like Gecko; compatible; GPTBot/1.4; +https://openai.com/gptbot)"
74.7.227.158 - - [07/Jul/2026:02:37:48 +0200] "GET /shopping/3321711777 HTTP/2" 404 5750 "https://www.bigfreeodds.com" "Mozilla/5.0 AppleWebKit/537.36 (KHTML, like Gecko; compatible; GPTBot/1.4; +https://openai.com/gptbot)"
74.7.227.1 - - [07/Jul/2026:02:37:48 +0200] "GET /shopping/2903185000 HTTP/2" 301 0 "https://www.bigfreeodds.com/sitemaps.xml" "Mozilla/5.0 AppleWebKit/537.36 (KHTML, like Gecko; compatible; GPTBot/1.4; +https://openai.com/gptbot)"
74.7.227.1 - - [07/Jul/2026:02:37:48 +0200] "GET /shopping/2125419990 HTTP/2" 301 0 "https://www.bigfreeodds.com/sitemaps.xml" "Mozilla/5.0 AppleWebKit/537.36 (KHTML, like Gecko; compatible; GPTBot/1.4; +https://openai.com/gptbot)"
74.7.227.1 - - [07/Jul/2026:02:37:49 +0200] "GET /shopping/1297779030 HTTP/2" 301 0 "https://www.bigfreeodds.com/sitemaps.xml" "Mozilla/5.0 AppleWebKit/537.36 (KHTML, like Gecko; compatible; GPTBot/1.4; +https://openai.com/gptbot)"
74.7.227.1 - - [07/Jul/2026:02:37:50 +0200] "GET /shopping/3336806156 HTTP/2" 301 0 "https://www.bigfreeodds.com/sitemaps.xml" "Mozilla/5.0 AppleWebKit/537.36 (KHTML, like Gecko; compatible; GPTBot/1.4; +https://openai.com/gptbot)"
74.7.227.1 - - [07/Jul/2026:02:37:50 +0200] "GET /shopping/1472229849 HTTP/2" 301 0 "https://www.bigfreeodds.com/sitemaps.xml" "Mozilla/5.0 AppleWebKit/537.36 (KHTML, like Gecko; compatible; GPTBot/1.4; +https://openai.com/gptbot)"
74.7.227.158 - - [07/Jul/2026:02:37:51 +0200] "GET /shopping/2002542229 HTTP/2" 404 5750 "https://www.bigfreeodds.com" "Mozilla/5.0 AppleWebKit/537.36 (KHTML, like Gecko; compatible; GPTBot/1.4; +https://openai.com/gptbot)"
74.7.227.1 - - [07/Jul/2026:02:37:51 +0200] "GET /shopping/3034191777 HTTP/2" 301 0 "https://www.bigfreeodds.com/sitemaps.xml" "Mozilla/5.0 AppleWebKit/537.36 (KHTML, like Gecko; compatible; GPTBot/1.4; +https://openai.com/gptbot)"
74.7.227.1 - - [07/Jul/2026:02:37:52 +0200] "GET /shopping/1979993453 HTTP/2" 301 0 "https://www.bigfreeodds.com/sitemaps.xml" "Mozilla/5.0 AppleWebKit/537.36 (KHTML, like Gecko; compatible; GPTBot/1.4; +https://openai.com/gptbot)"
74.7.227.1 - - [07/Jul/2026:02:37:52 +0200] "GET /shopping/3744476528 HTTP/2" 301 0 "https://www.bigfreeodds.com/sitemaps.xml" "Mozilla/5.0 AppleWebKit/537.36 (KHTML, like Gecko; compatible; GPTBot/1.4; +https://openai.com/gptbot)"
74.7.227.1 - - [07/Jul/2026:02:37:53 +0200] "GET /shopping/4186343335 HTTP/2" 301 0 "https://www.bigfreeodds.com/sitemaps.xml" "Mozilla/5.0 AppleWebKit/537.36 (KHTML, like Gecko; compatible; GPTBot/1.4; +https://openai.com/gptbot)"
74.7.227.1 - - [07/Jul/2026:02:37:54 +0200] "GET /shopping/1736662129 HTTP/2" 301 0 "https://www.bigfreeodds.com/sitemaps.xml" "Mozilla/5.0 AppleWebKit/537.36 (KHTML, like Gecko; compatible; GPTBot/1.4; +https://openai.com/gptbot)"
74.7.227.158 - - [07/Jul/2026:02:37:54 +0200] "GET /shopping/3311158563 HTTP/2" 404 5750 "https://www.bigfreeodds.com" "Mozilla/5.0 AppleWebKit/537.36 (KHTML, like Gecko; compatible; GPTBot/1.4; +https://openai.com/gptbot)"
74.7.227.1 - - [07/Jul/2026:02:37:55 +0200] "GET /shopping/3335430518 HTTP/2" 301 0 "https://www.bigfreeodds.com/sitemaps.xml" "Mozilla/5.0 AppleWebKit/537.36 (KHTML, like Gecko; compatible; GPTBot/1.4; +https://openai.com/gptbot)"
74.7.227.1 - - [07/Jul/2026:02:37:55 +0200] "GET /shopping/1904755573 HTTP/2" 301 0 "https://www.bigfreeodds.com/sitemaps.xml" "Mozilla/5.0 AppleWebKit/537.36 (KHTML, like Gecko; compatible; GPTBot/1.4; +https://openai.com/gptbot)"
74.7.227.1 - - [07/Jul/2026:02:37:56 +0200] "GET /shopping/3330841746 HTTP/2" 301 0 "https://www.bigfreeodds.com/sitemaps.xml" "Mozilla/5.0 AppleWebKit/537.36 (KHTML, like Gecko; compatible; GPTBot/1.4; +https://openai.com/gptbot)"
74.7.227.1 - - [07/Jul/2026:02:37:57 +0200] "GET /shopping/2036974449 HTTP/2" 301 0 "https://www.bigfreeodds.com/sitemaps.xml" "Mozilla/5.0 AppleWebKit/537.36 (KHTML, like Gecko; compatible; GPTBot/1.4; +https://openai.com/gptbot)"
74.7.227.158 - - [07/Jul/2026:02:37:57 +0200] "GET /shopping/1771094333 HTTP/2" 404 5750 "https://www.bigfreeodds.com" "Mozilla/5.0 AppleWebKit/537.36 (KHTML, like Gecko; compatible; GPTBot/1.4; +https://openai.com/gptbot)"
74.7.227.1 - - [07/Jul/2026:02:37:57 +0200] "GET /shopping/1053866611 HTTP/2" 301 0 "https://www.bigfreeodds.com/sitemaps.xml" "Mozilla/5.0 AppleWebKit/537.36 (KHTML, like Gecko; compatible; GPTBot/1.4; +https://openai.com/gptbot)"
74.7.227.1 - - [07/Jul/2026:02:37:58 +0200] "GET /shopping/3215000810 HTTP/2" 301 0 "https://www.bigfreeodds.com/sitemaps.xml" "Mozilla/5.0 AppleWebKit/537.36 (KHTML, like Gecko; compatible; GPTBot/1.4; +https://openai.com/gptbot)"
74.7.227.1 - - [07/Jul/2026:02:37:59 +0200] "GET /shopping/1225476444 HTTP/2" 301 0 "https://www.bigfreeodds.com/sitemaps.xml" "Mozilla/5.0 AppleWebKit/537.36 (KHTML, like Gecko; compatible; GPTBot/1.4; +https://openai.com/gptbot)"
54.39.89.204 - - [07/Jul/2026:02:37:59 +0200] "GET /usa-usl-2/ HTTP/2" 301 0 "-" "Mozilla/5.0 (compatible; AhrefsBot/7.0; +http://ahrefs.com/robot/)"
74.7.227.1 - - [07/Jul/2026:02:37:59 +0200] "GET /shopping/1429997906 HTTP/2" 301 0 "https://www.bigfreeodds.com/sitemaps.xml" "Mozilla/5.0 AppleWebKit/537.36 (KHTML, like Gecko; compatible; GPTBot/1.4; +https://openai.com/gptbot)"
74.7.227.1 - - [07/Jul/2026:02:38:00 +0200] "GET /shopping/2874489995 HTTP/2" 301 0 "https://www.bigfreeodds.com/sitemaps.xml" "Mozilla/5.0 AppleWebKit/537.36 (KHTML, like Gecko; compatible; GPTBot/1.4; +https://openai.com/gptbot)"
74.7.227.158 - - [07/Jul/2026:02:38:00 +0200] "GET /shopping/3123622206 HTTP/2" 404 5750 "https://www.bigfreeodds.com" "Mozilla/5.0 AppleWebKit/537.36 (KHTML, like Gecko; compatible; GPTBot/1.4; +https://openai.com/gptbot)"
74.7.227.1 - - [07/Jul/2026:02:38:01 +0200] "GET /shopping/1666783725 HTTP/2" 301 0 "https://www.bigfreeodds.com/sitemaps.xml" "Mozilla/5.0 AppleWebKit/537.36 (KHTML, like Gecko; compatible; GPTBot/1.4; +https://openai.com/gptbot)"
74.7.227.1 - - [07/Jul/2026:02:38:01 +0200] "GET /shopping/1444928746 HTTP/2" 301 0 "https://www.bigfreeodds.com/sitemaps.xml" "Mozilla/5.0 AppleWebKit/537.36 (KHTML, like Gecko; compatible; GPTBot/1.4; +https://openai.com/gptbot)"
74.7.227.1 - - [07/Jul/2026:02:38:02 +0200] "GET /shopping/3332053829 HTTP/2" 301 0 "https://www.bigfreeodds.com/sitemaps.xml" "Mozilla/5.0 AppleWebKit/537.36 (KHTML, like Gecko; compatible; GPTBot/1.4; +https://openai.com/gptbot)"
74.7.227.1 - - [07/Jul/2026:02:38:03 +0200] "GET /shopping/2437771502 HTTP/2" 301 0 "https://www.bigfreeodds.com/sitemaps.xml" "Mozilla/5.0 AppleWebKit/537.36 (KHTML, like Gecko; compatible; GPTBot/1.4; +https://openai.com/gptbot)"
74.7.227.158 - - [07/Jul/2026:02:38:03 +0200] "GET /shopping/3583955596 HTTP/2" 404 5750 "https://www.bigfreeodds.com" "Mozilla/5.0 AppleWebKit/537.36 (KHTML, like Gecko; compatible; GPTBot/1.4; +https://openai.com/gptbot)"
74.7.227.1 - - [07/Jul/2026:02:38:04 +0200] "GET /shopping/4175559856 HTTP/2" 301 0 "https://www.bigfreeodds.com/sitemaps.xml" "Mozilla/5.0 AppleWebKit/537.36 (KHTML, like Gecko; compatible; GPTBot/1.4; +https://openai.com/gptbot)"
74.7.227.1 - - [07/Jul/2026:02:38:04 +0200] "GET /shopping/3899222611 HTTP/2" 301 0 "https://www.bigfreeodds.com/sitemaps.xml" "Mozilla/5.0 AppleWebKit/537.36 (KHTML, like Gecko; compatible; GPTBot/1.4; +https://openai.com/gptbot)"
74.7.227.1 - - [07/Jul/2026:02:38:05 +0200] "GET /shopping/2225281477 HTTP/2" 301 0 "https://www.bigfreeodds.com/sitemaps.xml" "Mozilla/5.0 AppleWebKit/537.36 (KHTML, like Gecko; compatible; GPTBot/1.4; +https://openai.com/gptbot)"
74.7.227.1 - - [07/Jul/2026:02:38:06 +0200] "GET /shopping/1843233396 HTTP/2" 301 0 "https://www.bigfreeodds.com/sitemaps.xml" "Mozilla/5.0 AppleWebKit/537.36 (KHTML, like Gecko; compatible; GPTBot/1.4; +https://openai.com/gptbot)"
74.7.227.1 - - [07/Jul/2026:02:38:06 +0200] "GET /shopping/2533393568 HTTP/2" 301 0 "https://www.bigfreeodds.com/sitemaps.xml" "Mozilla/5.0 AppleWebKit/537.36 (KHTML, like Gecko; compatible; GPTBot/1.4; +https://openai.com/gptbot)"
74.7.227.158 - - [07/Jul/2026:02:38:07 +0200] "GET /shopping/2999532330 HTTP/2" 404 5749 "https://www.bigfreeodds.com" "Mozilla/5.0 AppleWebKit/537.36 (KHTML, like Gecko; compatible; GPTBot/1.4; +https://openai.com/gptbot)"
74.7.227.1 - - [07/Jul/2026:02:38:07 +0200] "GET /shopping/3703456668 HTTP/2" 301 0 "https://www.bigfreeodds.com/sitemaps.xml" "Mozilla/5.0 AppleWebKit/537.36 (KHTML, like Gecko; compatible; GPTBot/1.4; +https://openai.com/gptbot)"
74.7.227.1 - - [07/Jul/2026:02:38:08 +0200] "GET /shopping/3793699920 HTTP/2" 301 0 "https://www.bigfreeodds.com/sitemaps.xml" "Mozilla/5.0 AppleWebKit/537.36 (KHTML, like Gecko; compatible; GPTBot/1.4; +https://openai.com/gptbot)"
74.7.227.1 - - [07/Jul/2026:02:38:08 +0200] "GET /shopping/2444948011 HTTP/2" 301 0 "https://www.bigfreeodds.com/sitemaps.xml" "Mozilla/5.0 AppleWebKit/537.36 (KHTML, like Gecko; compatible; GPTBot/1.4; +https://openai.com/gptbot)"
74.7.227.1 - - [07/Jul/2026:02:38:09 +0200] "GET /shopping/4156663458 HTTP/2" 301 0 "https://www.bigfreeodds.com/sitemaps.xml" "Mozilla/5.0 AppleWebKit/537.36 (KHTML, like Gecko; compatible; GPTBot/1.4; +https://openai.com/gptbot)"
74.7.227.158 - - [07/Jul/2026:02:38:10 +0200] "GET /shopping/2111441625 HTTP/2" 404 5750 "https://www.bigfreeodds.com" "Mozilla/5.0 AppleWebKit/537.36 (KHTML, like Gecko; compatible; GPTBot/1.4; +https://openai.com/gptbot)"
74.7.227.1 - - [07/Jul/2026:02:38:10 +0200] "GET /shopping/3653606757 HTTP/2" 301 0 "https://www.bigfreeodds.com/sitemaps.xml" "Mozilla/5.0 AppleWebKit/537.36 (KHTML, like Gecko; compatible; GPTBot/1.4; +https://openai.com/gptbot)"
74.7.227.1 - - [07/Jul/2026:02:38:11 +0200] "GET /shopping/2222953364 HTTP/2" 301 0 "https://www.bigfreeodds.com/sitemaps.xml" "Mozilla/5.0 AppleWebKit/537.36 (KHTML, like Gecko; compatible; GPTBot/1.4; +https://openai.com/gptbot)"
74.7.227.1 - - [07/Jul/2026:02:38:11 +0200] "GET /shopping/3333265928 HTTP/2" 301 0 "https://www.bigfreeodds.com/sitemaps.xml" "Mozilla/5.0 AppleWebKit/537.36 (KHTML, like Gecko; compatible; GPTBot/1.4; +https://openai.com/gptbot)"
