74.7.227.1 - - [07/Jul/2026:03:20:35 +0200] "GET /shopping/1571788162 HTTP/2" 301 0 "https://www.bigfreeodds.com/sitemaps.xml" "Mozilla/5.0 AppleWebKit/537.36 (KHTML, like Gecko; compatible; GPTBot/1.4; +https://openai.com/gptbot)"
74.7.227.158 - - [07/Jul/2026:03:20:38 +0200] "GET /shopping/2016849855 HTTP/2" 404 5750 "https://www.bigfreeodds.com" "Mozilla/5.0 AppleWebKit/537.36 (KHTML, like Gecko; compatible; GPTBot/1.4; +https://openai.com/gptbot)"
74.7.227.1 - - [07/Jul/2026:03:20:38 +0200] "GET /shopping/3749228823 HTTP/2" 301 0 "https://www.bigfreeodds.com/sitemaps.xml" "Mozilla/5.0 AppleWebKit/537.36 (KHTML, like Gecko; compatible; GPTBot/1.4; +https://openai.com/gptbot)"
74.7.227.158 - - [07/Jul/2026:03:20:41 +0200] "GET /shopping/2440359207 HTTP/2" 404 5750 "https://www.bigfreeodds.com" "Mozilla/5.0 AppleWebKit/537.36 (KHTML, like Gecko; compatible; GPTBot/1.4; +https://openai.com/gptbot)"
74.7.227.1 - - [07/Jul/2026:03:20:41 +0200] "GET /shopping/3475219723 HTTP/2" 301 0 "https://www.bigfreeodds.com/sitemaps.xml" "Mozilla/5.0 AppleWebKit/537.36 (KHTML, like Gecko; compatible; GPTBot/1.4; +https://openai.com/gptbot)"
74.7.227.158 - - [07/Jul/2026:03:20:44 +0200] "GET /shopping/3514240715 HTTP/2" 404 5750 "https://www.bigfreeodds.com" "Mozilla/5.0 AppleWebKit/537.36 (KHTML, like Gecko; compatible; GPTBot/1.4; +https://openai.com/gptbot)"
74.7.227.1 - - [07/Jul/2026:03:20:44 +0200] "GET /shopping/2832094513 HTTP/2" 301 0 "https://www.bigfreeodds.com/sitemaps.xml" "Mozilla/5.0 AppleWebKit/537.36 (KHTML, like Gecko; compatible; GPTBot/1.4; +https://openai.com/gptbot)"
104.164.106.34 - - [07/Jul/2026:03:20:47 +0200] "GET /australia-nothern-nsw-npl/ HTTP/2" 404 21467 "-" "Mozilla/5.0 (Macintosh; Intel Mac OS X 10_15_7) AppleWebKit/537.36 (KHTML, like Gecko) Chrome/148.0.0.0 Safari/537.36"
74.7.227.158 - - [07/Jul/2026:03:20:48 +0200] "GET /shopping/2197635032 HTTP/2" 404 5750 "https://www.bigfreeodds.com" "Mozilla/5.0 AppleWebKit/537.36 (KHTML, like Gecko; compatible; GPTBot/1.4; +https://openai.com/gptbot)"
74.7.227.1 - - [07/Jul/2026:03:20:48 +0200] "GET /shopping/2656011705 HTTP/2" 301 0 "https://www.bigfreeodds.com/sitemaps.xml" "Mozilla/5.0 AppleWebKit/537.36 (KHTML, like Gecko; compatible; GPTBot/1.4; +https://openai.com/gptbot)"
74.7.227.1 - - [07/Jul/2026:03:20:51 +0200] "GET /shopping/3758384862 HTTP/2" 301 0 "https://www.bigfreeodds.com/sitemaps.xml" "Mozilla/5.0 AppleWebKit/537.36 (KHTML, like Gecko; compatible; GPTBot/1.4; +https://openai.com/gptbot)"
74.7.227.158 - - [07/Jul/2026:03:20:51 +0200] "GET /shopping/1513627432 HTTP/2" 404 5750 "https://www.bigfreeodds.com" "Mozilla/5.0 AppleWebKit/537.36 (KHTML, like Gecko; compatible; GPTBot/1.4; +https://openai.com/gptbot)"
74.7.227.158 - - [07/Jul/2026:03:20:54 +0200] "GET /shopping/2562977376 HTTP/2" 404 5750 "https://www.bigfreeodds.com" "Mozilla/5.0 AppleWebKit/537.36 (KHTML, like Gecko; compatible; GPTBot/1.4; +https://openai.com/gptbot)"
74.7.227.1 - - [07/Jul/2026:03:20:54 +0200] "GET /shopping/3831899563 HTTP/2" 301 0 "https://www.bigfreeodds.com/sitemaps.xml" "Mozilla/5.0 AppleWebKit/537.36 (KHTML, like Gecko; compatible; GPTBot/1.4; +https://openai.com/gptbot)"
74.7.227.1 - - [07/Jul/2026:03:20:57 +0200] "GET /shopping/2173103485 HTTP/2" 301 0 "https://www.bigfreeodds.com/sitemaps.xml" "Mozilla/5.0 AppleWebKit/537.36 (KHTML, like Gecko; compatible; GPTBot/1.4; +https://openai.com/gptbot)"
74.7.227.158 - - [07/Jul/2026:03:20:57 +0200] "GET /shopping/3995797184 HTTP/2" 404 5750 "https://www.bigfreeodds.com" "Mozilla/5.0 AppleWebKit/537.36 (KHTML, like Gecko; compatible; GPTBot/1.4; +https://openai.com/gptbot)"
74.7.227.1 - - [07/Jul/2026:03:21:00 +0200] "GET /shopping/4044389556 HTTP/2" 301 0 "https://www.bigfreeodds.com/sitemaps.xml" "Mozilla/5.0 AppleWebKit/537.36 (KHTML, like Gecko; compatible; GPTBot/1.4; +https://openai.com/gptbot)"
74.7.227.158 - - [07/Jul/2026:03:21:00 +0200] "GET /shopping/3782309276 HTTP/2" 404 5750 "https://www.bigfreeodds.com" "Mozilla/5.0 AppleWebKit/537.36 (KHTML, like Gecko; compatible; GPTBot/1.4; +https://openai.com/gptbot)"
74.7.227.1 - - [07/Jul/2026:03:21:03 +0200] "GET /shopping/3484397283 HTTP/2" 301 0 "https://www.bigfreeodds.com/sitemaps.xml" "Mozilla/5.0 AppleWebKit/537.36 (KHTML, like Gecko; compatible; GPTBot/1.4; +https://openai.com/gptbot)"
74.7.227.158 - - [07/Jul/2026:03:21:04 +0200] "GET /shopping/3752605512 HTTP/2" 404 5750 "https://www.bigfreeodds.com" "Mozilla/5.0 AppleWebKit/537.36 (KHTML, like Gecko; compatible; GPTBot/1.4; +https://openai.com/gptbot)"
74.7.227.1 - - [07/Jul/2026:03:21:06 +0200] "GET /shopping/1080309499 HTTP/2" 301 0 "https://www.bigfreeodds.com/sitemaps.xml" "Mozilla/5.0 AppleWebKit/537.36 (KHTML, like Gecko; compatible; GPTBot/1.4; +https://openai.com/gptbot)"
74.7.227.158 - - [07/Jul/2026:03:21:07 +0200] "GET /shopping/1586882541 HTTP/2" 404 5750 "https://www.bigfreeodds.com" "Mozilla/5.0 AppleWebKit/537.36 (KHTML, like Gecko; compatible; GPTBot/1.4; +https://openai.com/gptbot)"
74.7.227.1 - - [07/Jul/2026:03:21:10 +0200] "GET /shopping/2112653740 HTTP/2" 301 0 "https://www.bigfreeodds.com/sitemaps.xml" "Mozilla/5.0 AppleWebKit/537.36 (KHTML, like Gecko; compatible; GPTBot/1.4; +https://openai.com/gptbot)"
74.7.227.158 - - [07/Jul/2026:03:21:10 +0200] "GET /shopping/1571788162 HTTP/2" 404 5750 "https://www.bigfreeodds.com" "Mozilla/5.0 AppleWebKit/537.36 (KHTML, like Gecko; compatible; GPTBot/1.4; +https://openai.com/gptbot)"
74.7.227.1 - - [07/Jul/2026:03:21:13 +0200] "GET /shopping/1425409118 HTTP/2" 301 0 "https://www.bigfreeodds.com/sitemaps.xml" "Mozilla/5.0 AppleWebKit/537.36 (KHTML, like Gecko; compatible; GPTBot/1.4; +https://openai.com/gptbot)"
74.7.227.158 - - [07/Jul/2026:03:21:13 +0200] "GET /shopping/4210874914 HTTP/2" 404 5750 "https://www.bigfreeodds.com" "Mozilla/5.0 AppleWebKit/537.36 (KHTML, like Gecko; compatible; GPTBot/1.4; +https://openai.com/gptbot)"
74.7.227.1 - - [07/Jul/2026:03:21:16 +0200] "GET /shopping/1928075053 HTTP/2" 301 0 "https://www.bigfreeodds.com/sitemaps.xml" "Mozilla/5.0 AppleWebKit/537.36 (KHTML, like Gecko; compatible; GPTBot/1.4; +https://openai.com/gptbot)"
74.7.227.158 - - [07/Jul/2026:03:21:16 +0200] "GET /shopping/1348517728 HTTP/2" 404 5750 "https://www.bigfreeodds.com" "Mozilla/5.0 AppleWebKit/537.36 (KHTML, like Gecko; compatible; GPTBot/1.4; +https://openai.com/gptbot)"
74.7.227.1 - - [07/Jul/2026:03:21:19 +0200] "GET /shopping/3629941967 HTTP/2" 301 0 "https://www.bigfreeodds.com/sitemaps.xml" "Mozilla/5.0 AppleWebKit/537.36 (KHTML, like Gecko; compatible; GPTBot/1.4; +https://openai.com/gptbot)"
74.7.227.158 - - [07/Jul/2026:03:21:20 +0200] "GET /shopping/3175982033 HTTP/2" 404 5750 "https://www.bigfreeodds.com" "Mozilla/5.0 AppleWebKit/537.36 (KHTML, like Gecko; compatible; GPTBot/1.4; +https://openai.com/gptbot)"
104.164.106.57 - - [07/Jul/2026:03:21:21 +0200] "GET /australia-western-australia-npl/ HTTP/2" 404 21467 "-" "Mozilla/5.0 (Macintosh; Intel Mac OS X 10_15_7) AppleWebKit/537.36 (KHTML, like Gecko) Chrome/148.0.0.0 Safari/537.36"
74.7.227.1 - - [07/Jul/2026:03:21:22 +0200] "GET /shopping/3006708839 HTTP/2" 301 0 "https://www.bigfreeodds.com/sitemaps.xml" "Mozilla/5.0 AppleWebKit/537.36 (KHTML, like Gecko; compatible; GPTBot/1.4; +https://openai.com/gptbot)"
74.7.227.158 - - [07/Jul/2026:03:21:23 +0200] "GET /shopping/2656011705 HTTP/2" 404 5750 "https://www.bigfreeodds.com" "Mozilla/5.0 AppleWebKit/537.36 (KHTML, like Gecko; compatible; GPTBot/1.4; +https://openai.com/gptbot)"
74.7.227.1 - - [07/Jul/2026:03:21:26 +0200] "GET /shopping/1058455399 HTTP/2" 301 0 "https://www.bigfreeodds.com/sitemaps.xml" "Mozilla/5.0 AppleWebKit/537.36 (KHTML, like Gecko; compatible; GPTBot/1.4; +https://openai.com/gptbot)"
74.7.227.158 - - [07/Jul/2026:03:21:26 +0200] "GET /shopping/3556818016 HTTP/2" 404 5750 "https://www.bigfreeodds.com" "Mozilla/5.0 AppleWebKit/537.36 (KHTML, like Gecko; compatible; GPTBot/1.4; +https://openai.com/gptbot)"
74.7.227.1 - - [07/Jul/2026:03:21:29 +0200] "GET /shopping/4090161743 HTTP/2" 301 0 "https://www.bigfreeodds.com/sitemaps.xml" "Mozilla/5.0 AppleWebKit/537.36 (KHTML, like Gecko; compatible; GPTBot/1.4; +https://openai.com/gptbot)"
74.7.227.158 - - [07/Jul/2026:03:21:29 +0200] "GET /shopping/3831899563 HTTP/2" 404 5750 "https://www.bigfreeodds.com" "Mozilla/5.0 AppleWebKit/537.36 (KHTML, like Gecko; compatible; GPTBot/1.4; +https://openai.com/gptbot)"
74.7.227.1 - - [07/Jul/2026:03:21:32 +0200] "GET /shopping/2906725228 HTTP/2" 301 0 "https://www.bigfreeodds.com/sitemaps.xml" "Mozilla/5.0 AppleWebKit/537.36 (KHTML, like Gecko; compatible; GPTBot/1.4; +https://openai.com/gptbot)"
74.7.227.158 - - [07/Jul/2026:03:21:32 +0200] "GET /shopping/3407505893 HTTP/2" 404 5750 "https://www.bigfreeodds.com" "Mozilla/5.0 AppleWebKit/537.36 (KHTML, like Gecko; compatible; GPTBot/1.4; +https://openai.com/gptbot)"
74.7.227.1 - - [07/Jul/2026:03:21:35 +0200] "GET /shopping/2264136763 HTTP/2" 301 0 "https://www.bigfreeodds.com/sitemaps.xml" "Mozilla/5.0 AppleWebKit/537.36 (KHTML, like Gecko; compatible; GPTBot/1.4; +https://openai.com/gptbot)"
74.7.227.158 - - [07/Jul/2026:03:21:35 +0200] "GET /shopping/3484397283 HTTP/2" 404 5750 "https://www.bigfreeodds.com" "Mozilla/5.0 AppleWebKit/537.36 (KHTML, like Gecko; compatible; GPTBot/1.4; +https://openai.com/gptbot)"
104.164.106.22 - - [07/Jul/2026:03:21:38 +0200] "GET /austria-bundesliga/ HTTP/2" 404 21467 "-" "Mozilla/5.0 (Macintosh; Intel Mac OS X 10_15_7) AppleWebKit/537.36 (KHTML, like Gecko) Chrome/148.0.0.0 Safari/537.36"
74.7.227.1 - - [07/Jul/2026:03:21:38 +0200] "GET /shopping/1160577562 HTTP/2" 301 0 "https://www.bigfreeodds.com/sitemaps.xml" "Mozilla/5.0 AppleWebKit/537.36 (KHTML, like Gecko; compatible; GPTBot/1.4; +https://openai.com/gptbot)"
74.7.227.158 - - [07/Jul/2026:03:21:39 +0200] "GET /shopping/1080309499 HTTP/2" 404 5750 "https://www.bigfreeodds.com" "Mozilla/5.0 AppleWebKit/537.36 (KHTML, like Gecko; compatible; GPTBot/1.4; +https://openai.com/gptbot)"
74.7.227.1 - - [07/Jul/2026:03:21:41 +0200] "GET /shopping/4051566081 HTTP/2" 301 0 "https://www.bigfreeodds.com/sitemaps.xml" "Mozilla/5.0 AppleWebKit/537.36 (KHTML, like Gecko; compatible; GPTBot/1.4; +https://openai.com/gptbot)"
74.7.227.158 - - [07/Jul/2026:03:21:42 +0200] "GET /shopping/3259751243 HTTP/2" 404 5750 "https://www.bigfreeodds.com" "Mozilla/5.0 AppleWebKit/537.36 (KHTML, like Gecko; compatible; GPTBot/1.4; +https://openai.com/gptbot)"
74.7.227.1 - - [07/Jul/2026:03:21:45 +0200] "GET /shopping/2985813573 HTTP/2" 301 0 "https://www.bigfreeodds.com/sitemaps.xml" "Mozilla/5.0 AppleWebKit/537.36 (KHTML, like Gecko; compatible; GPTBot/1.4; +https://openai.com/gptbot)"
74.7.227.158 - - [07/Jul/2026:03:21:45 +0200] "GET /shopping/1425409118 HTTP/2" 404 5750 "https://www.bigfreeodds.com" "Mozilla/5.0 AppleWebKit/537.36 (KHTML, like Gecko; compatible; GPTBot/1.4; +https://openai.com/gptbot)"
74.7.227.158 - - [07/Jul/2026:03:21:48 +0200] "GET /shopping/3798452215 HTTP/2" 404 5750 "https://www.bigfreeodds.com" "Mozilla/5.0 AppleWebKit/537.36 (KHTML, like Gecko; compatible; GPTBot/1.4; +https://openai.com/gptbot)"
74.7.227.1 - - [07/Jul/2026:03:21:48 +0200] "GET /shopping/1439569286 HTTP/2" 301 0 "https://www.bigfreeodds.com/sitemaps.xml" "Mozilla/5.0 AppleWebKit/537.36 (KHTML, like Gecko; compatible; GPTBot/1.4; +https://openai.com/gptbot)"
74.7.227.1 - - [07/Jul/2026:03:21:51 +0200] "GET /shopping/3473844085 HTTP/2" 301 0 "https://www.bigfreeodds.com/sitemaps.xml" "Mozilla/5.0 AppleWebKit/537.36 (KHTML, like Gecko; compatible; GPTBot/1.4; +https://openai.com/gptbot)"
74.7.227.158 - - [07/Jul/2026:03:21:51 +0200] "GET /shopping/3629941967 HTTP/2" 404 5750 "https://www.bigfreeodds.com" "Mozilla/5.0 AppleWebKit/537.36 (KHTML, like Gecko; compatible; GPTBot/1.4; +https://openai.com/gptbot)"
74.7.227.158 - - [07/Jul/2026:03:21:54 +0200] "GET /shopping/3006708839 HTTP/2" 404 5750 "https://www.bigfreeodds.com" "Mozilla/5.0 AppleWebKit/537.36 (KHTML, like Gecko; compatible; GPTBot/1.4; +https://openai.com/gptbot)"
74.7.227.1 - - [07/Jul/2026:03:21:54 +0200] "GET /shopping/3875343605 HTTP/2" 301 0 "https://www.bigfreeodds.com/sitemaps.xml" "Mozilla/5.0 AppleWebKit/537.36 (KHTML, like Gecko; compatible; GPTBot/1.4; +https://openai.com/gptbot)"
104.164.106.41 - - [07/Jul/2026:03:21:55 +0200] "GET /austria-cup/ HTTP/2" 404 21467 "-" "Mozilla/5.0 (Macintosh; Intel Mac OS X 10_15_7) AppleWebKit/537.36 (KHTML, like Gecko) Chrome/148.0.0.0 Safari/537.36"
74.7.227.158 - - [07/Jul/2026:03:21:57 +0200] "GET /shopping/1058455399 HTTP/2" 404 5750 "https://www.bigfreeodds.com" "Mozilla/5.0 AppleWebKit/537.36 (KHTML, like Gecko; compatible; GPTBot/1.4; +https://openai.com/gptbot)"
74.7.227.1 - - [07/Jul/2026:03:21:57 +0200] "GET /shopping/2532181469 HTTP/2" 301 0 "https://www.bigfreeodds.com/sitemaps.xml" "Mozilla/5.0 AppleWebKit/537.36 (KHTML, like Gecko; compatible; GPTBot/1.4; +https://openai.com/gptbot)"
74.7.227.158 - - [07/Jul/2026:03:22:00 +0200] "GET /shopping/4090161743 HTTP/2" 404 5749 "https://www.bigfreeodds.com" "Mozilla/5.0 AppleWebKit/537.36 (KHTML, like Gecko; compatible; GPTBot/1.4; +https://openai.com/gptbot)"
74.7.227.1 - - [07/Jul/2026:03:22:01 +0200] "GET /shopping/1779108288 HTTP/2" 301 0 "https://www.bigfreeodds.com/sitemaps.xml" "Mozilla/5.0 AppleWebKit/537.36 (KHTML, like Gecko; compatible; GPTBot/1.4; +https://openai.com/gptbot)"
74.7.227.158 - - [07/Jul/2026:03:22:04 +0200] "GET /shopping/2906725228 HTTP/2" 404 5750 "https://www.bigfreeodds.com" "Mozilla/5.0 AppleWebKit/537.36 (KHTML, like Gecko; compatible; GPTBot/1.4; +https://openai.com/gptbot)"
74.7.227.1 - - [07/Jul/2026:03:22:04 +0200] "GET /shopping/2560812786 HTTP/2" 301 0 "https://www.bigfreeodds.com/sitemaps.xml" "Mozilla/5.0 AppleWebKit/537.36 (KHTML, like Gecko; compatible; GPTBot/1.4; +https://openai.com/gptbot)"
74.7.227.158 - - [07/Jul/2026:03:22:07 +0200] "GET /shopping/2264136763 HTTP/2" 404 5750 "https://www.bigfreeodds.com" "Mozilla/5.0 AppleWebKit/537.36 (KHTML, like Gecko; compatible; GPTBot/1.4; +https://openai.com/gptbot)"
74.7.227.1 - - [07/Jul/2026:03:22:07 +0200] "GET /shopping/1064256302 HTTP/2" 301 0 "https://www.bigfreeodds.com/sitemaps.xml" "Mozilla/5.0 AppleWebKit/537.36 (KHTML, like Gecko; compatible; GPTBot/1.4; +https://openai.com/gptbot)"
74.7.227.158 - - [07/Jul/2026:03:22:10 +0200] "GET /shopping/1160577562 HTTP/2" 404 5750 "https://www.bigfreeodds.com" "Mozilla/5.0 AppleWebKit/537.36 (KHTML, like Gecko; compatible; GPTBot/1.4; +https://openai.com/gptbot)"
74.7.227.1 - - [07/Jul/2026:03:22:10 +0200] "GET /shopping/2415268102 HTTP/2" 301 0 "https://www.bigfreeodds.com/sitemaps.xml" "Mozilla/5.0 AppleWebKit/537.36 (KHTML, like Gecko; compatible; GPTBot/1.4; +https://openai.com/gptbot)"
74.7.227.158 - - [07/Jul/2026:03:22:13 +0200] "GET /shopping/4105908663 HTTP/2" 404 5750 "https://www.bigfreeodds.com" "Mozilla/5.0 AppleWebKit/537.36 (KHTML, like Gecko; compatible; GPTBot/1.4; +https://openai.com/gptbot)"
74.7.227.1 - - [07/Jul/2026:03:22:13 +0200] "GET /shopping/3479808511 HTTP/2" 301 0 "https://www.bigfreeodds.com/sitemaps.xml" "Mozilla/5.0 AppleWebKit/537.36 (KHTML, like Gecko; compatible; GPTBot/1.4; +https://openai.com/gptbot)"
74.7.227.158 - - [07/Jul/2026:03:22:16 +0200] "GET /shopping/1694526255 HTTP/2" 404 5750 "https://www.bigfreeodds.com" "Mozilla/5.0 AppleWebKit/537.36 (KHTML, like Gecko; compatible; GPTBot/1.4; +https://openai.com/gptbot)"
74.7.227.1 - - [07/Jul/2026:03:22:16 +0200] "GET /shopping/3234267173 HTTP/2" 301 0 "https://www.bigfreeodds.com/sitemaps.xml" "Mozilla/5.0 AppleWebKit/537.36 (KHTML, like Gecko; compatible; GPTBot/1.4; +https://openai.com/gptbot)"
104.164.106.34 - - [07/Jul/2026:03:22:19 +0200] "GET /bosnia-and-hrzegovina-premier-liga/ HTTP/2" 404 21467 "-" "Mozilla/5.0 (Macintosh; Intel Mac OS X 10_15_7) AppleWebKit/537.36 (KHTML, like Gecko) Chrome/148.0.0.0 Safari/537.36"
74.7.227.158 - - [07/Jul/2026:03:22:19 +0200] "GET /shopping/2985813573 HTTP/2" 404 5750 "https://www.bigfreeodds.com" "Mozilla/5.0 AppleWebKit/537.36 (KHTML, like Gecko; compatible; GPTBot/1.4; +https://openai.com/gptbot)"
74.7.227.1 - - [07/Jul/2026:03:22:19 +0200] "GET /shopping/3784473850 HTTP/2" 301 0 "https://www.bigfreeodds.com/sitemaps.xml" "Mozilla/5.0 AppleWebKit/537.36 (KHTML, like Gecko; compatible; GPTBot/1.4; +https://openai.com/gptbot)"
74.7.227.158 - - [07/Jul/2026:03:22:22 +0200] "GET /shopping/1439569286 HTTP/2" 404 5750 "https://www.bigfreeodds.com" "Mozilla/5.0 AppleWebKit/537.36 (KHTML, like Gecko; compatible; GPTBot/1.4; +https://openai.com/gptbot)"
74.7.227.1 - - [07/Jul/2026:03:22:22 +0200] "GET /shopping/3474007608 HTTP/2" 301 0 "https://www.bigfreeodds.com/sitemaps.xml" "Mozilla/5.0 AppleWebKit/537.36 (KHTML, like Gecko; compatible; GPTBot/1.4; +https://openai.com/gptbot)"
74.7.227.158 - - [07/Jul/2026:03:22:25 +0200] "GET /shopping/3473844085 HTTP/2" 404 5750 "https://www.bigfreeodds.com" "Mozilla/5.0 AppleWebKit/537.36 (KHTML, like Gecko; compatible; GPTBot/1.4; +https://openai.com/gptbot)"
74.7.227.1 - - [07/Jul/2026:03:22:26 +0200] "GET /shopping/2092529130 HTTP/2" 301 0 "https://www.bigfreeodds.com/sitemaps.xml" "Mozilla/5.0 AppleWebKit/537.36 (KHTML, like Gecko; compatible; GPTBot/1.4; +https://openai.com/gptbot)"
74.7.227.158 - - [07/Jul/2026:03:22:28 +0200] "GET /shopping/3875343605 HTTP/2" 404 5750 "https://www.bigfreeodds.com" "Mozilla/5.0 AppleWebKit/537.36 (KHTML, like Gecko; compatible; GPTBot/1.4; +https://openai.com/gptbot)"
74.7.227.1 - - [07/Jul/2026:03:22:28 +0200] "GET /shopping/2767195647 HTTP/2" 301 0 "https://www.bigfreeodds.com/sitemaps.xml" "Mozilla/5.0 AppleWebKit/537.36 (KHTML, like Gecko; compatible; GPTBot/1.4; +https://openai.com/gptbot)"
74.7.227.158 - - [07/Jul/2026:03:22:31 +0200] "GET /shopping/1663407036 HTTP/2" 404 5750 "https://www.bigfreeodds.com" "Mozilla/5.0 AppleWebKit/537.36 (KHTML, like Gecko; compatible; GPTBot/1.4; +https://openai.com/gptbot)"
74.7.227.1 - - [07/Jul/2026:03:22:32 +0200] "GET /shopping/1805197292 HTTP/2" 301 0 "https://www.bigfreeodds.com/sitemaps.xml" "Mozilla/5.0 AppleWebKit/537.36 (KHTML, like Gecko; compatible; GPTBot/1.4; +https://openai.com/gptbot)"
74.7.227.158 - - [07/Jul/2026:03:22:34 +0200] "GET /shopping/1779108288 HTTP/2" 404 5750 "https://www.bigfreeodds.com" "Mozilla/5.0 AppleWebKit/537.36 (KHTML, like Gecko; compatible; GPTBot/1.4; +https://openai.com/gptbot)"
74.7.227.1 - - [07/Jul/2026:03:22:35 +0200] "GET /shopping/1817307931 HTTP/2" 301 0 "https://www.bigfreeodds.com/sitemaps.xml" "Mozilla/5.0 AppleWebKit/537.36 (KHTML, like Gecko; compatible; GPTBot/1.4; +https://openai.com/gptbot)"
74.7.227.158 - - [07/Jul/2026:03:22:38 +0200] "GET /shopping/2560812786 HTTP/2" 404 5750 "https://www.bigfreeodds.com" "Mozilla/5.0 AppleWebKit/537.36 (KHTML, like Gecko; compatible; GPTBot/1.4; +https://openai.com/gptbot)"
74.7.227.1 - - [07/Jul/2026:03:22:38 +0200] "GET /shopping/1056290809 HTTP/2" 301 0 "https://www.bigfreeodds.com/sitemaps.xml" "Mozilla/5.0 AppleWebKit/537.36 (KHTML, like Gecko; compatible; GPTBot/1.4; +https://openai.com/gptbot)"
74.7.227.158 - - [07/Jul/2026:03:22:41 +0200] "GET /shopping/1064256302 HTTP/2" 404 5750 "https://www.bigfreeodds.com" "Mozilla/5.0 AppleWebKit/537.36 (KHTML, like Gecko; compatible; GPTBot/1.4; +https://openai.com/gptbot)"
74.7.227.1 - - [07/Jul/2026:03:22:41 +0200] "GET /shopping/1315297607 HTTP/2" 301 0 "https://www.bigfreeodds.com/sitemaps.xml" "Mozilla/5.0 AppleWebKit/537.36 (KHTML, like Gecko; compatible; GPTBot/1.4; +https://openai.com/gptbot)"
74.7.227.158 - - [07/Jul/2026:03:22:44 +0200] "GET /shopping/2415268102 HTTP/2" 404 5749 "https://www.bigfreeodds.com" "Mozilla/5.0 AppleWebKit/537.36 (KHTML, like Gecko; compatible; GPTBot/1.4; +https://openai.com/gptbot)"
74.7.227.1 - - [07/Jul/2026:03:22:44 +0200] "GET /shopping/2984601490 HTTP/2" 301 0 "https://www.bigfreeodds.com/sitemaps.xml" "Mozilla/5.0 AppleWebKit/537.36 (KHTML, like Gecko; compatible; GPTBot/1.4; +https://openai.com/gptbot)"
74.7.227.158 - - [07/Jul/2026:03:22:47 +0200] "GET /shopping/3479808511 HTTP/2" 404 5750 "https://www.bigfreeodds.com" "Mozilla/5.0 AppleWebKit/537.36 (KHTML, like Gecko; compatible; GPTBot/1.4; +https://openai.com/gptbot)"
74.7.227.1 - - [07/Jul/2026:03:22:47 +0200] "GET /shopping/3367698132 HTTP/2" 301 0 "https://www.bigfreeodds.com/sitemaps.xml" "Mozilla/5.0 AppleWebKit/537.36 (KHTML, like Gecko; compatible; GPTBot/1.4; +https://openai.com/gptbot)"
74.7.227.158 - - [07/Jul/2026:03:22:50 +0200] "GET /shopping/3234267173 HTTP/2" 404 5750 "https://www.bigfreeodds.com" "Mozilla/5.0 AppleWebKit/537.36 (KHTML, like Gecko; compatible; GPTBot/1.4; +https://openai.com/gptbot)"
74.7.227.1 - - [07/Jul/2026:03:22:51 +0200] "GET /shopping/3244820371 HTTP/2" 301 0 "https://www.bigfreeodds.com/sitemaps.xml" "Mozilla/5.0 AppleWebKit/537.36 (KHTML, like Gecko; compatible; GPTBot/1.4; +https://openai.com/gptbot)"
74.7.227.158 - - [07/Jul/2026:03:22:53 +0200] "GET /shopping/3784473850 HTTP/2" 404 5750 "https://www.bigfreeodds.com" "Mozilla/5.0 AppleWebKit/537.36 (KHTML, like Gecko; compatible; GPTBot/1.4; +https://openai.com/gptbot)"
74.7.227.1 - - [07/Jul/2026:03:22:54 +0200] "GET /shopping/4046977293 HTTP/2" 301 0 "https://www.bigfreeodds.com/sitemaps.xml" "Mozilla/5.0 AppleWebKit/537.36 (KHTML, like Gecko; compatible; GPTBot/1.4; +https://openai.com/gptbot)"
74.7.227.158 - - [07/Jul/2026:03:22:57 +0200] "GET /shopping/3474007608 HTTP/2" 404 5750 "https://www.bigfreeodds.com" "Mozilla/5.0 AppleWebKit/537.36 (KHTML, like Gecko; compatible; GPTBot/1.4; +https://openai.com/gptbot)"
74.7.227.1 - - [07/Jul/2026:03:22:57 +0200] "GET /shopping/2716393261 HTTP/2" 301 0 "https://www.bigfreeodds.com/sitemaps.xml" "Mozilla/5.0 AppleWebKit/537.36 (KHTML, like Gecko; compatible; GPTBot/1.4; +https://openai.com/gptbot)"
74.7.227.158 - - [07/Jul/2026:03:23:00 +0200] "GET /shopping/2092529130 HTTP/2" 404 5750 "https://www.bigfreeodds.com" "Mozilla/5.0 AppleWebKit/537.36 (KHTML, like Gecko; compatible; GPTBot/1.4; +https://openai.com/gptbot)"
74.7.227.1 - - [07/Jul/2026:03:23:00 +0200] "GET /shopping/1018647638 HTTP/2" 301 0 "https://www.bigfreeodds.com/sitemaps.xml" "Mozilla/5.0 AppleWebKit/537.36 (KHTML, like Gecko; compatible; GPTBot/1.4; +https://openai.com/gptbot)"
74.7.227.158 - - [07/Jul/2026:03:23:03 +0200] "GET /shopping/2767195647 HTTP/2" 404 5750 "https://www.bigfreeodds.com" "Mozilla/5.0 AppleWebKit/537.36 (KHTML, like Gecko; compatible; GPTBot/1.4; +https://openai.com/gptbot)"
74.7.227.1 - - [07/Jul/2026:03:23:03 +0200] "GET /shopping/3818576809 HTTP/2" 301 0 "https://www.bigfreeodds.com/sitemaps.xml" "Mozilla/5.0 AppleWebKit/537.36 (KHTML, like Gecko; compatible; GPTBot/1.4; +https://openai.com/gptbot)"
74.7.227.158 - - [07/Jul/2026:03:23:06 +0200] "GET /shopping/4030229388 HTTP/2" 404 5750 "https://www.bigfreeodds.com" "Mozilla/5.0 AppleWebKit/537.36 (KHTML, like Gecko; compatible; GPTBot/1.4; +https://openai.com/gptbot)"
74.7.227.1 - - [07/Jul/2026:03:23:06 +0200] "GET /shopping/1269084009 HTTP/2" 301 0 "https://www.bigfreeodds.com/sitemaps.xml" "Mozilla/5.0 AppleWebKit/537.36 (KHTML, like Gecko; compatible; GPTBot/1.4; +https://openai.com/gptbot)"
74.7.227.158 - - [07/Jul/2026:03:23:09 +0200] "GET /shopping/2080763833 HTTP/2" 404 5750 "https://www.bigfreeodds.com" "Mozilla/5.0 AppleWebKit/537.36 (KHTML, like Gecko; compatible; GPTBot/1.4; +https://openai.com/gptbot)"
74.7.227.1 - - [07/Jul/2026:03:23:10 +0200] "GET /shopping/2085352637 HTTP/2" 301 0 "https://www.bigfreeodds.com/sitemaps.xml" "Mozilla/5.0 AppleWebKit/537.36 (KHTML, like Gecko; compatible; GPTBot/1.4; +https://openai.com/gptbot)"
74.7.227.158 - - [07/Jul/2026:03:23:13 +0200] "GET /shopping/1056290809 HTTP/2" 404 5750 "https://www.bigfreeodds.com" "Mozilla/5.0 AppleWebKit/537.36 (KHTML, like Gecko; compatible; GPTBot/1.4; +https://openai.com/gptbot)"
74.7.227.1 - - [07/Jul/2026:03:23:13 +0200] "GET /shopping/3852024157 HTTP/2" 301 0 "https://www.bigfreeodds.com/sitemaps.xml" "Mozilla/5.0 AppleWebKit/537.36 (KHTML, like Gecko; compatible; GPTBot/1.4; +https://openai.com/gptbot)"
74.7.227.158 - - [07/Jul/2026:03:23:16 +0200] "GET /shopping/1315297607 HTTP/2" 404 5750 "https://www.bigfreeodds.com" "Mozilla/5.0 AppleWebKit/537.36 (KHTML, like Gecko; compatible; GPTBot/1.4; +https://openai.com/gptbot)"
74.7.227.1 - - [07/Jul/2026:03:23:16 +0200] "GET /shopping/3943782699 HTTP/2" 301 0 "https://www.bigfreeodds.com/sitemaps.xml" "Mozilla/5.0 AppleWebKit/537.36 (KHTML, like Gecko; compatible; GPTBot/1.4; +https://openai.com/gptbot)"
74.7.227.158 - - [07/Jul/2026:03:23:19 +0200] "GET /shopping/1267871910 HTTP/2" 404 5750 "https://www.bigfreeodds.com" "Mozilla/5.0 AppleWebKit/537.36 (KHTML, like Gecko; compatible; GPTBot/1.4; +https://openai.com/gptbot)"
74.7.227.1 - - [07/Jul/2026:03:23:19 +0200] "GET /shopping/3067246160 HTTP/2" 301 0 "https://www.bigfreeodds.com/sitemaps.xml" "Mozilla/5.0 AppleWebKit/537.36 (KHTML, like Gecko; compatible; GPTBot/1.4; +https://openai.com/gptbot)"
74.7.227.158 - - [07/Jul/2026:03:23:22 +0200] "GET /shopping/1037560133 HTTP/2" 404 5750 "https://www.bigfreeodds.com" "Mozilla/5.0 AppleWebKit/537.36 (KHTML, like Gecko; compatible; GPTBot/1.4; +https://openai.com/gptbot)"
74.7.227.1 - - [07/Jul/2026:03:23:22 +0200] "GET /shopping/2564189459 HTTP/2" 301 0 "https://www.bigfreeodds.com/sitemaps.xml" "Mozilla/5.0 AppleWebKit/537.36 (KHTML, like Gecko; compatible; GPTBot/1.4; +https://openai.com/gptbot)"
74.7.227.158 - - [07/Jul/2026:03:23:25 +0200] "GET /shopping/3244820371 HTTP/2" 404 5750 "https://www.bigfreeodds.com" "Mozilla/5.0 AppleWebKit/537.36 (KHTML, like Gecko; compatible; GPTBot/1.4; +https://openai.com/gptbot)"
74.7.227.1 - - [07/Jul/2026:03:23:25 +0200] "GET /shopping/1809949587 HTTP/2" 301 0 "https://www.bigfreeodds.com/sitemaps.xml" "Mozilla/5.0 AppleWebKit/537.36 (KHTML, like Gecko; compatible; GPTBot/1.4; +https://openai.com/gptbot)"
74.7.227.1 - - [07/Jul/2026:03:23:28 +0200] "GET /shopping/3997009267 HTTP/2" 301 0 "https://www.bigfreeodds.com/sitemaps.xml" "Mozilla/5.0 AppleWebKit/537.36 (KHTML, like Gecko; compatible; GPTBot/1.4; +https://openai.com/gptbot)"
74.7.227.158 - - [07/Jul/2026:03:23:28 +0200] "GET /shopping/4046977293 HTTP/2" 404 5750 "https://www.bigfreeodds.com" "Mozilla/5.0 AppleWebKit/537.36 (KHTML, like Gecko; compatible; GPTBot/1.4; +https://openai.com/gptbot)"
74.7.227.1 - - [07/Jul/2026:03:23:31 +0200] "GET /shopping/3702244553 HTTP/2" 301 0 "https://www.bigfreeodds.com/sitemaps.xml" "Mozilla/5.0 AppleWebKit/537.36 (KHTML, like Gecko; compatible; GPTBot/1.4; +https://openai.com/gptbot)"
74.7.227.158 - - [07/Jul/2026:03:23:32 +0200] "GET /shopping/3220801713 HTTP/2" 404 5750 "https://www.bigfreeodds.com" "Mozilla/5.0 AppleWebKit/537.36 (KHTML, like Gecko; compatible; GPTBot/1.4; +https://openai.com/gptbot)"
74.7.227.158 - - [07/Jul/2026:03:23:35 +0200] "GET /shopping/1018647638 HTTP/2" 404 5750 "https://www.bigfreeodds.com" "Mozilla/5.0 AppleWebKit/537.36 (KHTML, like Gecko; compatible; GPTBot/1.4; +https://openai.com/gptbot)"
74.7.227.1 - - [07/Jul/2026:03:23:35 +0200] "GET /shopping/3199465020 HTTP/2" 301 0 "https://www.bigfreeodds.com/sitemaps.xml" "Mozilla/5.0 AppleWebKit/537.36 (KHTML, like Gecko; compatible; GPTBot/1.4; +https://openai.com/gptbot)"
74.7.227.158 - - [07/Jul/2026:03:23:38 +0200] "GET /shopping/3818576809 HTTP/2" 404 5750 "https://www.bigfreeodds.com" "Mozilla/5.0 AppleWebKit/537.36 (KHTML, like Gecko; compatible; GPTBot/1.4; +https://openai.com/gptbot)"
74.7.227.1 - - [07/Jul/2026:03:23:38 +0200] "GET /shopping/2193046244 HTTP/2" 301 0 "https://www.bigfreeodds.com/sitemaps.xml" "Mozilla/5.0 AppleWebKit/537.36 (KHTML, like Gecko; compatible; GPTBot/1.4; +https://openai.com/gptbot)"
74.7.227.158 - - [07/Jul/2026:03:23:41 +0200] "GET /shopping/1269084009 HTTP/2" 404 5750 "https://www.bigfreeodds.com" "Mozilla/5.0 AppleWebKit/537.36 (KHTML, like Gecko; compatible; GPTBot/1.4; +https://openai.com/gptbot)"
74.7.227.1 - - [07/Jul/2026:03:23:41 +0200] "GET /shopping/3796028033 HTTP/2" 301 0 "https://www.bigfreeodds.com/sitemaps.xml" "Mozilla/5.0 AppleWebKit/537.36 (KHTML, like Gecko; compatible; GPTBot/1.4; +https://openai.com/gptbot)"
74.7.227.158 - - [07/Jul/2026:03:23:44 +0200] "GET /shopping/2085352637 HTTP/2" 404 5750 "https://www.bigfreeodds.com" "Mozilla/5.0 AppleWebKit/537.36 (KHTML, like Gecko; compatible; GPTBot/1.4; +https://openai.com/gptbot)"
74.7.227.1 - - [07/Jul/2026:03:23:44 +0200] "GET /shopping/3825935153 HTTP/2" 301 0 "https://www.bigfreeodds.com/sitemaps.xml" "Mozilla/5.0 AppleWebKit/537.36 (KHTML, like Gecko; compatible; GPTBot/1.4; +https://openai.com/gptbot)"
74.7.227.1 - - [07/Jul/2026:03:23:47 +0200] "GET /shopping/2783943552 HTTP/2" 301 0 "https://www.bigfreeodds.com/sitemaps.xml" "Mozilla/5.0 AppleWebKit/537.36 (KHTML, like Gecko; compatible; GPTBot/1.4; +https://openai.com/gptbot)"
74.7.227.158 - - [07/Jul/2026:03:23:47 +0200] "GET /shopping/4137587440 HTTP/2" 404 5750 "https://www.bigfreeodds.com" "Mozilla/5.0 AppleWebKit/537.36 (KHTML, like Gecko; compatible; GPTBot/1.4; +https://openai.com/gptbot)"
74.7.227.158 - - [07/Jul/2026:03:23:50 +0200] "GET /shopping/1537128731 HTTP/2" 404 5750 "https://www.bigfreeodds.com" "Mozilla/5.0 AppleWebKit/537.36 (KHTML, like Gecko; compatible; GPTBot/1.4; +https://openai.com/gptbot)"
74.7.227.1 - - [07/Jul/2026:03:23:50 +0200] "GET /shopping/3547131559 HTTP/2" 301 0 "https://www.bigfreeodds.com/sitemaps.xml" "Mozilla/5.0 AppleWebKit/537.36 (KHTML, like Gecko; compatible; GPTBot/1.4; +https://openai.com/gptbot)"
74.7.227.1 - - [07/Jul/2026:03:23:54 +0200] "GET /shopping/2838058923 HTTP/2" 301 0 "https://www.bigfreeodds.com/sitemaps.xml" "Mozilla/5.0 AppleWebKit/537.36 (KHTML, like Gecko; compatible; GPTBot/1.4; +https://openai.com/gptbot)"
74.7.227.158 - - [07/Jul/2026:03:23:54 +0200] "GET /shopping/3067246160 HTTP/2" 404 5750 "https://www.bigfreeodds.com" "Mozilla/5.0 AppleWebKit/537.36 (KHTML, like Gecko; compatible; GPTBot/1.4; +https://openai.com/gptbot)"
74.7.227.1 - - [07/Jul/2026:03:23:57 +0200] "GET /shopping/3556472674 HTTP/2" 301 0 "https://www.bigfreeodds.com/sitemaps.xml" "Mozilla/5.0 AppleWebKit/537.36 (KHTML, like Gecko; compatible; GPTBot/1.4; +https://openai.com/gptbot)"
74.7.227.158 - - [07/Jul/2026:03:23:57 +0200] "GET /shopping/2564189459 HTTP/2" 404 5750 "https://www.bigfreeodds.com" "Mozilla/5.0 AppleWebKit/537.36 (KHTML, like Gecko; compatible; GPTBot/1.4; +https://openai.com/gptbot)"
74.7.227.158 - - [07/Jul/2026:03:24:00 +0200] "GET /shopping/3997009267 HTTP/2" 404 5750 "https://www.bigfreeodds.com" "Mozilla/5.0 AppleWebKit/537.36 (KHTML, like Gecko; compatible; GPTBot/1.4; +https://openai.com/gptbot)"
74.7.227.1 - - [07/Jul/2026:03:24:00 +0200] "GET /shopping/3786898064 HTTP/2" 301 0 "https://www.bigfreeodds.com/sitemaps.xml" "Mozilla/5.0 AppleWebKit/537.36 (KHTML, like Gecko; compatible; GPTBot/1.4; +https://openai.com/gptbot)"
74.7.227.158 - - [07/Jul/2026:03:24:03 +0200] "GET /shopping/1809949587 HTTP/2" 404 5749 "https://www.bigfreeodds.com" "Mozilla/5.0 AppleWebKit/537.36 (KHTML, like Gecko; compatible; GPTBot/1.4; +https://openai.com/gptbot)"
74.7.227.1 - - [07/Jul/2026:03:24:03 +0200] "GET /shopping/3123785729 HTTP/2" 301 0 "https://www.bigfreeodds.com/sitemaps.xml" "Mozilla/5.0 AppleWebKit/537.36 (KHTML, like Gecko; compatible; GPTBot/1.4; +https://openai.com/gptbot)"
74.7.227.158 - - [07/Jul/2026:03:24:06 +0200] "GET /shopping/3702244553 HTTP/2" 404 5750 "https://www.bigfreeodds.com" "Mozilla/5.0 AppleWebKit/537.36 (KHTML, like Gecko; compatible; GPTBot/1.4; +https://openai.com/gptbot)"
74.7.227.1 - - [07/Jul/2026:03:24:06 +0200] "GET /shopping/3317122989 HTTP/2" 301 0 "https://www.bigfreeodds.com/sitemaps.xml" "Mozilla/5.0 AppleWebKit/537.36 (KHTML, like Gecko; compatible; GPTBot/1.4; +https://openai.com/gptbot)"
74.7.227.158 - - [07/Jul/2026:03:24:09 +0200] "GET /shopping/3199465020 HTTP/2" 404 5750 "https://www.bigfreeodds.com" "Mozilla/5.0 AppleWebKit/537.36 (KHTML, like Gecko; compatible; GPTBot/1.4; +https://openai.com/gptbot)"
74.7.227.1 - - [07/Jul/2026:03:24:09 +0200] "GET /shopping/1766342006 HTTP/2" 301 0 "https://www.bigfreeodds.com/sitemaps.xml" "Mozilla/5.0 AppleWebKit/537.36 (KHTML, like Gecko; compatible; GPTBot/1.4; +https://openai.com/gptbot)"
74.7.227.158 - - [07/Jul/2026:03:24:12 +0200] "GET /shopping/2193046244 HTTP/2" 404 5750 "https://www.bigfreeodds.com" "Mozilla/5.0 AppleWebKit/537.36 (KHTML, like Gecko; compatible; GPTBot/1.4; +https://openai.com/gptbot)"
74.7.227.1 - - [07/Jul/2026:03:24:13 +0200] "GET /shopping/2461254473 HTTP/2" 301 0 "https://www.bigfreeodds.com/sitemaps.xml" "Mozilla/5.0 AppleWebKit/537.36 (KHTML, like Gecko; compatible; GPTBot/1.4; +https://openai.com/gptbot)"
74.7.227.158 - - [07/Jul/2026:03:24:15 +0200] "GET /shopping/3796028033 HTTP/2" 404 5750 "https://www.bigfreeodds.com" "Mozilla/5.0 AppleWebKit/537.36 (KHTML, like Gecko; compatible; GPTBot/1.4; +https://openai.com/gptbot)"
114.119.148.174 - - [07/Jul/2026:03:24:16 +0200] "GET /shopping/528418943 HTTP/1.1" 404 5750 "https://bigfreeodds.com/sitemap.xml" "Mozilla/5.0 (Linux; Android 7.0;) AppleWebKit/537.36 (HTML, like Gecko) Mobile Safari/537.36 (compatible; PetalBot;+https://webmaster.petalsearch.com/site/petalbot)"
74.7.227.1 - - [07/Jul/2026:03:24:16 +0200] "GET /shopping/1082474073 HTTP/2" 301 0 "https://www.bigfreeodds.com/sitemaps.xml" "Mozilla/5.0 AppleWebKit/537.36 (KHTML, like Gecko; compatible; GPTBot/1.4; +https://openai.com/gptbot)"
74.7.227.158 - - [07/Jul/2026:03:24:18 +0200] "GET /shopping/2783943552 HTTP/2" 404 5750 "https://www.bigfreeodds.com" "Mozilla/5.0 AppleWebKit/537.36 (KHTML, like Gecko; compatible; GPTBot/1.4; +https://openai.com/gptbot)"
104.164.106.63 - - [07/Jul/2026:03:24:19 +0200] "GET /croatia-croatia-cup/ HTTP/2" 404 21467 "-" "Mozilla/5.0 (Macintosh; Intel Mac OS X 10_15_7) AppleWebKit/537.36 (KHTML, like Gecko) Chrome/148.0.0.0 Safari/537.36"
74.7.227.1 - - [07/Jul/2026:03:24:19 +0200] "GET /shopping/1500861182 HTTP/2" 301 0 "https://www.bigfreeodds.com/sitemaps.xml" "Mozilla/5.0 AppleWebKit/537.36 (KHTML, like Gecko; compatible; GPTBot/1.4; +https://openai.com/gptbot)"
74.7.227.158 - - [07/Jul/2026:03:24:22 +0200] "GET /shopping/3825935153 HTTP/2" 404 5750 "https://www.bigfreeodds.com" "Mozilla/5.0 AppleWebKit/537.36 (KHTML, like Gecko; compatible; GPTBot/1.4; +https://openai.com/gptbot)"
74.7.227.1 - - [07/Jul/2026:03:24:22 +0200] "GET /shopping/2213170838 HTTP/2" 301 0 "https://www.bigfreeodds.com/sitemaps.xml" "Mozilla/5.0 AppleWebKit/537.36 (KHTML, like Gecko; compatible; GPTBot/1.4; +https://openai.com/gptbot)"
74.7.227.158 - - [07/Jul/2026:03:24:25 +0200] "GET /shopping/2433182698 HTTP/2" 404 5750 "https://www.bigfreeodds.com" "Mozilla/5.0 AppleWebKit/537.36 (KHTML, like Gecko; compatible; GPTBot/1.4; +https://openai.com/gptbot)"
74.7.227.1 - - [07/Jul/2026:03:24:26 +0200] "GET /shopping/1937416136 HTTP/2" 301 0 "https://www.bigfreeodds.com/sitemaps.xml" "Mozilla/5.0 AppleWebKit/537.36 (KHTML, like Gecko; compatible; GPTBot/1.4; +https://openai.com/gptbot)"
74.7.227.158 - - [07/Jul/2026:03:24:28 +0200] "GET /shopping/2838058923 HTTP/2" 404 5750 "https://www.bigfreeodds.com" "Mozilla/5.0 AppleWebKit/537.36 (KHTML, like Gecko; compatible; GPTBot/1.4; +https://openai.com/gptbot)"
74.7.227.1 - - [07/Jul/2026:03:24:29 +0200] "GET /shopping/4061908133 HTTP/2" 301 0 "https://www.bigfreeodds.com/sitemaps.xml" "Mozilla/5.0 AppleWebKit/537.36 (KHTML, like Gecko; compatible; GPTBot/1.4; +https://openai.com/gptbot)"
9.249.30.138 - - [07/Jul/2026:03:24:30 +0200] "GET /england-league-two/ HTTP/2" 404 21467 "-" "Mozilla/5.0 (Macintosh; Intel Mac OS X 10_15_7) AppleWebKit/537.36 (KHTML, like Gecko) Chrome/148.0.0.0 Safari/537.36"
74.7.227.158 - - [07/Jul/2026:03:24:31 +0200] "GET /shopping/2491161593 HTTP/2" 404 5750 "https://www.bigfreeodds.com" "Mozilla/5.0 AppleWebKit/537.36 (KHTML, like Gecko; compatible; GPTBot/1.4; +https://openai.com/gptbot)"
74.7.227.1 - - [07/Jul/2026:03:24:32 +0200] "GET /shopping/4095355465 HTTP/2" 301 0 "https://www.bigfreeodds.com/sitemaps.xml" "Mozilla/5.0 AppleWebKit/537.36 (KHTML, like Gecko; compatible; GPTBot/1.4; +https://openai.com/gptbot)"
74.7.227.158 - - [07/Jul/2026:03:24:34 +0200] "GET /shopping/3786898064 HTTP/2" 404 5750 "https://www.bigfreeodds.com" "Mozilla/5.0 AppleWebKit/537.36 (KHTML, like Gecko; compatible; GPTBot/1.4; +https://openai.com/gptbot)"
74.7.227.1 - - [07/Jul/2026:03:24:35 +0200] "GET /shopping/2913738198 HTTP/2" 301 0 "https://www.bigfreeodds.com/sitemaps.xml" "Mozilla/5.0 AppleWebKit/537.36 (KHTML, like Gecko; compatible; GPTBot/1.4; +https://openai.com/gptbot)"
74.7.227.158 - - [07/Jul/2026:03:24:37 +0200] "GET /shopping/1745005329 HTTP/2" 404 5750 "https://www.bigfreeodds.com" "Mozilla/5.0 AppleWebKit/537.36 (KHTML, like Gecko; compatible; GPTBot/1.4; +https://openai.com/gptbot)"
74.7.227.1 - - [07/Jul/2026:03:24:38 +0200] "GET /shopping/3243608288 HTTP/2" 301 0 "https://www.bigfreeodds.com/sitemaps.xml" "Mozilla/5.0 AppleWebKit/537.36 (KHTML, like Gecko; compatible; GPTBot/1.4; +https://openai.com/gptbot)"
74.7.227.158 - - [07/Jul/2026:03:24:41 +0200] "GET /shopping/3317122989 HTTP/2" 404 5750 "https://www.bigfreeodds.com" "Mozilla/5.0 AppleWebKit/537.36 (KHTML, like Gecko; compatible; GPTBot/1.4; +https://openai.com/gptbot)"
74.7.227.1 - - [07/Jul/2026:03:24:41 +0200] "GET /shopping/2417646908 HTTP/2" 301 0 "https://www.bigfreeodds.com/sitemaps.xml" "Mozilla/5.0 AppleWebKit/537.36 (KHTML, like Gecko; compatible; GPTBot/1.4; +https://openai.com/gptbot)"
74.7.227.158 - - [07/Jul/2026:03:24:44 +0200] "GET /shopping/1766342006 HTTP/2" 404 5750 "https://www.bigfreeodds.com" "Mozilla/5.0 AppleWebKit/537.36 (KHTML, like Gecko; compatible; GPTBot/1.4; +https://openai.com/gptbot)"
74.7.227.1 - - [07/Jul/2026:03:24:44 +0200] "GET /shopping/1228064149 HTTP/2" 301 0 "https://www.bigfreeodds.com/sitemaps.xml" "Mozilla/5.0 AppleWebKit/537.36 (KHTML, like Gecko; compatible; GPTBot/1.4; +https://openai.com/gptbot)"
74.7.227.158 - - [07/Jul/2026:03:24:47 +0200] "GET /shopping/3223483694 HTTP/2" 404 5750 "https://www.bigfreeodds.com" "Mozilla/5.0 AppleWebKit/537.36 (KHTML, like Gecko; compatible; GPTBot/1.4; +https://openai.com/gptbot)"
74.7.227.1 - - [07/Jul/2026:03:24:47 +0200] "GET /shopping/2833470119 HTTP/2" 301 0 "https://www.bigfreeodds.com/sitemaps.xml" "Mozilla/5.0 AppleWebKit/537.36 (KHTML, like Gecko; compatible; GPTBot/1.4; +https://openai.com/gptbot)"
74.7.227.158 - - [07/Jul/2026:03:24:50 +0200] "GET /shopping/2887649194 HTTP/2" 404 5750 "https://www.bigfreeodds.com" "Mozilla/5.0 AppleWebKit/537.36 (KHTML, like Gecko; compatible; GPTBot/1.4; +https://openai.com/gptbot)"
74.7.227.1 - - [07/Jul/2026:03:24:50 +0200] "GET /shopping/3780933638 HTTP/2" 301 0 "https://www.bigfreeodds.com/sitemaps.xml" "Mozilla/5.0 AppleWebKit/537.36 (KHTML, like Gecko; compatible; GPTBot/1.4; +https://openai.com/gptbot)"
74.7.227.158 - - [07/Jul/2026:03:24:53 +0200] "GET /shopping/1500861182 HTTP/2" 404 5750 "https://www.bigfreeodds.com" "Mozilla/5.0 AppleWebKit/537.36 (KHTML, like Gecko; compatible; GPTBot/1.4; +https://openai.com/gptbot)"
74.7.227.1 - - [07/Jul/2026:03:24:54 +0200] "GET /shopping/2214728279 HTTP/2" 301 0 "https://www.bigfreeodds.com/sitemaps.xml" "Mozilla/5.0 AppleWebKit/537.36 (KHTML, like Gecko; compatible; GPTBot/1.4; +https://openai.com/gptbot)"
74.7.227.158 - - [07/Jul/2026:03:24:56 +0200] "GET /shopping/2213170838 HTTP/2" 404 5750 "https://www.bigfreeodds.com" "Mozilla/5.0 AppleWebKit/537.36 (KHTML, like Gecko; compatible; GPTBot/1.4; +https://openai.com/gptbot)"
74.7.227.1 - - [07/Jul/2026:03:24:57 +0200] "GET /shopping/2459878851 HTTP/2" 301 0 "https://www.bigfreeodds.com/sitemaps.xml" "Mozilla/5.0 AppleWebKit/537.36 (KHTML, like Gecko; compatible; GPTBot/1.4; +https://openai.com/gptbot)"
74.7.227.158 - - [07/Jul/2026:03:24:59 +0200] "GET /shopping/1588094640 HTTP/2" 404 5750 "https://www.bigfreeodds.com" "Mozilla/5.0 AppleWebKit/537.36 (KHTML, like Gecko; compatible; GPTBot/1.4; +https://openai.com/gptbot)"
74.7.227.1 - - [07/Jul/2026:03:25:00 +0200] "GET /shopping/4101319875 HTTP/2" 301 0 "https://www.bigfreeodds.com/sitemaps.xml" "Mozilla/5.0 AppleWebKit/537.36 (KHTML, like Gecko; compatible; GPTBot/1.4; +https://openai.com/gptbot)"
74.7.227.158 - - [07/Jul/2026:03:25:02 +0200] "GET /shopping/2124207891 HTTP/2" 404 5750 "https://www.bigfreeodds.com" "Mozilla/5.0 AppleWebKit/537.36 (KHTML, like Gecko; compatible; GPTBot/1.4; +https://openai.com/gptbot)"
74.7.227.1 - - [07/Jul/2026:03:25:03 +0200] "GET /shopping/1312873425 HTTP/2" 301 0 "https://www.bigfreeodds.com/sitemaps.xml" "Mozilla/5.0 AppleWebKit/537.36 (KHTML, like Gecko; compatible; GPTBot/1.4; +https://openai.com/gptbot)"
74.7.227.158 - - [07/Jul/2026:03:25:06 +0200] "GET /shopping/1615210667 HTTP/2" 404 5750 "https://www.bigfreeodds.com" "Mozilla/5.0 AppleWebKit/537.36 (KHTML, like Gecko; compatible; GPTBot/1.4; +https://openai.com/gptbot)"
74.7.227.1 - - [07/Jul/2026:03:25:06 +0200] "GET /shopping/1857375284 HTTP/2" 301 0 "https://www.bigfreeodds.com/sitemaps.xml" "Mozilla/5.0 AppleWebKit/537.36 (KHTML, like Gecko; compatible; GPTBot/1.4; +https://openai.com/gptbot)"
74.7.227.158 - - [07/Jul/2026:03:25:09 +0200] "GET /shopping/2913738198 HTTP/2" 404 5750 "https://www.bigfreeodds.com" "Mozilla/5.0 AppleWebKit/537.36 (KHTML, like Gecko; compatible; GPTBot/1.4; +https://openai.com/gptbot)"
74.7.227.1 - - [07/Jul/2026:03:25:09 +0200] "GET /shopping/3856776452 HTTP/2" 301 0 "https://www.bigfreeodds.com/sitemaps.xml" "Mozilla/5.0 AppleWebKit/537.36 (KHTML, like Gecko; compatible; GPTBot/1.4; +https://openai.com/gptbot)"
74.7.227.158 - - [07/Jul/2026:03:25:12 +0200] "GET /shopping/3193500610 HTTP/2" 404 5750 "https://www.bigfreeodds.com" "Mozilla/5.0 AppleWebKit/537.36 (KHTML, like Gecko; compatible; GPTBot/1.4; +https://openai.com/gptbot)"
74.7.227.1 - - [07/Jul/2026:03:25:12 +0200] "GET /shopping/4213039504 HTTP/2" 301 0 "https://www.bigfreeodds.com/sitemaps.xml" "Mozilla/5.0 AppleWebKit/537.36 (KHTML, like Gecko; compatible; GPTBot/1.4; +https://openai.com/gptbot)"
74.7.227.158 - - [07/Jul/2026:03:25:15 +0200] "GET /shopping/2604256844 HTTP/2" 404 5750 "https://www.bigfreeodds.com" "Mozilla/5.0 AppleWebKit/537.36 (KHTML, like Gecko; compatible; GPTBot/1.4; +https://openai.com/gptbot)"
74.7.227.1 - - [07/Jul/2026:03:25:15 +0200] "GET /shopping/2492114084 HTTP/2" 301 0 "https://www.bigfreeodds.com/sitemaps.xml" "Mozilla/5.0 AppleWebKit/537.36 (KHTML, like Gecko; compatible; GPTBot/1.4; +https://openai.com/gptbot)"
74.7.227.158 - - [07/Jul/2026:03:25:18 +0200] "GET /shopping/1228064149 HTTP/2" 404 5750 "https://www.bigfreeodds.com" "Mozilla/5.0 AppleWebKit/537.36 (KHTML, like Gecko; compatible; GPTBot/1.4; +https://openai.com/gptbot)"
74.7.227.1 - - [07/Jul/2026:03:25:18 +0200] "GET /shopping/2336048599 HTTP/2" 301 0 "https://www.bigfreeodds.com/sitemaps.xml" "Mozilla/5.0 AppleWebKit/537.36 (KHTML, like Gecko; compatible; GPTBot/1.4; +https://openai.com/gptbot)"
74.7.227.158 - - [07/Jul/2026:03:25:21 +0200] "GET /shopping/2833470119 HTTP/2" 404 5750 "https://www.bigfreeodds.com" "Mozilla/5.0 AppleWebKit/537.36 (KHTML, like Gecko; compatible; GPTBot/1.4; +https://openai.com/gptbot)"
74.7.227.1 - - [07/Jul/2026:03:25:22 +0200] "GET /shopping/3327465057 HTTP/2" 301 0 "https://www.bigfreeodds.com/sitemaps.xml" "Mozilla/5.0 AppleWebKit/537.36 (KHTML, like Gecko; compatible; GPTBot/1.4; +https://openai.com/gptbot)"
74.7.227.158 - - [07/Jul/2026:03:25:24 +0200] "GET /shopping/4240685949 HTTP/2" 404 5750 "https://www.bigfreeodds.com" "Mozilla/5.0 AppleWebKit/537.36 (KHTML, like Gecko; compatible; GPTBot/1.4; +https://openai.com/gptbot)"
74.7.227.1 - - [07/Jul/2026:03:25:25 +0200] "GET /shopping/3224695793 HTTP/2" 301 0 "https://www.bigfreeodds.com/sitemaps.xml" "Mozilla/5.0 AppleWebKit/537.36 (KHTML, like Gecko; compatible; GPTBot/1.4; +https://openai.com/gptbot)"
74.7.227.158 - - [07/Jul/2026:03:25:28 +0200] "GET /shopping/2214728279 HTTP/2" 404 5750 "https://www.bigfreeodds.com" "Mozilla/5.0 AppleWebKit/537.36 (KHTML, like Gecko; compatible; GPTBot/1.4; +https://openai.com/gptbot)"
74.7.227.1 - - [07/Jul/2026:03:25:28 +0200] "GET /shopping/3288609787 HTTP/2" 301 0 "https://www.bigfreeodds.com/sitemaps.xml" "Mozilla/5.0 AppleWebKit/537.36 (KHTML, like Gecko; compatible; GPTBot/1.4; +https://openai.com/gptbot)"
74.7.227.158 - - [07/Jul/2026:03:25:31 +0200] "GET /shopping/2459878851 HTTP/2" 404 5750 "https://www.bigfreeodds.com" "Mozilla/5.0 AppleWebKit/537.36 (KHTML, like Gecko; compatible; GPTBot/1.4; +https://openai.com/gptbot)"
74.7.227.1 - - [07/Jul/2026:03:25:31 +0200] "GET /shopping/1540668943 HTTP/2" 301 0 "https://www.bigfreeodds.com/sitemaps.xml" "Mozilla/5.0 AppleWebKit/537.36 (KHTML, like Gecko; compatible; GPTBot/1.4; +https://openai.com/gptbot)"
74.7.227.158 - - [07/Jul/2026:03:25:34 +0200] "GET /shopping/1541881042 HTTP/2" 404 5750 "https://www.bigfreeodds.com" "Mozilla/5.0 AppleWebKit/537.36 (KHTML, like Gecko; compatible; GPTBot/1.4; +https://openai.com/gptbot)"
74.7.227.1 - - [07/Jul/2026:03:25:34 +0200] "GET /shopping/3452948819 HTTP/2" 301 0 "https://www.bigfreeodds.com/sitemaps.xml" "Mozilla/5.0 AppleWebKit/537.36 (KHTML, like Gecko; compatible; GPTBot/1.4; +https://openai.com/gptbot)"
74.7.227.158 - - [07/Jul/2026:03:25:37 +0200] "GET /shopping/1312873425 HTTP/2" 404 5750 "https://www.bigfreeodds.com" "Mozilla/5.0 AppleWebKit/537.36 (KHTML, like Gecko; compatible; GPTBot/1.4; +https://openai.com/gptbot)"
74.7.227.1 - - [07/Jul/2026:03:25:37 +0200] "GET /shopping/3289821886 HTTP/2" 301 0 "https://www.bigfreeodds.com/sitemaps.xml" "Mozilla/5.0 AppleWebKit/537.36 (KHTML, like Gecko; compatible; GPTBot/1.4; +https://openai.com/gptbot)"
114.119.130.60 - - [07/Jul/2026:03:25:40 +0200] "GET /shopping/527206844 HTTP/1.1" 404 5750 "https://bigfreeodds.com/sitemap.xml" "Mozilla/5.0 (Linux; Android 7.0;) AppleWebKit/537.36 (HTML, like Gecko) Mobile Safari/537.36 (compatible; PetalBot;+https://webmaster.petalsearch.com/site/petalbot)"
74.7.227.1 - - [07/Jul/2026:03:25:40 +0200] "GET /shopping/2656175244 HTTP/2" 301 0 "https://www.bigfreeodds.com/sitemaps.xml" "Mozilla/5.0 AppleWebKit/537.36 (KHTML, like Gecko; compatible; GPTBot/1.4; +https://openai.com/gptbot)"
74.7.227.158 - - [07/Jul/2026:03:25:41 +0200] "GET /shopping/3053363864 HTTP/2" 404 5750 "https://www.bigfreeodds.com" "Mozilla/5.0 AppleWebKit/537.36 (KHTML, like Gecko; compatible; GPTBot/1.4; +https://openai.com/gptbot)"
74.7.227.1 - - [07/Jul/2026:03:25:43 +0200] "GET /shopping/2677511937 HTTP/2" 301 0 "https://www.bigfreeodds.com/sitemaps.xml" "Mozilla/5.0 AppleWebKit/537.36 (KHTML, like Gecko; compatible; GPTBot/1.4; +https://openai.com/gptbot)"
104.164.106.99 - - [07/Jul/2026:03:17:36 +0200] "GET /?z=909506iicbej HTTP/2" 200 27624 "-" "Mozilla/5.0 (Macintosh; Intel Mac OS X 10_15_7) AppleWebKit/537.36 (KHTML, like Gecko) Chrome/148.0.0.0 Safari/537.36"
82.108.92.126 - - [07/Jul/2026:03:18:09 +0200] "GET /?z=937136f34ghb HTTP/2" 200 27624 "-" "Mozilla/5.0 (Macintosh; Intel Mac OS X 10_15_7) AppleWebKit/537.36 (KHTML, like Gecko) Chrome/148.0.0.0 Safari/537.36"
104.164.106.44 - - [07/Jul/2026:03:19:16 +0200] "GET /?z=9880912g877f HTTP/2" 200 27624 "-" "Mozilla/5.0 (Macintosh; Intel Mac OS X 10_15_7) AppleWebKit/537.36 (KHTML, like Gecko) Chrome/148.0.0.0 Safari/537.36"
104.164.106.83 - - [07/Jul/2026:03:19:35 +0200] "GET /africa-africa-cup/ HTTP/2" 404 21467 "-" "Mozilla/5.0 (Macintosh; Intel Mac OS X 10_15_7) AppleWebKit/537.36 (KHTML, like Gecko) Chrome/148.0.0.0 Safari/537.36"
104.164.106.35 - - [07/Jul/2026:03:19:53 +0200] "GET /algeria-ligue-1/ HTTP/2" 404 21467 "-" "Mozilla/5.0 (Macintosh; Intel Mac OS X 10_15_7) AppleWebKit/537.36 (KHTML, like Gecko) Chrome/148.0.0.0 Safari/537.36"
114.119.136.185 - - [07/Jul/2026:03:20:05 +0200] "GET /shopping/530747056 HTTP/1.1" 404 5749 "https://bigfreeodds.com/sitemap.xml" "Mozilla/5.0 (Linux; Android 7.0;) AppleWebKit/537.36 (HTML, like Gecko) Mobile Safari/537.36 (compatible; PetalBot;+https://webmaster.petalsearch.com/site/petalbot)"
104.164.106.15 - - [07/Jul/2026:03:20:11 +0200] "GET /argentina-primera-b-nacional/ HTTP/2" 404 21467 "-" "Mozilla/5.0 (Macintosh; Intel Mac OS X 10_15_7) AppleWebKit/537.36 (KHTML, like Gecko) Chrome/148.0.0.0 Safari/537.36"
9.249.85.105 - - [07/Jul/2026:03:20:42 +0200] "GET /australia-queensland-npl/ HTTP/2" 404 21467 "-" "Mozilla/5.0 (Macintosh; Intel Mac OS X 10_15_7) AppleWebKit/537.36 (KHTML, like Gecko) Chrome/148.0.0.0 Safari/537.36"
114.119.130.60 - - [07/Jul/2026:03:21:32 +0200] "GET /shopping/530583533 HTTP/1.1" 404 5750 "https://bigfreeodds.com/sitemap.xml" "Mozilla/5.0 (Linux; Android 7.0;) AppleWebKit/537.36 (HTML, like Gecko) Mobile Safari/537.36 (compatible; PetalBot;+https://webmaster.petalsearch.com/site/petalbot)"
114.119.130.60 - - [07/Jul/2026:03:22:51 +0200] "GET /shopping/529371418 HTTP/1.1" 404 5750 "https://bigfreeodds.com/sitemap.xml" "Mozilla/5.0 (Linux; Android 7.0;) AppleWebKit/537.36 (HTML, like Gecko) Mobile Safari/537.36 (compatible; PetalBot;+https://webmaster.petalsearch.com/site/petalbot)"
104.164.106.59 - - [07/Jul/2026:03:23:17 +0200] "GET /bulgaria-second-league/ HTTP/2" 404 21467 "-" "Mozilla/5.0 (Macintosh; Intel Mac OS X 10_15_7) AppleWebKit/537.36 (KHTML, like Gecko) Chrome/148.0.0.0 Safari/537.36"
104.164.106.6 - - [07/Jul/2026:03:23:42 +0200] "GET /chile-super-cup/ HTTP/2" 404 21467 "-" "Mozilla/5.0 (Macintosh; Intel Mac OS X 10_15_7) AppleWebKit/537.36 (KHTML, like Gecko) Chrome/148.0.0.0 Safari/537.36"
104.164.106.47 - - [07/Jul/2026:03:24:01 +0200] "GET /china-fa-cup/ HTTP/2" 404 21467 "-" "Mozilla/5.0 (Macintosh; Intel Mac OS X 10_15_7) AppleWebKit/537.36 (KHTML, like Gecko) Chrome/148.0.0.0 Safari/537.36"
