HEX
Server: LiteSpeed
System: Linux c7.my-control-panel.com 4.18.0-553.141.2.lve.el8.x86_64 #1 SMP Wed Jul 8 16:10:02 UTC 2026 x86_64
User: bigfreeodds (5956)
PHP: 7.4.33
Disabled: NONE
Upload Files
File: /home/bigfreeodds/access-logs/bigfreeodds.com-ssl_log
114.119.153.15 - - [06/Jul/2026:16:26:44 +0200] "GET /?z=34569061begc HTTP/1.1" 200 6744 "https://bigfreeodds.com/sitemap_index.xml" "Mozilla/5.0 (Linux; Android 7.0;) AppleWebKit/537.36 (HTML, like Gecko) Mobile Safari/537.36 (compatible; PetalBot;+https://webmaster.petalsearch.com/site/petalbot)"
114.119.130.60 - - [06/Jul/2026:16:28:08 +0200] "GET /?z=2732699afa4ae HTTP/1.1" 200 6744 "https://bigfreeodds.com/sitemap_index.xml" "Mozilla/5.0 (Linux; Android 7.0;) AppleWebKit/537.36 (HTML, like Gecko) Mobile Safari/537.36 (compatible; PetalBot;+https://webmaster.petalsearch.com/site/petalbot)"
114.119.153.15 - - [06/Jul/2026:16:50:41 +0200] "GET /?z=28587162h4fd HTTP/1.1" 200 6744 "https://bigfreeodds.com/sitemap_index.xml" "Mozilla/5.0 (Linux; Android 7.0;) AppleWebKit/537.36 (HTML, like Gecko) Mobile Safari/537.36 (compatible; PetalBot;+https://webmaster.petalsearch.com/site/petalbot)"
51.68.107.150 - - [06/Jul/2026:16:50:59 +0200] "GET /robots.txt HTTP/1.1" 200 80 "-" "Mozilla/5.0 (compatible; MJ12bot/v2.0.5; http://mj12bot.com/)"
51.68.107.150 - - [06/Jul/2026:16:50:59 +0200] "GET / HTTP/1.1" 200 6744 "-" "Mozilla/5.0 (compatible; MJ12bot/v2.0.5; http://mj12bot.com/)"
114.119.141.139 - - [06/Jul/2026:16:33:42 +0200] "GET /?z=2747410261fha HTTP/1.1" 200 6744 "https://bigfreeodds.com/sitemap_index.xml" "Mozilla/5.0 (Linux; Android 7.0;) AppleWebKit/537.36 (HTML, like Gecko) Mobile Safari/537.36 (compatible; PetalBot;+https://webmaster.petalsearch.com/site/petalbot)"
114.119.141.139 - - [06/Jul/2026:16:35:06 +0200] "GET /?z=80808cdj7b1 HTTP/1.1" 200 6744 "https://bigfreeodds.com/sitemap_index.xml" "Mozilla/5.0 (Linux; Android 7.0;) AppleWebKit/537.36 (HTML, like Gecko) Mobile Safari/537.36 (compatible; PetalBot;+https://webmaster.petalsearch.com/site/petalbot)"
164.90.206.238 - - [06/Jul/2026:16:41:36 +0200] "GET / HTTP/2" 200 6744 "-" "Mozilla/5.0 (compatible; AonsightMetaBot/1.0; +https://aonsight.com/bot)"
198.244.242.69 - - [06/Jul/2026:16:42:19 +0200] "GET /user/?user=7655 HTTP/2" 404 5750 "-" "Mozilla/5.0 (compatible; AhrefsBot/7.0; +http://ahrefs.com/robot/)"
114.119.149.199 - - [06/Jul/2026:16:42:20 +0200] "GET /?z=2203180351c5d HTTP/1.1" 301 0 "https://www.bigfreeodds.com/?z=2203180351c5d" "Mozilla/5.0 (Linux; Android 7.0;) AppleWebKit/537.36 (HTML, like Gecko) Mobile Safari/537.36 (compatible; PetalBot;+https://webmaster.petalsearch.com/site/petalbot)"
114.119.141.139 - - [06/Jul/2026:16:45:07 +0200] "GET /?z=4113967189g2 HTTP/1.1" 200 6744 "https://bigfreeodds.com/sitemap_index.xml" "Mozilla/5.0 (Linux; Android 7.0;) AppleWebKit/537.36 (HTML, like Gecko) Mobile Safari/537.36 (compatible; PetalBot;+https://webmaster.petalsearch.com/site/petalbot)"
198.244.183.67 - - [06/Jul/2026:16:45:59 +0200] "GET /user/?user=7671 HTTP/2" 404 5750 "-" "Mozilla/5.0 (compatible; AhrefsBot/7.0; +http://ahrefs.com/robot/)"
114.119.149.199 - - [06/Jul/2026:16:48:02 +0200] "GET /?z=1789769i1g721 HTTP/1.1" 200 6744 "https://bigfreeodds.com/sitemap_index.xml" "Mozilla/5.0 (Linux; Android 7.0;) AppleWebKit/537.36 (HTML, like Gecko) Mobile Safari/537.36 (compatible; PetalBot;+https://webmaster.petalsearch.com/site/petalbot)"
114.119.149.199 - - [06/Jul/2026:16:29:32 +0200] "GET /wp-login.php?action=register HTTP/1.1" 200 991 "https://bigfreeodds.com/oceania-wc-qualifiers" "Mozilla/5.0 (Linux; Android 7.0;) AppleWebKit/537.36 (HTML, like Gecko) Mobile Safari/537.36 (compatible; PetalBot;+https://webmaster.petalsearch.com/site/petalbot)"
114.119.153.15 - - [06/Jul/2026:16:30:55 +0200] "GET /?z=2489116d9b102 HTTP/1.1" 200 6744 "https://bigfreeodds.com/sitemap_index.xml" "Mozilla/5.0 (Linux; Android 7.0;) AppleWebKit/537.36 (HTML, like Gecko) Mobile Safari/537.36 (compatible; PetalBot;+https://webmaster.petalsearch.com/site/petalbot)"
114.119.149.199 - - [06/Jul/2026:16:32:19 +0200] "GET /?z=23385311h3eb4 HTTP/1.1" 301 0 "https://bigfreeodds.com/?z=23385311h3eb4" "Mozilla/5.0 (Linux; Android 7.0;) AppleWebKit/537.36 (HTML, like Gecko) Mobile Safari/537.36 (compatible; PetalBot;+https://webmaster.petalsearch.com/site/petalbot)"
114.119.149.199 - - [06/Jul/2026:16:32:20 +0200] "GET /?z=23385311h3eb4 HTTP/1.1" 200 6744 "https://bigfreeodds.com/?z=23385311h3eb4" "Mozilla/5.0 (Linux; Android 7.0;) AppleWebKit/537.36 (HTML, like Gecko) Mobile Safari/537.36 (compatible; PetalBot;+https://webmaster.petalsearch.com/site/petalbot)"
15.235.98.230 - - [06/Jul/2026:16:33:41 +0200] "GET /casino-bonus-pour-experts-comparez-les-meilleures-offres-de-bonus-2/ HTTP/2" 301 0 "-" "Mozilla/5.0 (compatible; AhrefsBot/7.0; +http://ahrefs.com/robot/)"
15.235.98.26 - - [06/Jul/2026:16:37:33 +0200] "GET /bonus-blos-einzahlung-nachfolgende-besten-gates-of-persia-slot-no-vorleistung-casinos-2025/ HTTP/2" 301 0 "-" "Mozilla/5.0 (compatible; AhrefsBot/7.0; +http://ahrefs.com/robot/)"
114.119.146.98 - - [06/Jul/2026:16:37:38 +0200] "GET /robots.txt HTTP/1.1" 200 80 "https://bigfreeodds.com/robots.txt" "Mozilla/5.0 (Windows NT 10.0; Win64; x64) AppleWebKit/537.36 (KHTML, like Gecko) Chrome/148.0.0.0 Safari/537.36"
198.251.83.106 - - [06/Jul/2026:16:41:36 +0200] "POST /wp-cron.php?doing_wp_cron=1783348896.8665831089019775390625 HTTP/1.1" 200 0 "-" "WordPress/7.0; https://bigfreeodds.com"
114.119.149.199 - - [06/Jul/2026:16:42:23 +0200] "GET /?z=2203180351c5d HTTP/1.1" 200 6744 "https://www.bigfreeodds.com/?z=2203180351c5d" "Mozilla/5.0 (Linux; Android 7.0;) AppleWebKit/537.36 (HTML, like Gecko) Mobile Safari/537.36 (compatible; PetalBot;+https://webmaster.petalsearch.com/site/petalbot)"
114.119.148.174 - - [06/Jul/2026:16:43:43 +0200] "GET /user/?user=10915 HTTP/1.1" 404 5750 "https://bigfreeodds.com/statistics?view=matchpredictions&match=19" "Mozilla/5.0 (Linux; Android 7.0;) AppleWebKit/537.36 (HTML, like Gecko) Mobile Safari/537.36 (compatible; PetalBot;+https://webmaster.petalsearch.com/site/petalbot)"
114.119.136.185 - - [06/Jul/2026:16:46:30 +0200] "GET /?z=297171427c5eb HTTP/1.1" 200 6744 "https://bigfreeodds.com/sitemap_index.xml" "Mozilla/5.0 (Linux; Android 7.0;) AppleWebKit/537.36 (HTML, like Gecko) Mobile Safari/537.36 (compatible; PetalBot;+https://webmaster.petalsearch.com/site/petalbot)"
114.119.148.174 - - [06/Jul/2026:16:49:17 +0200] "GET /?z=645914c58129 HTTP/1.1" 200 6744 "https://bigfreeodds.com/sitemap_index.xml" "Mozilla/5.0 (Linux; Android 7.0;) AppleWebKit/537.36 (HTML, like Gecko) Mobile Safari/537.36 (compatible; PetalBot;+https://webmaster.petalsearch.com/site/petalbot)"
114.119.149.199 - - [06/Jul/2026:16:53:29 +0200] "GET /?z=1506064c8715f HTTP/1.1" 200 6744 "https://bigfreeodds.com/sitemap_index.xml" "Mozilla/5.0 (Linux; Android 7.0;) AppleWebKit/537.36 (HTML, like Gecko) Mobile Safari/537.36 (compatible; PetalBot;+https://webmaster.petalsearch.com/site/petalbot)"
114.119.146.98 - - [06/Jul/2026:16:52:04 +0200] "GET /?z=267004566edj1 HTTP/1.1" 200 6744 "https://bigfreeodds.com/sitemap_index.xml" "Mozilla/5.0 (Linux; Android 7.0;) AppleWebKit/537.36 (HTML, like Gecko) Mobile Safari/537.36 (compatible; PetalBot;+https://webmaster.petalsearch.com/site/petalbot)"
114.119.130.60 - - [06/Jul/2026:16:54:51 +0200] "GET /?z=1408228j8a997 HTTP/1.1" 200 6744 "https://bigfreeodds.com/sitemap_index.xml" "Mozilla/5.0 (Linux; Android 7.0;) AppleWebKit/537.36 (HTML, like Gecko) Mobile Safari/537.36 (compatible; PetalBot;+https://webmaster.petalsearch.com/site/petalbot)"
114.119.149.199 - - [06/Jul/2026:16:56:14 +0200] "GET /?z=1162877d498bb HTTP/1.1" 200 6744 "https://bigfreeodds.com/sitemap_index.xml" "Mozilla/5.0 (Linux; Android 7.0;) AppleWebKit/537.36 (HTML, like Gecko) Mobile Safari/537.36 (compatible; PetalBot;+https://webmaster.petalsearch.com/site/petalbot)"
54.38.147.205 - - [06/Jul/2026:17:02:21 +0200] "GET /sitemap.xml HTTP/2" 200 12216 "-" "Mozilla/5.0 (compatible; AhrefsBot/7.0; +http://ahrefs.com/robot/)"
198.54.114.84 - - [06/Jul/2026:17:00:35 +0200] "GET /wp-cron.php?doing_wp_cron HTTP/1.1" 200 0 "-" "Wget/1.19.5 (linux-gnu)"
54.39.0.92 - - [06/Jul/2026:17:05:26 +0200] "GET /all-of-the-casino-that-produces-our-greatest-rated-number-need-satisfy-rigorous-requirements-which-include/ HTTP/2" 301 0 "-" "Mozilla/5.0 (compatible; AhrefsBot/7.0; +http://ahrefs.com/robot/)"
114.119.149.199 - - [06/Jul/2026:17:08:49 +0200] "GET /?z=220503182e4b5 HTTP/1.1" 200 6744 "https://bigfreeodds.com/sitemap_index.xml" "Mozilla/5.0 (Linux; Android 7.0;) AppleWebKit/537.36 (HTML, like Gecko) Mobile Safari/537.36 (compatible; PetalBot;+https://webmaster.petalsearch.com/site/petalbot)"
114.119.153.15 - - [06/Jul/2026:17:10:13 +0200] "GET /user/?user=28 HTTP/1.1" 404 5750 "https://www.bigfreeodds.com/statistics/?view=matchpredictions&match=97" "Mozilla/5.0 (Linux; Android 8.0.0; SM-G955U Build/R16NW) AppleWebKit/537.36 (KHTML, like Gecko) Chrome/148.0.0.0 Mobile Safari/537.36"
142.44.225.127 - - [06/Jul/2026:17:08:02 +0200] "GET /erreichbar-casinos-ohne-super-hot-barbeque-online-slot-eintragung/ HTTP/2" 301 0 "-" "Mozilla/5.0 (compatible; AhrefsBot/7.0; +http://ahrefs.com/robot/)"
114.119.153.15 - - [06/Jul/2026:17:10:11 +0200] "GET /user/?user=28 HTTP/1.1" 301 0 "https://www.bigfreeodds.com/statistics/?view=matchpredictions&match=97" "Mozilla/5.0 (Linux; Android 8.0.0; SM-G955U Build/R16NW) AppleWebKit/537.36 (KHTML, like Gecko) Chrome/148.0.0.0 Mobile Safari/537.36"
54.39.89.133 - - [06/Jul/2026:17:10:41 +0200] "GET /gigantesco-eleccion-de-tragaperras-asi%EF%BF%BD-como-excelente-ayuda-al-usuario-em-virtude-de-de-cualquier-parte-del-mundo/ HTTP/2" 301 0 "-" "Mozilla/5.0 (compatible; AhrefsBot/7.0; +http://ahrefs.com/robot/)"
74.244.197.56 - - [06/Jul/2026:17:10:59 +0200] "POST /xmlrpc.php HTTP/1.1" 200 403 "-" "Mozilla/5.0 (Macintosh; Intel Mac OS X 10_15_7; x86) AppleWebKit/537.36 (KHTML, like Gecko) Chrome/109.0.0.0 Safari/537.36"
47.128.99.115 - - [06/Jul/2026:17:13:13 +0200] "GET /user/?user=7370 HTTP/2" 404 5750 "-" "Mozilla/5.0 (compatible; Bytespider; spider-feedback@bytedance.com) AppleWebKit/537.36 (KHTML, like Gecko) Chrome/70.0.0.0 Safari/537.36"
114.119.146.98 - - [06/Jul/2026:17:11:35 +0200] "GET /?z=1829076a5g7ii HTTP/1.1" 200 6744 "https://bigfreeodds.com/sitemap_index.xml" "Mozilla/5.0 (Linux; Android 7.0;) AppleWebKit/537.36 (HTML, like Gecko) Mobile Safari/537.36 (compatible; PetalBot;+https://webmaster.petalsearch.com/site/petalbot)"
47.128.99.127 - - [06/Jul/2026:17:13:14 +0200] "GET /user/?user=7290 HTTP/2" 404 5750 "-" "Mozilla/5.0 (compatible; Bytespider; spider-feedback@bytedance.com) AppleWebKit/537.36 (KHTML, like Gecko) Chrome/70.0.0.0 Safari/537.36"
167.114.139.46 - - [06/Jul/2026:17:13:22 +0200] "GET /enteran-de-que-manera-los-casinos-en-internet-estan-impulsando-una-mudanza-energetica-sobre-sitios-igual-que-portugal/ HTTP/2" 301 0 "-" "Mozilla/5.0 (compatible; AhrefsBot/7.0; +http://ahrefs.com/robot/)"
74.244.197.56 - - [06/Jul/2026:17:17:18 +0200] "POST /xmlrpc.php HTTP/1.1" 200 403 "-" "Mozilla/5.0 (Windows NT 6.2; x86) AppleWebKit/537.36 (KHTML, like Gecko) Opera/60.0.0.0 Safari/537.36"
198.244.183.3 - - [06/Jul/2026:17:18:11 +0200] "GET /user/?user=7598 HTTP/2" 404 5750 "-" "Mozilla/5.0 (compatible; AhrefsBot/7.0; +http://ahrefs.com/robot/)"
74.244.197.56 - - [06/Jul/2026:17:18:18 +0200] "POST /xmlrpc.php HTTP/1.1" 200 403 "-" "Mozilla/5.0 (Windows NT 10.0; arm64) AppleWebKit/537.36 (KHTML, like Gecko) Firefox/80.0.0.0 Safari/537.36"
74.244.197.56 - - [06/Jul/2026:17:18:47 +0200] "POST /xmlrpc.php HTTP/1.1" 200 403 "-" "Mozilla/5.0 (Windows NT 6.3; arm64) AppleWebKit/537.36 (KHTML, like Gecko) Safari/12.0.0.0 Safari/537.36"
74.244.197.56 - - [06/Jul/2026:17:19:46 +0200] "POST /xmlrpc.php HTTP/1.1" 200 403 "-" "Mozilla/5.0 (Macintosh; Intel Mac OS X 10_15_7; x64) AppleWebKit/537.36 (KHTML, like Gecko) Chrome/85.0.0.0 Safari/537.36"
148.113.128.52 - - [06/Jul/2026:17:15:52 +0200] "GET /casino-en-internet-y-tragaperras-de-novoline-hace-el-trabajo-1-twin-spin-gratuito/ HTTP/2" 301 0 "-" "Mozilla/5.0 (compatible; AhrefsBot/7.0; +http://ahrefs.com/robot/)"
74.244.197.56 - - [06/Jul/2026:17:16:00 +0200] "GET /wp-json/wp/v2/users HTTP/1.1" 200 730 "-" "Mozilla/4.0 (compatible; Win32; WinHttp.WinHttpRequest.5)"
74.244.197.56 - - [06/Jul/2026:17:16:46 +0200] "POST /xmlrpc.php HTTP/1.1" 200 403 "-" "Mozilla/5.0 (Windows NT 10.0; arm64) AppleWebKit/537.36 (KHTML, like Gecko) Firefox/84.0.0.0 Safari/537.36"
74.244.197.56 - - [06/Jul/2026:17:17:45 +0200] "POST /xmlrpc.php HTTP/1.1" 200 403 "-" "Mozilla/5.0 (Macintosh; Intel Mac OS X 10_15_7; x64) AppleWebKit/537.36 (KHTML, like Gecko) Edge/95.0.0.0 Safari/537.36"
74.244.197.56 - - [06/Jul/2026:17:19:17 +0200] "POST /xmlrpc.php HTTP/1.1" 200 403 "-" "Mozilla/5.0 (Windows NT 6.3; x64) AppleWebKit/537.36 (KHTML, like Gecko) Edge/84.0.0.0 Safari/537.36"
74.244.197.56 - - [06/Jul/2026:17:20:19 +0200] "POST /xmlrpc.php HTTP/1.1" 200 403 "-" "Mozilla/5.0 (X11; Ubuntu; Linux x86_64; x86) AppleWebKit/537.36 (KHTML, like Gecko) Safari/12.0.0.0 Safari/537.36"
198.244.168.213 - - [06/Jul/2026:17:20:33 +0200] "GET /egypt-premeir-league/?random-post=1 HTTP/2" 404 5750 "-" "Mozilla/5.0 (compatible; AhrefsBot/7.0; +http://ahrefs.com/robot/)"
74.244.197.56 - - [06/Jul/2026:17:20:54 +0200] "POST /xmlrpc.php HTTP/1.1" 200 403 "-" "Mozilla/5.0 (Macintosh; Intel Mac OS X 10_15_7; x64) AppleWebKit/537.36 (KHTML, like Gecko) Edge/81.0.0.0 Safari/537.36"
74.244.197.56 - - [06/Jul/2026:17:21:28 +0200] "POST /xmlrpc.php HTTP/1.1" 200 403 "-" "Mozilla/5.0 (Linux; Android 10; x64) AppleWebKit/537.36 (KHTML, like Gecko) Opera/66.0.0.0 Safari/537.36"
114.119.153.15 - - [06/Jul/2026:17:24:42 +0200] "GET /?z=3858524e88e65 HTTP/1.1" 200 6744 "https://bigfreeodds.com/sitemap_index.xml" "Mozilla/5.0 (Linux; Android 7.0;) AppleWebKit/537.36 (HTML, like Gecko) Mobile Safari/537.36 (compatible; PetalBot;+https://webmaster.petalsearch.com/site/petalbot)"
114.119.146.98 - - [06/Jul/2026:17:26:04 +0200] "GET /?z=2209584ebgfh7 HTTP/1.1" 200 6744 "https://bigfreeodds.com/sitemap_index.xml" "Mozilla/5.0 (Linux; Android 7.0;) AppleWebKit/537.36 (HTML, like Gecko) Mobile Safari/537.36 (compatible; PetalBot;+https://webmaster.petalsearch.com/site/petalbot)"
114.119.146.98 - - [06/Jul/2026:17:27:28 +0200] "GET /?z=1757143bc7j91 HTTP/1.1" 200 6744 "https://bigfreeodds.com/sitemap_index.xml" "Mozilla/5.0 (Linux; Android 7.0;) AppleWebKit/537.36 (HTML, like Gecko) Mobile Safari/537.36 (compatible; PetalBot;+https://webmaster.petalsearch.com/site/petalbot)"
114.119.141.139 - - [06/Jul/2026:17:28:53 +0200] "GET /?z=1677716jecc2e HTTP/1.1" 200 6744 "https://bigfreeodds.com/sitemap_index.xml" "Mozilla/5.0 (Linux; Android 7.0;) AppleWebKit/537.36 (HTML, like Gecko) Mobile Safari/537.36 (compatible; PetalBot;+https://webmaster.petalsearch.com/site/petalbot)"
46.121.93.120 - - [06/Jul/2026:17:29:26 +0200] "GET /robots.txt HTTP/1.1" 200 80 "-" "Mozilla/5.0 (Macintosh; Intel Mac OS X 12.2; rv:130.0) Gecko/20100101 Firefox/130.0"
54.39.210.97 - - [06/Jul/2026:17:35:41 +0200] "GET /tip-always-check-out-the-most-significant-bonus-terms-and-conditions/ HTTP/2" 301 0 "-" "Mozilla/5.0 (compatible; AhrefsBot/7.0; +http://ahrefs.com/robot/)"
54.39.89.196 - - [06/Jul/2026:17:30:58 +0200] "GET /per-di-piu-vengono-attivate-ciclicamente-promozioni-speciali-sopra-quote-maggiorate-a-rso-principali-eventi-sportivi/ HTTP/2" 301 0 "-" "Mozilla/5.0 (compatible; AhrefsBot/7.0; +http://ahrefs.com/robot/)"
148.113.128.168 - - [06/Jul/2026:17:33:24 +0200] "GET /casino-telefon-inteligente-asi%EF%BF%BD-como-apps-juguetear-nadie-pondri%EF%BF%BDa-en-duda-desde-nuestro-telefonia-es-una-nueva-normalidad/ HTTP/2" 301 0 "-" "Mozilla/5.0 (compatible; AhrefsBot/7.0; +http://ahrefs.com/robot/)"
54.39.203.39 - - [06/Jul/2026:17:37:46 +0200] "GET /whom-cannot-take-pleasure-in-choosing-a-little-extra-one-thing-one-thing-whenever-taking-part-inside-a-transaction/ HTTP/2" 301 0 "-" "Mozilla/5.0 (compatible; AhrefsBot/7.0; +http://ahrefs.com/robot/)"
47.128.99.133 - - [06/Jul/2026:17:39:11 +0200] "GET /user/?user=7485 HTTP/2" 404 5750 "-" "Mozilla/5.0 (compatible; Bytespider; spider-feedback@bytedance.com) AppleWebKit/537.36 (KHTML, like Gecko) Chrome/70.0.0.0 Safari/537.36"
47.128.99.134 - - [06/Jul/2026:17:39:46 +0200] "GET /user/?user=7240 HTTP/2" 404 5750 "-" "Mozilla/5.0 (compatible; Bytespider; spider-feedback@bytedance.com) AppleWebKit/537.36 (KHTML, like Gecko) Chrome/70.0.0.0 Safari/537.36"
198.251.83.106 - - [06/Jul/2026:17:40:19 +0200] "POST /wp-cron.php?doing_wp_cron=1783352418.6858079433441162109375 HTTP/1.1" 200 0 "-" "WordPress/7.0; https://bigfreeodds.com"
47.128.98.78 - - [06/Jul/2026:17:40:23 +0200] "GET /user/?user=7254 HTTP/2" 404 5749 "-" "Mozilla/5.0 (compatible; Bytespider; spider-feedback@bytedance.com) AppleWebKit/537.36 (KHTML, like Gecko) Chrome/70.0.0.0 Safari/537.36"
47.128.98.67 - - [06/Jul/2026:17:40:56 +0200] "GET /usa-mls/ HTTP/2" 404 5750 "-" "Mozilla/5.0 (Linux; Android 5.0) AppleWebKit/537.36 (KHTML, like Gecko) Mobile Safari/537.36 (compatible; Bytespider; spider-feedback@bytedance.com)"
114.119.130.248 - - [06/Jul/2026:17:41:20 +0200] "GET /user/?user=10992 HTTP/1.1" 301 0 "https://www.bigfreeodds.com/user/?user=10992" "Mozilla/5.0 (Linux; Android 7.0;) AppleWebKit/537.36 (HTML, like Gecko) Mobile Safari/537.36 (compatible; PetalBot;+https://webmaster.petalsearch.com/site/petalbot)"
114.119.130.248 - - [06/Jul/2026:17:41:24 +0200] "GET /user/?user=10992 HTTP/1.1" 404 5750 "https://www.bigfreeodds.com/user/?user=10992" "Mozilla/5.0 (Linux; Android 7.0;) AppleWebKit/537.36 (HTML, like Gecko) Mobile Safari/537.36 (compatible; PetalBot;+https://webmaster.petalsearch.com/site/petalbot)"
74.244.197.56 - - [06/Jul/2026:17:41:27 +0200] "POST /xmlrpc.php HTTP/1.1" 200 403 "-" "Mozilla/5.0 (X11; Ubuntu; Linux x86_64; arm64) AppleWebKit/537.36 (KHTML, like Gecko) Chrome/90.0.0.0 Safari/537.36"
74.244.197.56 - - [06/Jul/2026:17:42:53 +0200] "POST /xmlrpc.php HTTP/1.1" 200 403 "-" "Mozilla/5.0 (Windows NT 6.2; x86) AppleWebKit/537.36 (KHTML, like Gecko) Chrome/106.0.0.0 Safari/537.36"
74.244.197.56 - - [06/Jul/2026:17:44:56 +0200] "POST /xmlrpc.php HTTP/1.1" 200 403 "-" "Mozilla/5.0 (Windows NT 6.3; x64) AppleWebKit/537.36 (KHTML, like Gecko) Safari/14.0.0.0 Safari/537.36"
74.244.197.56 - - [06/Jul/2026:17:46:30 +0200] "POST /xmlrpc.php HTTP/1.1" 200 403 "-" "Mozilla/5.0 (Windows NT 10.0; arm64) AppleWebKit/537.36 (KHTML, like Gecko) Safari/14.0.0.0 Safari/537.36"
74.244.197.56 - - [06/Jul/2026:17:46:58 +0200] "POST /xmlrpc.php HTTP/1.1" 200 403 "-" "Mozilla/5.0 (Linux; Android 10; x64) AppleWebKit/537.36 (KHTML, like Gecko) Edge/80.0.0.0 Safari/537.36"
74.244.197.56 - - [06/Jul/2026:17:47:23 +0200] "POST /xmlrpc.php HTTP/1.1" 200 403 "-" "Mozilla/5.0 (X11; Ubuntu; Linux x86_64; x64) AppleWebKit/537.36 (KHTML, like Gecko) Chrome/91.0.0.0 Safari/537.36"
74.244.197.56 - - [06/Jul/2026:17:48:17 +0200] "POST /xmlrpc.php HTTP/1.1" 200 403 "-" "Mozilla/5.0 (Windows NT 6.3; x86) AppleWebKit/537.36 (KHTML, like Gecko) Opera/69.0.0.0 Safari/537.36"
74.244.197.56 - - [06/Jul/2026:17:48:44 +0200] "POST /xmlrpc.php HTTP/1.1" 200 403 "-" "Mozilla/5.0 (Macintosh; Intel Mac OS X 10_15_7; arm64) AppleWebKit/537.36 (KHTML, like Gecko) Firefox/92.0.0.0 Safari/537.36"
74.244.197.56 - - [06/Jul/2026:17:49:35 +0200] "POST /xmlrpc.php HTTP/1.1" 200 403 "-" "Mozilla/5.0 (Macintosh; Intel Mac OS X 10_15_7; arm64) AppleWebKit/537.36 (KHTML, like Gecko) Firefox/88.0.0.0 Safari/537.36"
74.244.197.56 - - [06/Jul/2026:17:49:58 +0200] "POST /xmlrpc.php HTTP/1.1" 200 403 "-" "Mozilla/5.0 (Linux; Android 10; x64) AppleWebKit/537.36 (KHTML, like Gecko) Safari/13.0.0.0 Safari/537.36"
74.244.197.56 - - [06/Jul/2026:17:51:21 +0200] "POST /xmlrpc.php HTTP/1.1" 200 403 "-" "Mozilla/5.0 (Windows NT 6.3; arm64) AppleWebKit/537.36 (KHTML, like Gecko) Chrome/114.0.0.0 Safari/537.36"
74.244.197.56 - - [06/Jul/2026:17:51:49 +0200] "POST /xmlrpc.php HTTP/1.1" 200 403 "-" "Mozilla/5.0 (Linux; Android 10; x86) AppleWebKit/537.36 (KHTML, like Gecko) Safari/11.0.0.0 Safari/537.36"
74.244.197.56 - - [06/Jul/2026:17:52:19 +0200] "POST /xmlrpc.php HTTP/1.1" 200 403 "-" "Mozilla/5.0 (Linux; Android 10; x64) AppleWebKit/537.36 (KHTML, like Gecko) Edge/96.0.0.0 Safari/537.36"
74.244.197.56 - - [06/Jul/2026:17:52:49 +0200] "POST /xmlrpc.php HTTP/1.1" 200 403 "-" "Mozilla/5.0 (Windows NT 10.0; x86) AppleWebKit/537.36 (KHTML, like Gecko) Edge/96.0.0.0 Safari/537.36"
15.235.27.179 - - [06/Jul/2026:17:40:08 +0200] "GET /pravilnyy-sposob-uchastvovat-v-sultan-geyms-kazino-besplatnykh-onlayn-kazino-v-internete/ HTTP/2" 301 0 "-" "Mozilla/5.0 (compatible; AhrefsBot/7.0; +http://ahrefs.com/robot/)"
74.244.197.56 - - [06/Jul/2026:17:42:13 +0200] "POST /xmlrpc.php HTTP/1.1" 200 403 "-" "Mozilla/5.0 (X11; Ubuntu; Linux x86_64; x86) AppleWebKit/537.36 (KHTML, like Gecko) Opera/72.0.0.0 Safari/537.36"
51.195.183.215 - - [06/Jul/2026:17:42:18 +0200] "GET /user/?user=7373 HTTP/2" 404 5750 "-" "Mozilla/5.0 (compatible; AhrefsBot/7.0; +http://ahrefs.com/robot/)"
114.119.149.199 - - [06/Jul/2026:17:42:38 +0200] "GET /?z=75588487hgh9 HTTP/1.1" 301 0 "https://www.bigfreeodds.com/?z=75588487hgh9" "Mozilla/5.0 (Linux; Android 7.0;) AppleWebKit/537.36 (HTML, like Gecko) Mobile Safari/537.36 (compatible; PetalBot;+https://webmaster.petalsearch.com/site/petalbot)"
114.119.149.199 - - [06/Jul/2026:17:42:41 +0200] "GET /?z=75588487hgh9 HTTP/1.1" 200 6744 "https://www.bigfreeodds.com/?z=75588487hgh9" "Mozilla/5.0 (Linux; Android 7.0;) AppleWebKit/537.36 (HTML, like Gecko) Mobile Safari/537.36 (compatible; PetalBot;+https://webmaster.petalsearch.com/site/petalbot)"
74.244.197.56 - - [06/Jul/2026:17:43:34 +0200] "POST /xmlrpc.php HTTP/1.1" 200 403 "-" "Mozilla/5.0 (Windows NT 6.3; arm64) AppleWebKit/537.36 (KHTML, like Gecko) Safari/12.0.0.0 Safari/537.36"
114.119.130.60 - - [06/Jul/2026:17:44:02 +0200] "GET /?z=26993474h53f HTTP/1.1" 200 6744 "https://bigfreeodds.com/sitemap_index.xml" "Mozilla/5.0 (Linux; Android 7.0;) AppleWebKit/537.36 (HTML, like Gecko) Mobile Safari/537.36 (compatible; PetalBot;+https://webmaster.petalsearch.com/site/petalbot)"
74.244.197.56 - - [06/Jul/2026:17:44:17 +0200] "POST /xmlrpc.php HTTP/1.1" 200 403 "-" "Mozilla/5.0 (X11; Ubuntu; Linux x86_64; arm64) AppleWebKit/537.36 (KHTML, like Gecko) Safari/12.0.0.0 Safari/537.36"
198.244.168.81 - - [06/Jul/2026:17:44:34 +0200] "GET /news/page/15/ HTTP/2" 404 5750 "-" "Mozilla/5.0 (compatible; AhrefsBot/7.0; +http://ahrefs.com/robot/)"
74.244.197.56 - - [06/Jul/2026:17:45:27 +0200] "POST /xmlrpc.php HTTP/1.1" 200 403 "-" "Mozilla/5.0 (Windows NT 6.2; x64) AppleWebKit/537.36 (KHTML, like Gecko) Safari/15.0.0.0 Safari/537.36"
74.244.197.56 - - [06/Jul/2026:17:46:00 +0200] "POST /xmlrpc.php HTTP/1.1" 200 403 "-" "Mozilla/5.0 (Windows NT 6.2; arm64) AppleWebKit/537.36 (KHTML, like Gecko) Safari/11.0.0.0 Safari/537.36"
74.244.197.56 - - [06/Jul/2026:17:47:51 +0200] "POST /xmlrpc.php HTTP/1.1" 200 403 "-" "Mozilla/5.0 (Macintosh; Intel Mac OS X 10_15_7; x64) AppleWebKit/537.36 (KHTML, like Gecko) Safari/15.0.0.0 Safari/537.36"
74.244.197.56 - - [06/Jul/2026:17:49:08 +0200] "POST /xmlrpc.php HTTP/1.1" 200 403 "-" "Mozilla/5.0 (Windows NT 6.3; arm64) AppleWebKit/537.36 (KHTML, like Gecko) Safari/10.0.0.0 Safari/537.36"
170.238.9.235 - - [06/Jul/2026:17:49:16 +0200] "GET /wp-sitemap-posts-page-1.xml HTTP/1.1" 200 13549 "-" "Mozilla/5.0 (Macintosh; Intel Mac OS X 12_7_4) AppleWebKit/537.36 (KHTML, like Gecko) Chrome/133.0.6943.98 Safari/537.36"
74.244.197.56 - - [06/Jul/2026:17:50:25 +0200] "POST /xmlrpc.php HTTP/1.1" 200 403 "-" "Mozilla/5.0 (X11; Ubuntu; Linux x86_64; x86) AppleWebKit/537.36 (KHTML, like Gecko) Opera/63.0.0.0 Safari/537.36"
74.244.197.56 - - [06/Jul/2026:17:50:54 +0200] "POST /xmlrpc.php HTTP/1.1" 200 403 "-" "Mozilla/5.0 (Windows NT 10.0; x86) AppleWebKit/537.36 (KHTML, like Gecko) Firefox/90.0.0.0 Safari/537.36"
74.244.197.56 - - [06/Jul/2026:17:53:13 +0200] "POST /xmlrpc.php HTTP/1.1" 200 403 "-" "Mozilla/5.0 (Linux; Android 10; x64) AppleWebKit/537.36 (KHTML, like Gecko) Edge/96.0.0.0 Safari/537.36"
74.244.197.56 - - [06/Jul/2026:17:54:05 +0200] "POST /xmlrpc.php HTTP/1.1" 200 403 "-" "Mozilla/5.0 (Windows NT 10.0; x64) AppleWebKit/537.36 (KHTML, like Gecko) Chrome/94.0.0.0 Safari/537.36"
47.128.99.122 - - [06/Jul/2026:17:54:44 +0200] "GET /user/?user=7288 HTTP/2" 404 5750 "-" "Mozilla/5.0 (compatible; Bytespider; spider-feedback@bytedance.com) AppleWebKit/537.36 (KHTML, like Gecko) Chrome/70.0.0.0 Safari/537.36"
74.244.197.56 - - [06/Jul/2026:17:53:37 +0200] "POST /xmlrpc.php HTTP/1.1" 200 403 "-" "Mozilla/5.0 (X11; Ubuntu; Linux x86_64; x64) AppleWebKit/537.36 (KHTML, like Gecko) Firefox/87.0.0.0 Safari/537.36"
74.244.197.56 - - [06/Jul/2026:17:54:34 +0200] "POST /xmlrpc.php HTTP/1.1" 200 403 "-" "Mozilla/5.0 (Windows NT 6.3; x64) AppleWebKit/537.36 (KHTML, like Gecko) Edge/100.0.0.0 Safari/537.36"
74.244.197.56 - - [06/Jul/2026:17:56:18 +0200] "POST /xmlrpc.php HTTP/1.1" 200 403 "-" "Mozilla/5.0 (Linux; Android 10; x64) AppleWebKit/537.36 (KHTML, like Gecko) Safari/10.0.0.0 Safari/537.36"
47.128.98.70 - - [06/Jul/2026:17:56:29 +0200] "GET /user/?user=7273 HTTP/2" 404 5750 "-" "Mozilla/5.0 (compatible; Bytespider; spider-feedback@bytedance.com) AppleWebKit/537.36 (KHTML, like Gecko) Chrome/70.0.0.0 Safari/537.36"
114.119.148.174 - - [06/Jul/2026:17:56:43 +0200] "GET /?z=94105531ihbg HTTP/1.1" 301 0 "https://www.bigfreeodds.com/?z=94105531ihbg" "Mozilla/5.0 (Linux; Android 7.0;) AppleWebKit/537.36 (HTML, like Gecko) Mobile Safari/537.36 (compatible; PetalBot;+https://webmaster.petalsearch.com/site/petalbot)"
47.128.98.85 - - [06/Jul/2026:17:57:07 +0200] "GET /user/?user=7268 HTTP/2" 404 5750 "-" "Mozilla/5.0 (compatible; Bytespider; spider-feedback@bytedance.com) AppleWebKit/537.36 (KHTML, like Gecko) Chrome/70.0.0.0 Safari/537.36"
74.244.197.56 - - [06/Jul/2026:17:57:11 +0200] "POST /xmlrpc.php HTTP/1.1" 200 403 "-" "Mozilla/5.0 (Linux; Android 10; arm64) AppleWebKit/537.36 (KHTML, like Gecko) Chrome/113.0.0.0 Safari/537.36"
47.128.98.87 - - [06/Jul/2026:17:57:39 +0200] "GET /user/?user=7561 HTTP/2" 404 5750 "-" "Mozilla/5.0 (compatible; Bytespider; spider-feedback@bytedance.com) AppleWebKit/537.36 (KHTML, like Gecko) Chrome/70.0.0.0 Safari/537.36"
114.119.141.139 - - [06/Jul/2026:17:57:59 +0200] "GET /?z=594776537j1h HTTP/1.1" 301 0 "https://www.bigfreeodds.com/?z=594776537j1h" "Mozilla/5.0 (Linux; Android 7.0;) AppleWebKit/537.36 (HTML, like Gecko) Mobile Safari/537.36 (compatible; PetalBot;+https://webmaster.petalsearch.com/site/petalbot)"
114.119.141.139 - - [06/Jul/2026:17:58:01 +0200] "GET /?z=594776537j1h HTTP/1.1" 200 6744 "https://www.bigfreeodds.com/?z=594776537j1h" "Mozilla/5.0 (Linux; Android 7.0;) AppleWebKit/537.36 (HTML, like Gecko) Mobile Safari/537.36 (compatible; PetalBot;+https://webmaster.petalsearch.com/site/petalbot)"
74.244.197.56 - - [06/Jul/2026:17:58:11 +0200] "POST /xmlrpc.php HTTP/1.1" 200 403 "-" "Mozilla/5.0 (X11; Ubuntu; Linux x86_64; x64) AppleWebKit/537.36 (KHTML, like Gecko) Opera/74.0.0.0 Safari/537.36"
114.119.141.139 - - [06/Jul/2026:17:59:22 +0200] "GET /?z=5335785cfbhg HTTP/1.1" 301 0 "https://www.bigfreeodds.com/?z=5335785cfbhg" "Mozilla/5.0 (Linux; Android 7.0;) AppleWebKit/537.36 (HTML, like Gecko) Mobile Safari/537.36 (compatible; PetalBot;+https://webmaster.petalsearch.com/site/petalbot)"
74.244.197.56 - - [06/Jul/2026:17:59:35 +0200] "POST /xmlrpc.php HTTP/1.1" 200 403 "-" "Mozilla/5.0 (Windows NT 6.3; x86) AppleWebKit/537.36 (KHTML, like Gecko) Chrome/99.0.0.0 Safari/537.36"
74.244.197.56 - - [06/Jul/2026:17:59:59 +0200] "POST /xmlrpc.php HTTP/1.1" 200 403 "-" "Mozilla/5.0 (Windows NT 6.2; x64) AppleWebKit/537.36 (KHTML, like Gecko) Chrome/100.0.0.0 Safari/537.36"
114.119.141.139 - - [06/Jul/2026:18:00:45 +0200] "GET /?z=3764859cih72e HTTP/1.1" 200 6749 "https://bigfreeodds.com/sitemap_index.xml" "Mozilla/5.0 (Linux; Android 7.0;) AppleWebKit/537.36 (HTML, like Gecko) Mobile Safari/537.36 (compatible; PetalBot;+https://webmaster.petalsearch.com/site/petalbot)"
74.244.197.56 - - [06/Jul/2026:18:01:02 +0200] "POST /xmlrpc.php HTTP/1.1" 200 403 "-" "Mozilla/5.0 (Macintosh; Intel Mac OS X 10_15_7; arm64) AppleWebKit/537.36 (KHTML, like Gecko) Opera/78.0.0.0 Safari/537.36"
74.244.197.56 - - [06/Jul/2026:18:01:25 +0200] "POST /xmlrpc.php HTTP/1.1" 200 403 "-" "Mozilla/5.0 (Windows NT 10.0; x64) AppleWebKit/537.36 (KHTML, like Gecko) Opera/68.0.0.0 Safari/537.36"
74.244.197.56 - - [06/Jul/2026:17:55:00 +0200] "POST /xmlrpc.php HTTP/1.1" 200 403 "-" "Mozilla/5.0 (Windows NT 10.0; x64) AppleWebKit/537.36 (KHTML, like Gecko) Safari/10.0.0.0 Safari/537.36"
47.128.98.78 - - [06/Jul/2026:17:55:20 +0200] "GET /user/?user=7615 HTTP/2" 404 5750 "-" "Mozilla/5.0 (compatible; Bytespider; spider-feedback@bytedance.com) AppleWebKit/537.36 (KHTML, like Gecko) Chrome/70.0.0.0 Safari/537.36"
74.244.197.56 - - [06/Jul/2026:17:55:23 +0200] "POST /xmlrpc.php HTTP/1.1" 200 403 "-" "Mozilla/5.0 (Windows NT 6.3; arm64) AppleWebKit/537.36 (KHTML, like Gecko) Chrome/103.0.0.0 Safari/537.36"
74.244.197.56 - - [06/Jul/2026:17:55:52 +0200] "POST /xmlrpc.php HTTP/1.1" 200 403 "-" "Mozilla/5.0 (Windows NT 10.0; x86) AppleWebKit/537.36 (KHTML, like Gecko) Chrome/95.0.0.0 Safari/537.36"
47.128.99.11 - - [06/Jul/2026:17:55:54 +0200] "GET /user/?user=7497 HTTP/2" 404 5750 "-" "Mozilla/5.0 (compatible; Bytespider; spider-feedback@bytedance.com) AppleWebKit/537.36 (KHTML, like Gecko) Chrome/70.0.0.0 Safari/537.36"
114.119.148.174 - - [06/Jul/2026:17:56:45 +0200] "GET /?z=94105531ihbg HTTP/1.1" 200 6744 "https://www.bigfreeodds.com/?z=94105531ihbg" "Mozilla/5.0 (Linux; Android 7.0;) AppleWebKit/537.36 (HTML, like Gecko) Mobile Safari/537.36 (compatible; PetalBot;+https://webmaster.petalsearch.com/site/petalbot)"
74.244.197.56 - - [06/Jul/2026:17:56:48 +0200] "POST /xmlrpc.php HTTP/1.1" 200 403 "-" "Mozilla/5.0 (Macintosh; Intel Mac OS X 10_15_7; x64) AppleWebKit/537.36 (KHTML, like Gecko) Firefox/95.0.0.0 Safari/537.36"
74.244.197.56 - - [06/Jul/2026:17:57:39 +0200] "POST /xmlrpc.php HTTP/1.1" 200 403 "-" "Mozilla/5.0 (Windows NT 6.2; arm64) AppleWebKit/537.36 (KHTML, like Gecko) Safari/14.0.0.0 Safari/537.36"
74.244.197.56 - - [06/Jul/2026:17:58:40 +0200] "POST /xmlrpc.php HTTP/1.1" 200 403 "-" "Mozilla/5.0 (Windows NT 6.2; x64) AppleWebKit/537.36 (KHTML, like Gecko) Firefox/97.0.0.0 Safari/537.36"
74.244.197.56 - - [06/Jul/2026:17:59:07 +0200] "POST /xmlrpc.php HTTP/1.1" 200 403 "-" "Mozilla/5.0 (Linux; Android 10; arm64) AppleWebKit/537.36 (KHTML, like Gecko) Safari/13.0.0.0 Safari/537.36"
114.119.141.139 - - [06/Jul/2026:17:59:24 +0200] "GET /?z=5335785cfbhg HTTP/1.1" 200 6744 "https://www.bigfreeodds.com/?z=5335785cfbhg" "Mozilla/5.0 (Linux; Android 7.0;) AppleWebKit/537.36 (HTML, like Gecko) Mobile Safari/537.36 (compatible; PetalBot;+https://webmaster.petalsearch.com/site/petalbot)"
74.244.197.56 - - [06/Jul/2026:18:00:20 +0200] "POST /xmlrpc.php HTTP/1.1" 200 403 "-" "Mozilla/5.0 (X11; Ubuntu; Linux x86_64; x64) AppleWebKit/537.36 (KHTML, like Gecko) Firefox/70.0.0.0 Safari/537.36"
74.244.197.56 - - [06/Jul/2026:18:00:42 +0200] "POST /xmlrpc.php HTTP/1.1" 200 403 "-" "Mozilla/5.0 (Linux; Android 10; arm64) AppleWebKit/537.36 (KHTML, like Gecko) Opera/67.0.0.0 Safari/537.36"
198.54.114.84 - - [06/Jul/2026:18:00:44 +0200] "GET /wp-cron.php?doing_wp_cron HTTP/1.1" 200 0 "-" "Wget/1.19.5 (linux-gnu)"
114.119.141.139 - - [06/Jul/2026:18:02:09 +0200] "GET /?z=276855h7jh4e HTTP/1.1" 200 6749 "https://bigfreeodds.com/sitemap_index.xml" "Mozilla/5.0 (Linux; Android 7.0;) AppleWebKit/537.36 (HTML, like Gecko) Mobile Safari/537.36 (compatible; PetalBot;+https://webmaster.petalsearch.com/site/petalbot)"
74.244.197.56 - - [06/Jul/2026:18:02:49 +0200] "POST /xmlrpc.php HTTP/1.1" 200 403 "-" "Mozilla/5.0 (Linux; Android 10; x64) AppleWebKit/537.36 (KHTML, like Gecko) Edge/97.0.0.0 Safari/537.36"
74.244.197.56 - - [06/Jul/2026:18:03:06 +0200] "POST /xmlrpc.php HTTP/1.1" 200 403 "-" "Mozilla/5.0 (X11; Ubuntu; Linux x86_64; x86) AppleWebKit/537.36 (KHTML, like Gecko) Safari/14.0.0.0 Safari/537.36"
66.249.64.226 - - [06/Jul/2026:18:03:12 +0200] "GET /?z=507j7aa62 HTTP/1.1" 200 28081 "-" "Mozilla/5.0 (Linux; Android 6.0.1; Nexus 5X Build/MMB29P) AppleWebKit/537.36 (KHTML, like Gecko) Chrome/150.0.7871.46 Mobile Safari/537.36 (compatible; Googlebot/2.1; +http://www.google.com/bot.html)"
74.244.197.56 - - [06/Jul/2026:18:07:13 +0200] "POST /xmlrpc.php HTTP/1.1" 200 403 "-" "Mozilla/5.0 (Linux; Android 10; x86) AppleWebKit/537.36 (KHTML, like Gecko) Firefox/85.0.0.0 Safari/537.36"
74.244.197.56 - - [06/Jul/2026:18:07:30 +0200] "POST /xmlrpc.php HTTP/1.1" 200 403 "-" "Mozilla/5.0 (X11; Ubuntu; Linux x86_64; x64) AppleWebKit/537.36 (KHTML, like Gecko) Chrome/91.0.0.0 Safari/537.36"
74.244.197.56 - - [06/Jul/2026:18:07:52 +0200] "POST /xmlrpc.php HTTP/1.1" 200 403 "-" "Mozilla/5.0 (Windows NT 10.0; x86) AppleWebKit/537.36 (KHTML, like Gecko) Chrome/91.0.0.0 Safari/537.36"
74.244.197.56 - - [06/Jul/2026:18:08:13 +0200] "POST /xmlrpc.php HTTP/1.1" 200 403 "-" "Mozilla/5.0 (Macintosh; Intel Mac OS X 10_15_7; arm64) AppleWebKit/537.36 (KHTML, like Gecko) Safari/15.0.0.0 Safari/537.36"
51.161.65.215 - - [06/Jul/2026:18:08:19 +0200] "GET /play-totally-free-lobstermania-2-slot-machine-game-online-igt-game/ HTTP/2" 301 0 "-" "Mozilla/5.0 (compatible; AhrefsBot/7.0; +http://ahrefs.com/robot/)"
74.244.197.56 - - [06/Jul/2026:18:03:31 +0200] "POST /xmlrpc.php HTTP/1.1" 200 403 "-" "Mozilla/5.0 (Windows NT 10.0; arm64) AppleWebKit/537.36 (KHTML, like Gecko) Edge/88.0.0.0 Safari/537.36"
114.119.148.174 - - [06/Jul/2026:18:03:33 +0200] "GET /?z=2581298550i10 HTTP/1.1" 200 6749 "https://bigfreeodds.com/sitemap_index.xml" "Mozilla/5.0 (Linux; Android 7.0;) AppleWebKit/537.36 (HTML, like Gecko) Mobile Safari/537.36 (compatible; PetalBot;+https://webmaster.petalsearch.com/site/petalbot)"
143.105.99.227 - - [06/Jul/2026:18:03:54 +0200] "GET / HTTP/1.1" 200 7409 "http://aio.online" "Mozilla/5.0 (Windows NT 6.1; Win64; x64) AppleWebKit/537.36 (KHTML, like Gecko) Chrome/97.0.4692.71 Safari/537.36"
143.105.99.227 - - [06/Jul/2026:18:03:55 +0200] "GET /wp-content/themes/neon-kick-live/assets/css/neon-kick.css?ver=1782666473 HTTP/1.1" 200 14526 "https://bigfreeodds.com/" "Mozilla/5.0 (Windows NT 6.1; Win64; x64) AppleWebKit/537.36 (KHTML, like Gecko) Chrome/97.0.4692.71 Safari/537.36"
143.105.99.227 - - [06/Jul/2026:18:03:55 +0200] "GET /wp-content/themes/neon-kick-live/assets/js/neon-kick.js?ver=1782666473 HTTP/1.1" 404 6590 "https://bigfreeodds.com/" "Mozilla/5.0 (Windows NT 6.1; Win64; x64) AppleWebKit/537.36 (KHTML, like Gecko) Chrome/97.0.4692.71 Safari/537.36"
74.244.197.56 - - [06/Jul/2026:18:04:19 +0200] "POST /xmlrpc.php HTTP/1.1" 200 403 "-" "Mozilla/5.0 (Linux; Android 10; arm64) AppleWebKit/537.36 (KHTML, like Gecko) Edge/96.0.0.0 Safari/537.36"
74.244.197.56 - - [06/Jul/2026:18:05:23 +0200] "POST /xmlrpc.php HTTP/1.1" 200 403 "-" "Mozilla/5.0 (Macintosh; Intel Mac OS X 10_15_7; x64) AppleWebKit/537.36 (KHTML, like Gecko) Chrome/115.0.0.0 Safari/537.36"
74.244.197.56 - - [06/Jul/2026:18:05:47 +0200] "POST /xmlrpc.php HTTP/1.1" 200 403 "-" "Mozilla/5.0 (Linux; Android 10; arm64) AppleWebKit/537.36 (KHTML, like Gecko) Chrome/98.0.0.0 Safari/537.36"
74.244.197.56 - - [06/Jul/2026:18:06:50 +0200] "POST /xmlrpc.php HTTP/1.1" 200 403 "-" "Mozilla/5.0 (Linux; Android 10; x86) AppleWebKit/537.36 (KHTML, like Gecko) Chrome/103.0.0.0 Safari/537.36"
142.44.225.212 - - [06/Jul/2026:18:07:04 +0200] "GET /xmlrpc-test-post/ HTTP/2" 301 0 "-" "Mozilla/5.0 (compatible; AhrefsBot/7.0; +http://ahrefs.com/robot/)"
74.244.197.56 - - [06/Jul/2026:18:01:46 +0200] "POST /xmlrpc.php HTTP/1.1" 200 403 "-" "Mozilla/5.0 (X11; Ubuntu; Linux x86_64; arm64) AppleWebKit/537.36 (KHTML, like Gecko) Chrome/105.0.0.0 Safari/537.36"
74.244.197.56 - - [06/Jul/2026:18:02:04 +0200] "POST /xmlrpc.php HTTP/1.1" 200 403 "-" "Mozilla/5.0 (Macintosh; Intel Mac OS X 10_15_7; arm64) AppleWebKit/537.36 (KHTML, like Gecko) Safari/11.0.0.0 Safari/537.36"
74.244.197.56 - - [06/Jul/2026:18:02:28 +0200] "POST /xmlrpc.php HTTP/1.1" 200 403 "-" "Mozilla/5.0 (Windows NT 6.3; arm64) AppleWebKit/537.36 (KHTML, like Gecko) Chrome/98.0.0.0 Safari/537.36"
148.113.128.200 - - [06/Jul/2026:18:03:08 +0200] "GET /greatest-zero-minimum-deposit-casino-internet-in-america/ HTTP/2" 301 0 "-" "Mozilla/5.0 (compatible; AhrefsBot/7.0; +http://ahrefs.com/robot/)"
45.182.218.102 - - [06/Jul/2026:18:03:30 +0200] "GET /user/?user=2570 HTTP/1.1" 404 6264 "-" "Mozilla/5.0 (Macintosh; Intel Mac OS X 15.0; rv:127.0) Gecko/20100101 Firefox/127.0"
74.244.197.56 - - [06/Jul/2026:18:03:54 +0200] "POST /xmlrpc.php HTTP/1.1" 200 403 "-" "Mozilla/5.0 (Windows NT 6.2; x86) AppleWebKit/537.36 (KHTML, like Gecko) Chrome/82.0.0.0 Safari/537.36"
51.161.65.20 - - [06/Jul/2026:18:04:35 +0200] "GET /tips-play-additional-roulette-online-game-%EF%BF%BD-rules/ HTTP/2" 301 0 "-" "Mozilla/5.0 (compatible; AhrefsBot/7.0; +http://ahrefs.com/robot/)"
74.244.197.56 - - [06/Jul/2026:18:04:42 +0200] "POST /xmlrpc.php HTTP/1.1" 200 403 "-" "Mozilla/5.0 (Macintosh; Intel Mac OS X 10_15_7; arm64) AppleWebKit/537.36 (KHTML, like Gecko) Safari/11.0.0.0 Safari/537.36"
74.244.197.56 - - [06/Jul/2026:18:05:04 +0200] "POST /xmlrpc.php HTTP/1.1" 200 403 "-" "Mozilla/5.0 (Windows NT 10.0; arm64) AppleWebKit/537.36 (KHTML, like Gecko) Safari/13.0.0.0 Safari/537.36"
54.39.210.212 - - [06/Jul/2026:18:05:58 +0200] "GET /fortuna-casino-online-das-glucksspiel-der-zukunft/ HTTP/2" 301 0 "-" "Mozilla/5.0 (compatible; AhrefsBot/7.0; +http://ahrefs.com/robot/)"
74.244.197.56 - - [06/Jul/2026:18:06:14 +0200] "POST /xmlrpc.php HTTP/1.1" 200 403 "-" "Mozilla/5.0 (Macintosh; Intel Mac OS X 10_15_7; arm64) AppleWebKit/537.36 (KHTML, like Gecko) Safari/12.0.0.0 Safari/537.36"
74.244.197.56 - - [06/Jul/2026:18:06:32 +0200] "POST /xmlrpc.php HTTP/1.1" 200 403 "-" "Mozilla/5.0 (Linux; Android 10; x86) AppleWebKit/537.36 (KHTML, like Gecko) Opera/79.0.0.0 Safari/537.36"
74.244.197.56 - - [06/Jul/2026:18:08:48 +0200] "POST /xmlrpc.php HTTP/1.1" 200 403 "-" "Mozilla/5.0 (Windows NT 6.2; arm64) AppleWebKit/537.36 (KHTML, like Gecko) Opera/66.0.0.0 Safari/537.36"
74.244.197.56 - - [06/Jul/2026:18:09:06 +0200] "POST /xmlrpc.php HTTP/1.1" 200 403 "-" "Mozilla/5.0 (Windows NT 6.3; x86) AppleWebKit/537.36 (KHTML, like Gecko) Safari/13.0.0.0 Safari/537.36"
15.235.98.127 - - [06/Jul/2026:18:09:24 +0200] "GET /europaisches-roulette-sicher-fur-anfanger/ HTTP/2" 301 0 "-" "Mozilla/5.0 (compatible; AhrefsBot/7.0; +http://ahrefs.com/robot/)"
74.244.197.56 - - [06/Jul/2026:18:09:49 +0200] "POST /xmlrpc.php HTTP/1.1" 200 403 "-" "Mozilla/5.0 (X11; Ubuntu; Linux x86_64; x64) AppleWebKit/537.36 (KHTML, like Gecko) Firefox/70.0.0.0 Safari/537.36"
74.244.197.56 - - [06/Jul/2026:18:10:48 +0200] "POST /xmlrpc.php HTTP/1.1" 200 403 "-" "Mozilla/5.0 (Windows NT 6.2; arm64) AppleWebKit/537.36 (KHTML, like Gecko) Chrome/99.0.0.0 Safari/537.36"
74.244.197.56 - - [06/Jul/2026:18:11:07 +0200] "POST /xmlrpc.php HTTP/1.1" 200 403 "-" "Mozilla/5.0 (Windows NT 6.3; arm64) AppleWebKit/537.36 (KHTML, like Gecko) Opera/69.0.0.0 Safari/537.36"
74.244.197.56 - - [06/Jul/2026:18:11:25 +0200] "POST /xmlrpc.php HTTP/1.1" 200 403 "-" "Mozilla/5.0 (Windows NT 10.0; x64) AppleWebKit/537.36 (KHTML, like Gecko) Chrome/91.0.0.0 Safari/537.36"
54.39.89.228 - - [06/Jul/2026:18:12:12 +0200] "GET /exploring-the-thrills-of-highfly-casino-and-sports/ HTTP/2" 301 0 "-" "Mozilla/5.0 (compatible; AhrefsBot/7.0; +http://ahrefs.com/robot/)"
74.244.197.56 - - [06/Jul/2026:18:12:21 +0200] "POST /xmlrpc.php HTTP/1.1" 200 403 "-" "Mozilla/5.0 (X11; Ubuntu; Linux x86_64; arm64) AppleWebKit/537.36 (KHTML, like Gecko) Firefox/100.0.0.0 Safari/537.36"
74.244.197.56 - - [06/Jul/2026:18:12:44 +0200] "POST /xmlrpc.php HTTP/1.1" 200 403 "-" "Mozilla/5.0 (Windows NT 6.2; arm64) AppleWebKit/537.36 (KHTML, like Gecko) Firefox/79.0.0.0 Safari/537.36"
74.244.197.56 - - [06/Jul/2026:18:13:01 +0200] "POST /xmlrpc.php HTTP/1.1" 200 403 "-" "Mozilla/5.0 (X11; Ubuntu; Linux x86_64; arm64) AppleWebKit/537.36 (KHTML, like Gecko) Edge/100.0.0.0 Safari/537.36"
114.119.146.98 - - [06/Jul/2026:18:13:05 +0200] "GET /user/?user=8 HTTP/1.1" 404 5750 "https://www.bigfreeodds.com/statistics/?view=matchpredictions&match=97" "Mozilla/5.0 (Linux; Android 8.0.0; SM-G955U Build/R16NW) AppleWebKit/537.36 (KHTML, like Gecko) Chrome/148.0.0.0 Mobile Safari/537.36"
54.39.136.108 - - [06/Jul/2026:18:13:17 +0200] "GET /la-tecnica-%EF%BF%BDprovably-fair%EF%BF%BD-distingue-questi-casino-dalle-piattaforme-tradizionali/ HTTP/2" 301 0 "-" "Mozilla/5.0 (compatible; AhrefsBot/7.0; +http://ahrefs.com/robot/)"
74.244.197.56 - - [06/Jul/2026:18:13:38 +0200] "POST /xmlrpc.php HTTP/1.1" 200 403 "-" "Mozilla/5.0 (Windows NT 6.3; x86) AppleWebKit/537.36 (KHTML, like Gecko) Chrome/110.0.0.0 Safari/537.36"
198.244.240.57 - - [06/Jul/2026:18:14:22 +0200] "GET /user/?user=3733 HTTP/2" 404 5750 "-" "Mozilla/5.0 (compatible; AhrefsBot/7.0; +http://ahrefs.com/robot/)"
114.119.153.15 - - [06/Jul/2026:18:14:25 +0200] "GET /?z=29524137i6ebd HTTP/1.1" 200 6749 "https://bigfreeodds.com/sitemap_index.xml" "Mozilla/5.0 (Linux; Android 7.0;) AppleWebKit/537.36 (HTML, like Gecko) Mobile Safari/537.36 (compatible; PetalBot;+https://webmaster.petalsearch.com/site/petalbot)"
74.244.197.56 - - [06/Jul/2026:18:14:49 +0200] "POST /xmlrpc.php HTTP/1.1" 200 403 "-" "Mozilla/5.0 (Linux; Android 10; arm64) AppleWebKit/537.36 (KHTML, like Gecko) Firefox/76.0.0.0 Safari/537.36"
51.195.244.0 - - [06/Jul/2026:18:15:34 +0200] "GET /user/?user=7355 HTTP/2" 404 5750 "-" "Mozilla/5.0 (compatible; AhrefsBot/7.0; +http://ahrefs.com/robot/)"
74.244.197.56 - - [06/Jul/2026:18:15:49 +0200] "POST /xmlrpc.php HTTP/1.1" 200 403 "-" "Mozilla/5.0 (Linux; Android 10; x64) AppleWebKit/537.36 (KHTML, like Gecko) Chrome/99.0.0.0 Safari/537.36"
74.244.197.56 - - [06/Jul/2026:18:16:31 +0200] "POST /xmlrpc.php HTTP/1.1" 200 403 "-" "Mozilla/5.0 (Windows NT 10.0; x64) AppleWebKit/537.36 (KHTML, like Gecko) Edge/86.0.0.0 Safari/537.36"
74.244.197.56 - - [06/Jul/2026:18:08:30 +0200] "POST /xmlrpc.php HTTP/1.1" 200 403 "-" "Mozilla/5.0 (Macintosh; Intel Mac OS X 10_15_7; x86) AppleWebKit/537.36 (KHTML, like Gecko) Edge/92.0.0.0 Safari/537.36"
74.244.197.56 - - [06/Jul/2026:18:09:28 +0200] "POST /xmlrpc.php HTTP/1.1" 200 403 "-" "Mozilla/5.0 (X11; Ubuntu; Linux x86_64; x86) AppleWebKit/537.36 (KHTML, like Gecko) Chrome/82.0.0.0 Safari/537.36"
74.244.197.56 - - [06/Jul/2026:18:10:06 +0200] "POST /xmlrpc.php HTTP/1.1" 200 403 "-" "Mozilla/5.0 (Macintosh; Intel Mac OS X 10_15_7; arm64) AppleWebKit/537.36 (KHTML, like Gecko) Opera/61.0.0.0 Safari/537.36"
74.244.197.56 - - [06/Jul/2026:18:10:27 +0200] "POST /xmlrpc.php HTTP/1.1" 200 403 "-" "Mozilla/5.0 (Windows NT 6.3; x64) AppleWebKit/537.36 (KHTML, like Gecko) Firefox/71.0.0.0 Safari/537.36"
15.235.27.197 - - [06/Jul/2026:18:10:56 +0200] "GET /spain-copa-del-rey/ HTTP/2" 301 0 "-" "Mozilla/5.0 (compatible; AhrefsBot/7.0; +http://ahrefs.com/robot/)"
74.244.197.56 - - [06/Jul/2026:18:11:46 +0200] "POST /xmlrpc.php HTTP/1.1" 200 403 "-" "Mozilla/5.0 (Windows NT 10.0; x86) AppleWebKit/537.36 (KHTML, like Gecko) Edge/93.0.0.0 Safari/537.36"
74.244.197.56 - - [06/Jul/2026:18:12:04 +0200] "POST /xmlrpc.php HTTP/1.1" 200 403 "-" "Mozilla/5.0 (Windows NT 6.2; x86) AppleWebKit/537.36 (KHTML, like Gecko) Opera/75.0.0.0 Safari/537.36"
114.119.146.98 - - [06/Jul/2026:18:13:02 +0200] "GET /user/?user=8 HTTP/1.1" 301 0 "https://www.bigfreeodds.com/statistics/?view=matchpredictions&match=97" "Mozilla/5.0 (Linux; Android 8.0.0; SM-G955U Build/R16NW) AppleWebKit/537.36 (KHTML, like Gecko) Chrome/148.0.0.0 Mobile Safari/537.36"
107.181.156.151 - - [06/Jul/2026:18:13:11 +0200] "GET /sweden-svenska-cupen/ HTTP/2" 404 5750 "-" "Mozilla/5.0 (Linux; Android 15; SM-S918U) AppleWebKit/537.36 (KHTML, like Gecko) Chrome/139.0.0.0 Mobile Safari/537.36"
74.244.197.56 - - [06/Jul/2026:18:13:20 +0200] "POST /xmlrpc.php HTTP/1.1" 200 403 "-" "Mozilla/5.0 (Macintosh; Intel Mac OS X 10_15_7; x86) AppleWebKit/537.36 (KHTML, like Gecko) Firefox/74.0.0.0 Safari/537.36"
74.244.197.56 - - [06/Jul/2026:18:14:00 +0200] "POST /xmlrpc.php HTTP/1.1" 200 403 "-" "Mozilla/5.0 (Windows NT 6.3; x86) AppleWebKit/537.36 (KHTML, like Gecko) Edge/90.0.0.0 Safari/537.36"
74.244.197.56 - - [06/Jul/2026:18:14:24 +0200] "POST /xmlrpc.php HTTP/1.1" 200 403 "-" "Mozilla/5.0 (Windows NT 6.2; arm64) AppleWebKit/537.36 (KHTML, like Gecko) Safari/10.0.0.0 Safari/537.36"
74.244.197.56 - - [06/Jul/2026:18:15:11 +0200] "POST /xmlrpc.php HTTP/1.1" 200 403 "-" "Mozilla/5.0 (Macintosh; Intel Mac OS X 10_15_7; x86) AppleWebKit/537.36 (KHTML, like Gecko) Opera/62.0.0.0 Safari/537.36"
110.249.201.219 - - [06/Jul/2026:18:15:29 +0200] "GET /robots.txt HTTP/1.1" 200 80 "-" "Mozilla/5.0 (Linux; Android 5.0) AppleWebKit/537.36 (KHTML, like Gecko) Mobile Safari/537.36 (compatible; Bytespider; https://zhanzhang.toutiao.com/)"
74.244.197.56 - - [06/Jul/2026:18:15:31 +0200] "POST /xmlrpc.php HTTP/1.1" 200 403 "-" "Mozilla/5.0 (X11; Ubuntu; Linux x86_64; arm64) AppleWebKit/537.36 (KHTML, like Gecko) Chrome/89.0.0.0 Safari/537.36"
114.119.148.174 - - [06/Jul/2026:18:15:49 +0200] "GET /?z=2247796dj79jf HTTP/1.1" 200 6749 "https://bigfreeodds.com/sitemap_index.xml" "Mozilla/5.0 (Linux; Android 7.0;) AppleWebKit/537.36 (HTML, like Gecko) Mobile Safari/537.36 (compatible; PetalBot;+https://webmaster.petalsearch.com/site/petalbot)"
74.244.197.56 - - [06/Jul/2026:18:16:11 +0200] "POST /xmlrpc.php HTTP/1.1" 200 403 "-" "Mozilla/5.0 (Windows NT 10.0; x86) AppleWebKit/537.36 (KHTML, like Gecko) Firefox/74.0.0.0 Safari/537.36"
74.244.197.56 - - [06/Jul/2026:18:16:51 +0200] "POST /xmlrpc.php HTTP/1.1" 200 403 "-" "Mozilla/5.0 (X11; Ubuntu; Linux x86_64; x86) AppleWebKit/537.36 (KHTML, like Gecko) Firefox/83.0.0.0 Safari/537.36"
114.119.148.174 - - [06/Jul/2026:18:17:12 +0200] "GET /user/?user=6475 HTTP/1.1" 301 0 "https://www.bigfreeodds.com/user/?user=6475" "Mozilla/5.0 (Linux; Android 7.0;) AppleWebKit/537.36 (HTML, like Gecko) Mobile Safari/537.36 (compatible; PetalBot;+https://webmaster.petalsearch.com/site/petalbot)"
114.119.148.174 - - [06/Jul/2026:18:17:14 +0200] "GET /user/?user=6475 HTTP/1.1" 404 5750 "https://www.bigfreeodds.com/user/?user=6475" "Mozilla/5.0 (Linux; Android 7.0;) AppleWebKit/537.36 (HTML, like Gecko) Mobile Safari/537.36 (compatible; PetalBot;+https://webmaster.petalsearch.com/site/petalbot)"
74.244.197.56 - - [06/Jul/2026:18:17:14 +0200] "POST /xmlrpc.php HTTP/1.1" 200 403 "-" "Mozilla/5.0 (Linux; Android 10; x64) AppleWebKit/537.36 (KHTML, like Gecko) Chrome/84.0.0.0 Safari/537.36"
74.244.197.56 - - [06/Jul/2026:18:17:31 +0200] "POST /xmlrpc.php HTTP/1.1" 200 403 "-" "Mozilla/5.0 (Windows NT 6.3; arm64) AppleWebKit/537.36 (KHTML, like Gecko) Safari/11.0.0.0 Safari/537.36"
198.244.242.45 - - [06/Jul/2026:18:17:38 +0200] "GET /user/?user=3669 HTTP/2" 404 5750 "-" "Mozilla/5.0 (compatible; AhrefsBot/7.0; +http://ahrefs.com/robot/)"
74.244.197.56 - - [06/Jul/2026:18:17:50 +0200] "POST /xmlrpc.php HTTP/1.1" 200 403 "-" "Mozilla/5.0 (X11; Ubuntu; Linux x86_64; x64) AppleWebKit/537.36 (KHTML, like Gecko) Chrome/100.0.0.0 Safari/537.36"
114.119.146.98 - - [06/Jul/2026:18:29:18 +0200] "GET /?z=1375137d785e3 HTTP/1.1" 301 0 "https://www.bigfreeodds.com/?z=1375137d785e3" "Mozilla/5.0 (Linux; Android 7.0;) AppleWebKit/537.36 (HTML, like Gecko) Mobile Safari/537.36 (compatible; PetalBot;+https://webmaster.petalsearch.com/site/petalbot)"
51.195.244.247 - - [06/Jul/2026:18:31:28 +0200] "GET /sitemap.xml HTTP/2" 200 12235 "-" "Mozilla/5.0 (compatible; AhrefsBot/7.0; +http://ahrefs.com/robot/)"
114.119.130.248 - - [06/Jul/2026:18:32:06 +0200] "GET /?z=968011hc54d4 HTTP/1.1" 200 6749 "https://bigfreeodds.com/sitemap_index.xml" "Mozilla/5.0 (Linux; Android 7.0;) AppleWebKit/537.36 (HTML, like Gecko) Mobile Safari/537.36 (compatible; PetalBot;+https://webmaster.petalsearch.com/site/petalbot)"
114.119.146.98 - - [06/Jul/2026:18:33:31 +0200] "GET /?z=3141183d125e4 HTTP/1.1" 301 0 "https://www.bigfreeodds.com/?z=3141183d125e4" "Mozilla/5.0 (Linux; Android 7.0;) AppleWebKit/537.36 (HTML, like Gecko) Mobile Safari/537.36 (compatible; PetalBot;+https://webmaster.petalsearch.com/site/petalbot)"
114.119.146.98 - - [06/Jul/2026:18:33:33 +0200] "GET /?z=3141183d125e4 HTTP/1.1" 200 6749 "https://www.bigfreeodds.com/?z=3141183d125e4" "Mozilla/5.0 (Linux; Android 7.0;) AppleWebKit/537.36 (HTML, like Gecko) Mobile Safari/537.36 (compatible; PetalBot;+https://webmaster.petalsearch.com/site/petalbot)"
185.168.30.113 - - [06/Jul/2026:18:35:11 +0200] "GET /wp-admin/ HTTP/1.1" 302 0 "-" "Mozilla/5.0 (Windows NT 10.0; Win64; x64) AppleWebKit/537.36 (KHTML, like Gecko) Chrome/131.0.0.0 Safari/537.36"
185.168.30.113 - - [06/Jul/2026:18:35:12 +0200] "GET /wp-json/ HTTP/1.1" 200 191728 "-" "Mozilla/5.0 (Windows NT 10.0; Win64; x64) AppleWebKit/537.36 (KHTML, like Gecko) Chrome/131.0.0.0 Safari/537.36"
114.119.141.139 - - [06/Jul/2026:18:36:18 +0200] "GET /?z=2328592ca5afh HTTP/1.1" 301 0 "https://www.bigfreeodds.com/?z=2328592ca5afh" "Mozilla/5.0 (Linux; Android 7.0;) AppleWebKit/537.36 (HTML, like Gecko) Mobile Safari/537.36 (compatible; PetalBot;+https://webmaster.petalsearch.com/site/petalbot)"
185.168.30.113 - - [06/Jul/2026:18:37:12 +0200] "GET /wp-admin/ HTTP/1.1" 302 0 "-" "Mozilla/5.0 (Windows NT 10.0; Win64; x64) AppleWebKit/537.36 (KHTML, like Gecko) Chrome/131.0.0.0 Safari/537.36"
