74.7.227.158 - - [07/Jul/2026:04:08:55 +0200] "GET /shopping/663992736 HTTP/2" 404 5750 "https://www.bigfreeodds.com" "Mozilla/5.0 AppleWebKit/537.36 (KHTML, like Gecko; compatible; GPTBot/1.4; +https://openai.com/gptbot)"
74.7.227.158 - - [07/Jul/2026:04:08:59 +0200] "GET /shopping/720532305 HTTP/2" 404 5750 "https://www.bigfreeodds.com" "Mozilla/5.0 AppleWebKit/537.36 (KHTML, like Gecko; compatible; GPTBot/1.4; +https://openai.com/gptbot)"
74.7.227.158 - - [07/Jul/2026:04:09:02 +0200] "GET /shopping/520966526 HTTP/2" 404 5750 "https://www.bigfreeodds.com" "Mozilla/5.0 AppleWebKit/537.36 (KHTML, like Gecko; compatible; GPTBot/1.4; +https://openai.com/gptbot)"
74.7.227.158 - - [07/Jul/2026:04:09:05 +0200] "GET /shopping/571565524 HTTP/2" 404 5750 "https://www.bigfreeodds.com" "Mozilla/5.0 AppleWebKit/537.36 (KHTML, like Gecko; compatible; GPTBot/1.4; +https://openai.com/gptbot)"
74.7.227.158 - - [07/Jul/2026:04:09:08 +0200] "GET /shopping/426979674 HTTP/2" 404 5750 "https://www.bigfreeodds.com" "Mozilla/5.0 AppleWebKit/537.36 (KHTML, like Gecko; compatible; GPTBot/1.4; +https://openai.com/gptbot)"
74.7.227.158 - - [07/Jul/2026:04:09:11 +0200] "GET /shopping/911912848 HTTP/2" 404 5749 "https://www.bigfreeodds.com" "Mozilla/5.0 AppleWebKit/537.36 (KHTML, like Gecko; compatible; GPTBot/1.4; +https://openai.com/gptbot)"
74.7.227.158 - - [07/Jul/2026:04:09:14 +0200] "GET /shopping/669793607 HTTP/2" 404 5750 "https://www.bigfreeodds.com" "Mozilla/5.0 AppleWebKit/537.36 (KHTML, like Gecko; compatible; GPTBot/1.4; +https://openai.com/gptbot)"
74.7.227.158 - - [07/Jul/2026:04:09:17 +0200] "GET /shopping/183043400 HTTP/2" 404 5750 "https://www.bigfreeodds.com" "Mozilla/5.0 AppleWebKit/537.36 (KHTML, like Gecko; compatible; GPTBot/1.4; +https://openai.com/gptbot)"
74.7.227.158 - - [07/Jul/2026:04:09:20 +0200] "GET /shopping/628773747 HTTP/2" 404 5750 "https://www.bigfreeodds.com" "Mozilla/5.0 AppleWebKit/537.36 (KHTML, like Gecko; compatible; GPTBot/1.4; +https://openai.com/gptbot)"
74.7.227.158 - - [07/Jul/2026:04:09:23 +0200] "GET /shopping/675712625 HTTP/2" 404 5750 "https://www.bigfreeodds.com" "Mozilla/5.0 AppleWebKit/537.36 (KHTML, like Gecko; compatible; GPTBot/1.4; +https://openai.com/gptbot)"
74.7.227.158 - - [07/Jul/2026:04:09:27 +0200] "GET /shopping/988576995 HTTP/2" 404 5750 "https://www.bigfreeodds.com" "Mozilla/5.0 AppleWebKit/537.36 (KHTML, like Gecko; compatible; GPTBot/1.4; +https://openai.com/gptbot)"
74.7.227.158 - - [07/Jul/2026:04:09:30 +0200] "GET /shopping/859898363 HTTP/2" 404 5750 "https://www.bigfreeodds.com" "Mozilla/5.0 AppleWebKit/537.36 (KHTML, like Gecko; compatible; GPTBot/1.4; +https://openai.com/gptbot)"
74.7.227.158 - - [07/Jul/2026:04:09:33 +0200] "GET /shopping/451251645 HTTP/2" 404 5750 "https://www.bigfreeodds.com" "Mozilla/5.0 AppleWebKit/537.36 (KHTML, like Gecko; compatible; GPTBot/1.4; +https://openai.com/gptbot)"
74.7.227.158 - - [07/Jul/2026:04:09:36 +0200] "GET /shopping/279225024 HTTP/2" 404 5750 "https://www.bigfreeodds.com" "Mozilla/5.0 AppleWebKit/537.36 (KHTML, like Gecko; compatible; GPTBot/1.4; +https://openai.com/gptbot)"
74.7.227.158 - - [07/Jul/2026:04:09:39 +0200] "GET /shopping/463247223 HTTP/2" 404 5750 "https://www.bigfreeodds.com" "Mozilla/5.0 AppleWebKit/537.36 (KHTML, like Gecko; compatible; GPTBot/1.4; +https://openai.com/gptbot)"
74.7.227.158 - - [07/Jul/2026:04:09:42 +0200] "GET /shopping/971221941 HTTP/2" 404 5750 "https://www.bigfreeodds.com" "Mozilla/5.0 AppleWebKit/537.36 (KHTML, like Gecko; compatible; GPTBot/1.4; +https://openai.com/gptbot)"
74.7.227.158 - - [07/Jul/2026:04:09:45 +0200] "GET /shopping/936789737 HTTP/2" 404 5750 "https://www.bigfreeodds.com" "Mozilla/5.0 AppleWebKit/537.36 (KHTML, like Gecko; compatible; GPTBot/1.4; +https://openai.com/gptbot)"
74.7.227.158 - - [07/Jul/2026:04:09:48 +0200] "GET /shopping/173702317 HTTP/2" 404 5750 "https://www.bigfreeodds.com" "Mozilla/5.0 AppleWebKit/537.36 (KHTML, like Gecko; compatible; GPTBot/1.4; +https://openai.com/gptbot)"
74.7.227.158 - - [07/Jul/2026:04:09:51 +0200] "GET /shopping/440698447 HTTP/2" 404 5750 "https://www.bigfreeodds.com" "Mozilla/5.0 AppleWebKit/537.36 (KHTML, like Gecko; compatible; GPTBot/1.4; +https://openai.com/gptbot)"
74.7.227.158 - - [07/Jul/2026:04:09:55 +0200] "GET /shopping/622972876 HTTP/2" 404 5750 "https://www.bigfreeodds.com" "Mozilla/5.0 AppleWebKit/537.36 (KHTML, like Gecko; compatible; GPTBot/1.4; +https://openai.com/gptbot)"
114.119.149.199 - - [07/Jul/2026:04:09:56 +0200] "GET /shopping/457232339 HTTP/1.1" 404 5750 "https://bigfreeodds.com/sitemap.xml" "Mozilla/5.0 (Linux; Android 7.0;) AppleWebKit/537.36 (HTML, like Gecko) Mobile Safari/537.36 (compatible; PetalBot;+https://webmaster.petalsearch.com/site/petalbot)"
74.7.227.158 - - [07/Jul/2026:04:09:58 +0200] "GET /shopping/391335387 HTTP/2" 404 5750 "https://www.bigfreeodds.com" "Mozilla/5.0 AppleWebKit/537.36 (KHTML, like Gecko; compatible; GPTBot/1.4; +https://openai.com/gptbot)"
74.7.227.158 - - [07/Jul/2026:04:10:01 +0200] "GET /shopping/112343663 HTTP/2" 404 5750 "https://www.bigfreeodds.com" "Mozilla/5.0 AppleWebKit/537.36 (KHTML, like Gecko; compatible; GPTBot/1.4; +https://openai.com/gptbot)"
74.7.227.158 - - [07/Jul/2026:04:10:04 +0200] "GET /shopping/452463744 HTTP/2" 404 5750 "https://www.bigfreeodds.com" "Mozilla/5.0 AppleWebKit/537.36 (KHTML, like Gecko; compatible; GPTBot/1.4; +https://openai.com/gptbot)"
74.7.227.158 - - [07/Jul/2026:04:10:07 +0200] "GET /shopping/725121077 HTTP/2" 404 5750 "https://www.bigfreeodds.com" "Mozilla/5.0 AppleWebKit/537.36 (KHTML, like Gecko; compatible; GPTBot/1.4; +https://openai.com/gptbot)"
74.7.227.158 - - [07/Jul/2026:04:10:10 +0200] "GET /shopping/470605567 HTTP/2" 404 5750 "https://www.bigfreeodds.com" "Mozilla/5.0 AppleWebKit/537.36 (KHTML, like Gecko; compatible; GPTBot/1.4; +https://openai.com/gptbot)"
74.7.227.158 - - [07/Jul/2026:04:10:14 +0200] "GET /shopping/939213951 HTTP/2" 404 5750 "https://www.bigfreeodds.com" "Mozilla/5.0 AppleWebKit/537.36 (KHTML, like Gecko; compatible; GPTBot/1.4; +https://openai.com/gptbot)"
74.7.227.158 - - [07/Jul/2026:04:10:17 +0200] "GET /shopping/863534644 HTTP/2" 404 5750 "https://www.bigfreeodds.com" "Mozilla/5.0 AppleWebKit/537.36 (KHTML, like Gecko; compatible; GPTBot/1.4; +https://openai.com/gptbot)"
74.7.227.158 - - [07/Jul/2026:04:10:20 +0200] "GET /shopping/889805483 HTTP/2" 404 5750 "https://www.bigfreeodds.com" "Mozilla/5.0 AppleWebKit/537.36 (KHTML, like Gecko; compatible; GPTBot/1.4; +https://openai.com/gptbot)"
74.7.227.158 - - [07/Jul/2026:04:10:23 +0200] "GET /shopping/228486326 HTTP/2" 404 5750 "https://www.bigfreeodds.com" "Mozilla/5.0 AppleWebKit/537.36 (KHTML, like Gecko; compatible; GPTBot/1.4; +https://openai.com/gptbot)"
74.7.227.158 - - [07/Jul/2026:04:10:26 +0200] "GET /shopping/630938353 HTTP/2" 404 5750 "https://www.bigfreeodds.com" "Mozilla/5.0 AppleWebKit/537.36 (KHTML, like Gecko; compatible; GPTBot/1.4; +https://openai.com/gptbot)"
74.7.227.158 - - [07/Jul/2026:04:10:29 +0200] "GET /shopping/895769877 HTTP/2" 404 5750 "https://www.bigfreeodds.com" "Mozilla/5.0 AppleWebKit/537.36 (KHTML, like Gecko; compatible; GPTBot/1.4; +https://openai.com/gptbot)"
74.7.227.158 - - [07/Jul/2026:04:10:32 +0200] "GET /shopping/933249525 HTTP/2" 404 5750 "https://www.bigfreeodds.com" "Mozilla/5.0 AppleWebKit/537.36 (KHTML, like Gecko; compatible; GPTBot/1.4; +https://openai.com/gptbot)"
74.7.227.158 - - [07/Jul/2026:04:10:35 +0200] "GET /shopping/892393188 HTTP/2" 404 5750 "https://www.bigfreeodds.com" "Mozilla/5.0 AppleWebKit/537.36 (KHTML, like Gecko; compatible; GPTBot/1.4; +https://openai.com/gptbot)"
74.7.227.158 - - [07/Jul/2026:04:10:38 +0200] "GET /shopping/671005706 HTTP/2" 404 5750 "https://www.bigfreeodds.com" "Mozilla/5.0 AppleWebKit/537.36 (KHTML, like Gecko; compatible; GPTBot/1.4; +https://openai.com/gptbot)"
74.7.227.158 - - [07/Jul/2026:04:10:42 +0200] "GET /shopping/910700749 HTTP/2" 404 5750 "https://www.bigfreeodds.com" "Mozilla/5.0 AppleWebKit/537.36 (KHTML, like Gecko; compatible; GPTBot/1.4; +https://openai.com/gptbot)"
74.7.227.158 - - [07/Jul/2026:04:10:45 +0200] "GET /shopping/329585983 HTTP/2" 404 5750 "https://www.bigfreeodds.com" "Mozilla/5.0 AppleWebKit/537.36 (KHTML, like Gecko; compatible; GPTBot/1.4; +https://openai.com/gptbot)"
74.7.227.158 - - [07/Jul/2026:04:10:48 +0200] "GET /shopping/211901944 HTTP/2" 404 5750 "https://www.bigfreeodds.com" "Mozilla/5.0 AppleWebKit/537.36 (KHTML, like Gecko; compatible; GPTBot/1.4; +https://openai.com/gptbot)"
74.7.227.158 - - [07/Jul/2026:04:10:51 +0200] "GET /shopping/856358135 HTTP/2" 404 5750 "https://www.bigfreeodds.com" "Mozilla/5.0 AppleWebKit/537.36 (KHTML, like Gecko; compatible; GPTBot/1.4; +https://openai.com/gptbot)"
74.7.227.158 - - [07/Jul/2026:04:10:54 +0200] "GET /shopping/356116414 HTTP/2" 404 5750 "https://www.bigfreeodds.com" "Mozilla/5.0 AppleWebKit/537.36 (KHTML, like Gecko; compatible; GPTBot/1.4; +https://openai.com/gptbot)"
74.7.227.158 - - [07/Jul/2026:04:10:57 +0200] "GET /shopping/425604052 HTTP/2" 404 5750 "https://www.bigfreeodds.com" "Mozilla/5.0 AppleWebKit/537.36 (KHTML, like Gecko; compatible; GPTBot/1.4; +https://openai.com/gptbot)"
74.7.227.158 - - [07/Jul/2026:04:11:00 +0200] "GET /shopping/166900461 HTTP/2" 404 5750 "https://www.bigfreeodds.com" "Mozilla/5.0 AppleWebKit/537.36 (KHTML, like Gecko; compatible; GPTBot/1.4; +https://openai.com/gptbot)"
74.7.227.158 - - [07/Jul/2026:04:11:04 +0200] "GET /shopping/627561664 HTTP/2" 404 5750 "https://www.bigfreeodds.com" "Mozilla/5.0 AppleWebKit/537.36 (KHTML, like Gecko; compatible; GPTBot/1.4; +https://openai.com/gptbot)"
74.7.227.158 - - [07/Jul/2026:04:11:07 +0200] "GET /shopping/250757230 HTTP/2" 404 5750 "https://www.bigfreeodds.com" "Mozilla/5.0 AppleWebKit/537.36 (KHTML, like Gecko; compatible; GPTBot/1.4; +https://openai.com/gptbot)"
74.7.227.158 - - [07/Jul/2026:04:11:10 +0200] "GET /shopping/699637039 HTTP/2" 404 5750 "https://www.bigfreeodds.com" "Mozilla/5.0 AppleWebKit/537.36 (KHTML, like Gecko; compatible; GPTBot/1.4; +https://openai.com/gptbot)"
74.7.227.158 - - [07/Jul/2026:04:11:13 +0200] "GET /shopping/139599358 HTTP/2" 404 5750 "https://www.bigfreeodds.com" "Mozilla/5.0 AppleWebKit/537.36 (KHTML, like Gecko; compatible; GPTBot/1.4; +https://openai.com/gptbot)"
74.7.227.158 - - [07/Jul/2026:04:11:16 +0200] "GET /shopping/372259353 HTTP/2" 404 5750 "https://www.bigfreeodds.com" "Mozilla/5.0 AppleWebKit/537.36 (KHTML, like Gecko; compatible; GPTBot/1.4; +https://openai.com/gptbot)"
74.7.227.158 - - [07/Jul/2026:04:11:20 +0200] "GET /shopping/497906670 HTTP/2" 404 5750 "https://www.bigfreeodds.com" "Mozilla/5.0 AppleWebKit/537.36 (KHTML, like Gecko; compatible; GPTBot/1.4; +https://openai.com/gptbot)"
74.7.227.158 - - [07/Jul/2026:04:11:23 +0200] "GET /shopping/556471145 HTTP/2" 404 5750 "https://www.bigfreeodds.com" "Mozilla/5.0 AppleWebKit/537.36 (KHTML, like Gecko; compatible; GPTBot/1.4; +https://openai.com/gptbot)"
74.7.227.158 - - [07/Jul/2026:04:11:26 +0200] "GET /shopping/500071260 HTTP/2" 404 5750 "https://www.bigfreeodds.com" "Mozilla/5.0 AppleWebKit/537.36 (KHTML, like Gecko; compatible; GPTBot/1.4; +https://openai.com/gptbot)"
74.7.227.158 - - [07/Jul/2026:04:11:29 +0200] "GET /shopping/555259046 HTTP/2" 404 5750 "https://www.bigfreeodds.com" "Mozilla/5.0 AppleWebKit/537.36 (KHTML, like Gecko; compatible; GPTBot/1.4; +https://openai.com/gptbot)"
74.7.227.158 - - [07/Jul/2026:04:11:32 +0200] "GET /shopping/866911333 HTTP/2" 404 5750 "https://www.bigfreeodds.com" "Mozilla/5.0 AppleWebKit/537.36 (KHTML, like Gecko; compatible; GPTBot/1.4; +https://openai.com/gptbot)"
51.161.37.207 - - [07/Jul/2026:04:11:33 +0200] "GET /user/?user=4299 HTTP/2" 404 5750 "-" "Mozilla/5.0 (compatible; AhrefsBot/7.0; +http://ahrefs.com/robot/)"
74.7.227.158 - - [07/Jul/2026:04:11:35 +0200] "GET /shopping/892229681 HTTP/2" 404 5750 "https://www.bigfreeodds.com" "Mozilla/5.0 AppleWebKit/537.36 (KHTML, like Gecko; compatible; GPTBot/1.4; +https://openai.com/gptbot)"
74.7.227.158 - - [07/Jul/2026:04:11:39 +0200] "GET /shopping/970009858 HTTP/2" 404 5750 "https://www.bigfreeodds.com" "Mozilla/5.0 AppleWebKit/537.36 (KHTML, like Gecko; compatible; GPTBot/1.4; +https://openai.com/gptbot)"
74.7.227.158 - - [07/Jul/2026:04:11:42 +0200] "GET /shopping/477782076 HTTP/2" 404 5750 "https://www.bigfreeodds.com" "Mozilla/5.0 AppleWebKit/537.36 (KHTML, like Gecko; compatible; GPTBot/1.4; +https://openai.com/gptbot)"
74.7.227.158 - - [07/Jul/2026:04:11:45 +0200] "GET /shopping/471817666 HTTP/2" 404 5750 "https://www.bigfreeodds.com" "Mozilla/5.0 AppleWebKit/537.36 (KHTML, like Gecko; compatible; GPTBot/1.4; +https://openai.com/gptbot)"
74.7.227.158 - - [07/Jul/2026:04:11:48 +0200] "GET /shopping/516377722 HTTP/2" 404 5750 "https://www.bigfreeodds.com" "Mozilla/5.0 AppleWebKit/537.36 (KHTML, like Gecko; compatible; GPTBot/1.4; +https://openai.com/gptbot)"
74.7.227.158 - - [07/Jul/2026:04:11:51 +0200] "GET /shopping/784446299 HTTP/2" 404 5750 "https://www.bigfreeodds.com" "Mozilla/5.0 AppleWebKit/537.36 (KHTML, like Gecko; compatible; GPTBot/1.4; +https://openai.com/gptbot)"
74.7.227.158 - - [07/Jul/2026:04:11:54 +0200] "GET /shopping/906111945 HTTP/2" 404 5750 "https://www.bigfreeodds.com" "Mozilla/5.0 AppleWebKit/537.36 (KHTML, like Gecko; compatible; GPTBot/1.4; +https://openai.com/gptbot)"
74.7.227.158 - - [07/Jul/2026:04:11:57 +0200] "GET /shopping/822255176 HTTP/2" 404 5750 "https://www.bigfreeodds.com" "Mozilla/5.0 AppleWebKit/537.36 (KHTML, like Gecko; compatible; GPTBot/1.4; +https://openai.com/gptbot)"
74.7.227.158 - - [07/Jul/2026:04:12:01 +0200] "GET /shopping/604849333 HTTP/2" 404 5750 "https://www.bigfreeodds.com" "Mozilla/5.0 AppleWebKit/537.36 (KHTML, like Gecko; compatible; GPTBot/1.4; +https://openai.com/gptbot)"
74.7.227.158 - - [07/Jul/2026:04:12:04 +0200] "GET /shopping/357068889 HTTP/2" 404 5750 "https://www.bigfreeodds.com" "Mozilla/5.0 AppleWebKit/537.36 (KHTML, like Gecko; compatible; GPTBot/1.4; +https://openai.com/gptbot)"
74.7.227.158 - - [07/Jul/2026:04:12:07 +0200] "GET /shopping/467999550 HTTP/2" 404 5750 "https://www.bigfreeodds.com" "Mozilla/5.0 AppleWebKit/537.36 (KHTML, like Gecko; compatible; GPTBot/1.4; +https://openai.com/gptbot)"
74.7.227.158 - - [07/Jul/2026:04:12:10 +0200] "GET /shopping/466623912 HTTP/2" 404 5750 "https://www.bigfreeodds.com" "Mozilla/5.0 AppleWebKit/537.36 (KHTML, like Gecko; compatible; GPTBot/1.4; +https://openai.com/gptbot)"
74.7.227.158 - - [07/Jul/2026:04:12:13 +0200] "GET /shopping/401888569 HTTP/2" 404 5750 "https://www.bigfreeodds.com" "Mozilla/5.0 AppleWebKit/537.36 (KHTML, like Gecko; compatible; GPTBot/1.4; +https://openai.com/gptbot)"
74.7.227.158 - - [07/Jul/2026:04:12:16 +0200] "GET /shopping/916665143 HTTP/2" 404 5750 "https://www.bigfreeodds.com" "Mozilla/5.0 AppleWebKit/537.36 (KHTML, like Gecko; compatible; GPTBot/1.4; +https://openai.com/gptbot)"
74.7.227.158 - - [07/Jul/2026:04:12:19 +0200] "GET /shopping/861110462 HTTP/2" 404 5750 "https://www.bigfreeodds.com" "Mozilla/5.0 AppleWebKit/537.36 (KHTML, like Gecko; compatible; GPTBot/1.4; +https://openai.com/gptbot)"
74.7.227.158 - - [07/Jul/2026:04:12:23 +0200] "GET /shopping/598866627 HTTP/2" 404 5750 "https://www.bigfreeodds.com" "Mozilla/5.0 AppleWebKit/537.36 (KHTML, like Gecko; compatible; GPTBot/1.4; +https://openai.com/gptbot)"
74.7.227.158 - - [07/Jul/2026:04:12:26 +0200] "GET /shopping/607437070 HTTP/2" 404 5750 "https://www.bigfreeodds.com" "Mozilla/5.0 AppleWebKit/537.36 (KHTML, like Gecko; compatible; GPTBot/1.4; +https://openai.com/gptbot)"
74.7.227.158 - - [07/Jul/2026:04:12:29 +0200] "GET /shopping/550506751 HTTP/2" 404 5750 "https://www.bigfreeodds.com" "Mozilla/5.0 AppleWebKit/537.36 (KHTML, like Gecko; compatible; GPTBot/1.4; +https://openai.com/gptbot)"
74.7.227.158 - - [07/Jul/2026:04:12:32 +0200] "GET /shopping/181831301 HTTP/2" 404 5750 "https://www.bigfreeodds.com" "Mozilla/5.0 AppleWebKit/537.36 (KHTML, like Gecko; compatible; GPTBot/1.4; +https://openai.com/gptbot)"
74.7.227.158 - - [07/Jul/2026:04:12:35 +0200] "GET /shopping/771776102 HTTP/2" 404 5750 "https://www.bigfreeodds.com" "Mozilla/5.0 AppleWebKit/537.36 (KHTML, like Gecko; compatible; GPTBot/1.4; +https://openai.com/gptbot)"
74.7.227.158 - - [07/Jul/2026:04:12:38 +0200] "GET /shopping/968893828 HTTP/2" 404 5750 "https://www.bigfreeodds.com" "Mozilla/5.0 AppleWebKit/537.36 (KHTML, like Gecko; compatible; GPTBot/1.4; +https://openai.com/gptbot)"
74.7.227.158 - - [07/Jul/2026:04:12:42 +0200] "GET /shopping/400676470 HTTP/2" 404 5750 "https://www.bigfreeodds.com" "Mozilla/5.0 AppleWebKit/537.36 (KHTML, like Gecko; compatible; GPTBot/1.4; +https://openai.com/gptbot)"
114.119.130.60 - - [07/Jul/2026:04:12:43 +0200] "GET /shopping/456116325 HTTP/1.1" 404 5750 "https://bigfreeodds.com/sitemap.xml" "Mozilla/5.0 (Linux; Android 7.0;) AppleWebKit/537.36 (HTML, like Gecko) Mobile Safari/537.36 (compatible; PetalBot;+https://webmaster.petalsearch.com/site/petalbot)"
74.7.227.158 - - [07/Jul/2026:04:12:45 +0200] "GET /shopping/233238653 HTTP/2" 404 5750 "https://www.bigfreeodds.com" "Mozilla/5.0 AppleWebKit/537.36 (KHTML, like Gecko; compatible; GPTBot/1.4; +https://openai.com/gptbot)"
104.164.106.3 - - [07/Jul/2026:04:12:48 +0200] "GET /scotland-championship/ HTTP/2" 404 21467 "-" "Mozilla/5.0 (Macintosh; Intel Mac OS X 10_15_7) AppleWebKit/537.36 (KHTML, like Gecko) Chrome/148.0.0.0 Safari/537.36"
74.7.227.158 - - [07/Jul/2026:04:12:48 +0200] "GET /shopping/373375367 HTTP/2" 404 5750 "https://www.bigfreeodds.com" "Mozilla/5.0 AppleWebKit/537.36 (KHTML, like Gecko; compatible; GPTBot/1.4; +https://openai.com/gptbot)"
74.7.227.158 - - [07/Jul/2026:04:12:51 +0200] "GET /shopping/163360233 HTTP/2" 404 5750 "https://www.bigfreeodds.com" "Mozilla/5.0 AppleWebKit/537.36 (KHTML, like Gecko; compatible; GPTBot/1.4; +https://openai.com/gptbot)"
74.7.227.158 - - [07/Jul/2026:04:12:55 +0200] "GET /shopping/405479474 HTTP/2" 404 5750 "https://www.bigfreeodds.com" "Mozilla/5.0 AppleWebKit/537.36 (KHTML, like Gecko; compatible; GPTBot/1.4; +https://openai.com/gptbot)"
74.7.227.158 - - [07/Jul/2026:04:12:58 +0200] "GET /shopping/425767575 HTTP/2" 404 5750 "https://www.bigfreeodds.com" "Mozilla/5.0 AppleWebKit/537.36 (KHTML, like Gecko; compatible; GPTBot/1.4; +https://openai.com/gptbot)"
74.7.227.158 - - [07/Jul/2026:04:13:01 +0200] "GET /shopping/174914416 HTTP/2" 404 5750 "https://www.bigfreeodds.com" "Mozilla/5.0 AppleWebKit/537.36 (KHTML, like Gecko; compatible; GPTBot/1.4; +https://openai.com/gptbot)"
74.7.227.158 - - [07/Jul/2026:04:13:04 +0200] "GET /shopping/177079006 HTTP/2" 404 5750 "https://www.bigfreeodds.com" "Mozilla/5.0 AppleWebKit/537.36 (KHTML, like Gecko; compatible; GPTBot/1.4; +https://openai.com/gptbot)"
74.7.227.158 - - [07/Jul/2026:04:13:07 +0200] "GET /shopping/522342132 HTTP/2" 404 5750 "https://www.bigfreeodds.com" "Mozilla/5.0 AppleWebKit/537.36 (KHTML, like Gecko; compatible; GPTBot/1.4; +https://openai.com/gptbot)"
74.7.227.158 - - [07/Jul/2026:04:13:10 +0200] "GET /shopping/715779978 HTTP/2" 404 5750 "https://www.bigfreeodds.com" "Mozilla/5.0 AppleWebKit/537.36 (KHTML, like Gecko; compatible; GPTBot/1.4; +https://openai.com/gptbot)"
74.7.227.158 - - [07/Jul/2026:04:13:14 +0200] "GET /shopping/993329306 HTTP/2" 404 5750 "https://www.bigfreeodds.com" "Mozilla/5.0 AppleWebKit/537.36 (KHTML, like Gecko; compatible; GPTBot/1.4; +https://openai.com/gptbot)"
74.7.227.158 - - [07/Jul/2026:04:13:17 +0200] "GET /shopping/447711417 HTTP/2" 404 5750 "https://www.bigfreeodds.com" "Mozilla/5.0 AppleWebKit/537.36 (KHTML, like Gecko; compatible; GPTBot/1.4; +https://openai.com/gptbot)"
74.7.227.158 - - [07/Jul/2026:04:13:20 +0200] "GET /shopping/202397322 HTTP/2" 404 5750 "https://www.bigfreeodds.com" "Mozilla/5.0 AppleWebKit/537.36 (KHTML, like Gecko; compatible; GPTBot/1.4; +https://openai.com/gptbot)"
74.7.227.158 - - [07/Jul/2026:04:13:23 +0200] "GET /shopping/429144264 HTTP/2" 404 5750 "https://www.bigfreeodds.com" "Mozilla/5.0 AppleWebKit/537.36 (KHTML, like Gecko; compatible; GPTBot/1.4; +https://openai.com/gptbot)"
74.7.227.158 - - [07/Jul/2026:04:13:26 +0200] "GET /shopping/983988223 HTTP/2" 404 5750 "https://www.bigfreeodds.com" "Mozilla/5.0 AppleWebKit/537.36 (KHTML, like Gecko; compatible; GPTBot/1.4; +https://openai.com/gptbot)"
74.7.227.158 - - [07/Jul/2026:04:13:29 +0200] "GET /shopping/112180140 HTTP/2" 404 5750 "https://www.bigfreeodds.com" "Mozilla/5.0 AppleWebKit/537.36 (KHTML, like Gecko; compatible; GPTBot/1.4; +https://openai.com/gptbot)"
74.7.227.158 - - [07/Jul/2026:04:13:32 +0200] "GET /shopping/513001033 HTTP/2" 404 5750 "https://www.bigfreeodds.com" "Mozilla/5.0 AppleWebKit/537.36 (KHTML, like Gecko; compatible; GPTBot/1.4; +https://openai.com/gptbot)"
74.7.227.158 - - [07/Jul/2026:04:13:35 +0200] "GET /shopping/201003420 HTTP/2" 404 5750 "https://www.bigfreeodds.com" "Mozilla/5.0 AppleWebKit/537.36 (KHTML, like Gecko; compatible; GPTBot/1.4; +https://openai.com/gptbot)"
74.7.227.158 - - [07/Jul/2026:04:13:38 +0200] "GET /shopping/989789094 HTTP/2" 404 5750 "https://www.bigfreeodds.com" "Mozilla/5.0 AppleWebKit/537.36 (KHTML, like Gecko; compatible; GPTBot/1.4; +https://openai.com/gptbot)"
74.7.227.158 - - [07/Jul/2026:04:13:42 +0200] "GET /shopping/322669066 HTTP/2" 404 5750 "https://www.bigfreeodds.com" "Mozilla/5.0 AppleWebKit/537.36 (KHTML, like Gecko; compatible; GPTBot/1.4; +https://openai.com/gptbot)"
74.7.227.158 - - [07/Jul/2026:04:13:45 +0200] "GET /shopping/350315511 HTTP/2" 404 5749 "https://www.bigfreeodds.com" "Mozilla/5.0 AppleWebKit/537.36 (KHTML, like Gecko; compatible; GPTBot/1.4; +https://openai.com/gptbot)"
74.7.227.158 - - [07/Jul/2026:04:13:48 +0200] "GET /shopping/444334728 HTTP/2" 404 5750 "https://www.bigfreeodds.com" "Mozilla/5.0 AppleWebKit/537.36 (KHTML, like Gecko; compatible; GPTBot/1.4; +https://openai.com/gptbot)"
74.7.227.158 - - [07/Jul/2026:04:13:51 +0200] "GET /shopping/744474999 HTTP/2" 404 5750 "https://www.bigfreeodds.com" "Mozilla/5.0 AppleWebKit/537.36 (KHTML, like Gecko; compatible; GPTBot/1.4; +https://openai.com/gptbot)"
74.7.227.158 - - [07/Jul/2026:04:13:54 +0200] "GET /shopping/179666711 HTTP/2" 404 5750 "https://www.bigfreeodds.com" "Mozilla/5.0 AppleWebKit/537.36 (KHTML, like Gecko; compatible; GPTBot/1.4; +https://openai.com/gptbot)"
74.7.227.158 - - [07/Jul/2026:04:13:57 +0200] "GET /shopping/794999481 HTTP/2" 404 5750 "https://www.bigfreeodds.com" "Mozilla/5.0 AppleWebKit/537.36 (KHTML, like Gecko; compatible; GPTBot/1.4; +https://openai.com/gptbot)"
74.7.227.158 - - [07/Jul/2026:04:14:01 +0200] "GET /shopping/633362535 HTTP/2" 404 5749 "https://www.bigfreeodds.com" "Mozilla/5.0 AppleWebKit/537.36 (KHTML, like Gecko; compatible; GPTBot/1.4; +https://openai.com/gptbot)"
74.7.227.158 - - [07/Jul/2026:04:14:04 +0200] "GET /shopping/184255515 HTTP/2" 404 5750 "https://www.bigfreeodds.com" "Mozilla/5.0 AppleWebKit/537.36 (KHTML, like Gecko; compatible; GPTBot/1.4; +https://openai.com/gptbot)"
114.119.130.60 - - [07/Jul/2026:04:14:05 +0200] "GET /shopping/454904242 HTTP/1.1" 404 5750 "https://bigfreeodds.com/sitemap.xml" "Mozilla/5.0 (Linux; Android 7.0;) AppleWebKit/537.36 (HTML, like Gecko) Mobile Safari/537.36 (compatible; PetalBot;+https://webmaster.petalsearch.com/site/petalbot)"
74.7.227.158 - - [07/Jul/2026:04:14:07 +0200] "GET /shopping/572777623 HTTP/2" 404 5750 "https://www.bigfreeodds.com" "Mozilla/5.0 AppleWebKit/537.36 (KHTML, like Gecko; compatible; GPTBot/1.4; +https://openai.com/gptbot)"
74.7.227.158 - - [07/Jul/2026:04:14:10 +0200] "GET /shopping/227274227 HTTP/2" 404 5750 "https://www.bigfreeodds.com" "Mozilla/5.0 AppleWebKit/537.36 (KHTML, like Gecko; compatible; GPTBot/1.4; +https://openai.com/gptbot)"
74.7.227.158 - - [07/Jul/2026:04:14:13 +0200] "GET /shopping/966469646 HTTP/2" 404 5750 "https://www.bigfreeodds.com" "Mozilla/5.0 AppleWebKit/537.36 (KHTML, like Gecko; compatible; GPTBot/1.4; +https://openai.com/gptbot)"
74.7.227.158 - - [07/Jul/2026:04:14:17 +0200] "GET /shopping/842034444 HTTP/2" 404 5750 "https://www.bigfreeodds.com" "Mozilla/5.0 AppleWebKit/537.36 (KHTML, like Gecko; compatible; GPTBot/1.4; +https://openai.com/gptbot)"
74.7.227.158 - - [07/Jul/2026:04:14:20 +0200] "GET /shopping/60165639 HTTP/2" 404 5749 "https://www.bigfreeodds.com" "Mozilla/5.0 AppleWebKit/537.36 (KHTML, like Gecko; compatible; GPTBot/1.4; +https://openai.com/gptbot)"
74.7.227.158 - - [07/Jul/2026:04:14:23 +0200] "GET /shopping/90236282 HTTP/2" 404 5750 "https://www.bigfreeodds.com" "Mozilla/5.0 AppleWebKit/537.36 (KHTML, like Gecko; compatible; GPTBot/1.4; +https://openai.com/gptbot)"
74.7.227.158 - - [07/Jul/2026:04:14:26 +0200] "GET /shopping/80731676 HTTP/2" 404 5750 "https://www.bigfreeodds.com" "Mozilla/5.0 AppleWebKit/537.36 (KHTML, like Gecko; compatible; GPTBot/1.4; +https://openai.com/gptbot)"
74.7.227.158 - - [07/Jul/2026:04:14:29 +0200] "GET /shopping/85483971 HTTP/2" 404 5750 "https://www.bigfreeodds.com" "Mozilla/5.0 AppleWebKit/537.36 (KHTML, like Gecko; compatible; GPTBot/1.4; +https://openai.com/gptbot)"
74.7.227.158 - - [07/Jul/2026:04:14:32 +0200] "GET /shopping/50824556 HTTP/2" 404 5750 "https://www.bigfreeodds.com" "Mozilla/5.0 AppleWebKit/537.36 (KHTML, like Gecko; compatible; GPTBot/1.4; +https://openai.com/gptbot)"
74.7.227.158 - - [07/Jul/2026:04:14:36 +0200] "GET /shopping/34076651 HTTP/2" 404 5750 "https://www.bigfreeodds.com" "Mozilla/5.0 AppleWebKit/537.36 (KHTML, like Gecko; compatible; GPTBot/1.4; +https://openai.com/gptbot)"
74.7.227.158 - - [07/Jul/2026:04:14:39 +0200] "GET /shopping/20357878 HTTP/2" 404 5750 "https://www.bigfreeodds.com" "Mozilla/5.0 AppleWebKit/537.36 (KHTML, like Gecko; compatible; GPTBot/1.4; +https://openai.com/gptbot)"
74.7.227.158 - - [07/Jul/2026:04:14:42 +0200] "GET /shopping/11016795 HTTP/2" 404 5750 "https://www.bigfreeodds.com" "Mozilla/5.0 AppleWebKit/537.36 (KHTML, like Gecko; compatible; GPTBot/1.4; +https://openai.com/gptbot)"
74.7.227.158 - - [07/Jul/2026:04:14:45 +0200] "GET /shopping/58001049 HTTP/2" 404 5750 "https://www.bigfreeodds.com" "Mozilla/5.0 AppleWebKit/537.36 (KHTML, like Gecko; compatible; GPTBot/1.4; +https://openai.com/gptbot)"
74.7.227.158 - - [07/Jul/2026:04:14:48 +0200] "GET /shopping/36500849 HTTP/2" 404 5750 "https://www.bigfreeodds.com" "Mozilla/5.0 AppleWebKit/537.36 (KHTML, like Gecko; compatible; GPTBot/1.4; +https://openai.com/gptbot)"
74.7.227.158 - - [07/Jul/2026:04:14:52 +0200] "GET /shopping/62589853 HTTP/2" 404 5750 "https://www.bigfreeodds.com" "Mozilla/5.0 AppleWebKit/537.36 (KHTML, like Gecko; compatible; GPTBot/1.4; +https://openai.com/gptbot)"
74.7.227.158 - - [07/Jul/2026:04:14:55 +0200] "GET /shopping/15605583 HTTP/2" 404 5750 "https://www.bigfreeodds.com" "Mozilla/5.0 AppleWebKit/537.36 (KHTML, like Gecko; compatible; GPTBot/1.4; +https://openai.com/gptbot)"
74.7.227.158 - - [07/Jul/2026:04:14:58 +0200] "GET /shopping/58953540 HTTP/2" 404 5750 "https://www.bigfreeodds.com" "Mozilla/5.0 AppleWebKit/537.36 (KHTML, like Gecko; compatible; GPTBot/1.4; +https://openai.com/gptbot)"
74.7.227.158 - - [07/Jul/2026:04:15:01 +0200] "GET /shopping/53248754 HTTP/2" 404 5750 "https://www.bigfreeodds.com" "Mozilla/5.0 AppleWebKit/537.36 (KHTML, like Gecko; compatible; GPTBot/1.4; +https://openai.com/gptbot)"
74.7.227.158 - - [07/Jul/2026:04:15:04 +0200] "GET /shopping/15769106 HTTP/2" 404 5750 "https://www.bigfreeodds.com" "Mozilla/5.0 AppleWebKit/537.36 (KHTML, like Gecko; compatible; GPTBot/1.4; +https://openai.com/gptbot)"
74.7.227.158 - - [07/Jul/2026:04:15:07 +0200] "GET /shopping/35288750 HTTP/2" 404 5750 "https://www.bigfreeodds.com" "Mozilla/5.0 AppleWebKit/537.36 (KHTML, like Gecko; compatible; GPTBot/1.4; +https://openai.com/gptbot)"
74.7.227.158 - - [07/Jul/2026:04:15:11 +0200] "GET /shopping/87908169 HTTP/2" 404 5750 "https://www.bigfreeodds.com" "Mozilla/5.0 AppleWebKit/537.36 (KHTML, like Gecko; compatible; GPTBot/1.4; +https://openai.com/gptbot)"
74.7.227.158 - - [07/Jul/2026:04:15:14 +0200] "GET /shopping/96037185 HTTP/2" 404 5750 "https://www.bigfreeodds.com" "Mozilla/5.0 AppleWebKit/537.36 (KHTML, like Gecko; compatible; GPTBot/1.4; +https://openai.com/gptbot)"
74.7.227.158 - - [07/Jul/2026:04:15:17 +0200] "GET /shopping/91448397 HTTP/2" 404 5750 "https://www.bigfreeodds.com" "Mozilla/5.0 AppleWebKit/537.36 (KHTML, like Gecko; compatible; GPTBot/1.4; +https://openai.com/gptbot)"
74.7.227.158 - - [07/Jul/2026:04:15:20 +0200] "GET /shopping/69948165 HTTP/2" 404 5750 "https://www.bigfreeodds.com" "Mozilla/5.0 AppleWebKit/537.36 (KHTML, like Gecko; compatible; GPTBot/1.4; +https://openai.com/gptbot)"
66.249.64.225 - - [07/Jul/2026:04:15:21 +0200] "GET /odr/order/apiGetCartItems/ HTTP/1.1" 200 27689 "https://bigfreeodds.com/?z=2215220g7ja5d" "Mozilla/5.0 (Linux; Android 6.0.1; Nexus 5X Build/MMB29P) AppleWebKit/537.36 (KHTML, like Gecko) Chrome/150.0.7871.46 Mobile Safari/537.36 (compatible; Googlebot/2.1; +http://www.google.com/bot.html)"
74.7.227.158 - - [07/Jul/2026:04:15:23 +0200] "GET /shopping/71160264 HTTP/2" 404 5750 "https://www.bigfreeodds.com" "Mozilla/5.0 AppleWebKit/537.36 (KHTML, like Gecko; compatible; GPTBot/1.4; +https://openai.com/gptbot)"
74.7.227.158 - - [07/Jul/2026:04:15:26 +0200] "GET /shopping/17933696 HTTP/2" 404 5750 "https://www.bigfreeodds.com" "Mozilla/5.0 AppleWebKit/537.36 (KHTML, like Gecko; compatible; GPTBot/1.4; +https://openai.com/gptbot)"
66.249.64.224 - - [07/Jul/2026:04:15:27 +0200] "GET /ctg/apiAllLCate/ HTTP/1.1" 200 28344 "https://bigfreeodds.com/?z=2215220g7ja5d" "Mozilla/5.0 (Linux; Android 6.0.1; Nexus 5X Build/MMB29P) AppleWebKit/537.36 (KHTML, like Gecko) Chrome/150.0.7871.46 Mobile Safari/537.36 (compatible; Googlebot/2.1; +http://www.google.com/bot.html)"
114.119.130.248 - - [07/Jul/2026:04:15:29 +0200] "GET /shopping/453692143 HTTP/1.1" 404 5750 "https://bigfreeodds.com/sitemap.xml" "Mozilla/5.0 (Linux; Android 7.0;) AppleWebKit/537.36 (HTML, like Gecko) Mobile Safari/537.36 (compatible; PetalBot;+https://webmaster.petalsearch.com/site/petalbot)"
74.7.227.158 - - [07/Jul/2026:04:15:30 +0200] "GET /shopping/90072759 HTTP/2" 404 5750 "https://www.bigfreeodds.com" "Mozilla/5.0 AppleWebKit/537.36 (KHTML, like Gecko; compatible; GPTBot/1.4; +https://openai.com/gptbot)"
74.7.227.158 - - [07/Jul/2026:04:15:33 +0200] "GET /shopping/56625427 HTTP/2" 404 5750 "https://www.bigfreeodds.com" "Mozilla/5.0 AppleWebKit/537.36 (KHTML, like Gecko; compatible; GPTBot/1.4; +https://openai.com/gptbot)"
74.7.227.158 - - [07/Jul/2026:04:15:36 +0200] "GET /shopping/19145779 HTTP/2" 404 5750 "https://www.bigfreeodds.com" "Mozilla/5.0 AppleWebKit/537.36 (KHTML, like Gecko; compatible; GPTBot/1.4; +https://openai.com/gptbot)"
74.7.227.158 - - [07/Jul/2026:04:15:39 +0200] "GET /shopping/37712932 HTTP/2" 404 5750 "https://www.bigfreeodds.com" "Mozilla/5.0 AppleWebKit/537.36 (KHTML, like Gecko; compatible; GPTBot/1.4; +https://openai.com/gptbot)"
66.249.64.224 - - [07/Jul/2026:04:15:40 +0200] "GET /resource/js/json/megadrop_2015new.json HTTP/1.1" 200 30158 "https://bigfreeodds.com/?z=2215220g7ja5d" "Mozilla/5.0 (Linux; Android 6.0.1; Nexus 5X Build/MMB29P) AppleWebKit/537.36 (KHTML, like Gecko) Chrome/150.0.7871.46 Mobile Safari/537.36 (compatible; Googlebot/2.1; +http://www.google.com/bot.html)"
74.7.227.158 - - [07/Jul/2026:04:15:42 +0200] "GET /shopping/13181369 HTTP/2" 404 5750 "https://www.bigfreeodds.com" "Mozilla/5.0 AppleWebKit/537.36 (KHTML, like Gecko; compatible; GPTBot/1.4; +https://openai.com/gptbot)"
74.7.227.158 - - [07/Jul/2026:04:15:45 +0200] "GET /shopping/55413344 HTTP/2" 404 5750 "https://www.bigfreeodds.com" "Mozilla/5.0 AppleWebKit/537.36 (KHTML, like Gecko; compatible; GPTBot/1.4; +https://openai.com/gptbot)"
74.7.227.158 - - [07/Jul/2026:04:15:48 +0200] "GET /shopping/14393484 HTTP/2" 404 5750 "https://www.bigfreeodds.com" "Mozilla/5.0 AppleWebKit/537.36 (KHTML, like Gecko; compatible; GPTBot/1.4; +https://openai.com/gptbot)"
74.7.227.158 - - [07/Jul/2026:04:15:51 +0200] "GET /shopping/86696070 HTTP/2" 404 5750 "https://www.bigfreeodds.com" "Mozilla/5.0 AppleWebKit/537.36 (KHTML, like Gecko; compatible; GPTBot/1.4; +https://openai.com/gptbot)"
74.7.227.158 - - [07/Jul/2026:04:15:54 +0200] "GET /shopping/52036655 HTTP/2" 404 5750 "https://www.bigfreeodds.com" "Mozilla/5.0 AppleWebKit/537.36 (KHTML, like Gecko; compatible; GPTBot/1.4; +https://openai.com/gptbot)"
74.7.227.158 - - [07/Jul/2026:04:15:57 +0200] "GET /shopping/12228894 HTTP/2" 404 5749 "https://www.bigfreeodds.com" "Mozilla/5.0 AppleWebKit/537.36 (KHTML, like Gecko; compatible; GPTBot/1.4; +https://openai.com/gptbot)"
74.7.227.158 - - [07/Jul/2026:04:16:01 +0200] "GET /shopping/61377738 HTTP/2" 404 5750 "https://www.bigfreeodds.com" "Mozilla/5.0 AppleWebKit/537.36 (KHTML, like Gecko; compatible; GPTBot/1.4; +https://openai.com/gptbot)"
74.7.227.158 - - [07/Jul/2026:04:16:04 +0200] "GET /shopping/88860660 HTTP/2" 404 5750 "https://www.bigfreeodds.com" "Mozilla/5.0 AppleWebKit/537.36 (KHTML, like Gecko; compatible; GPTBot/1.4; +https://openai.com/gptbot)"
74.7.227.158 - - [07/Jul/2026:04:16:07 +0200] "GET /shopping/84271888 HTTP/2" 404 5750 "https://www.bigfreeodds.com" "Mozilla/5.0 AppleWebKit/537.36 (KHTML, like Gecko; compatible; GPTBot/1.4; +https://openai.com/gptbot)"
74.7.227.158 - - [07/Jul/2026:04:16:10 +0200] "GET /shopping/8592581 HTTP/2" 404 5750 "https://www.bigfreeodds.com" "Mozilla/5.0 AppleWebKit/537.36 (KHTML, like Gecko; compatible; GPTBot/1.4; +https://openai.com/gptbot)"
74.7.227.158 - - [07/Jul/2026:04:16:13 +0200] "GET /shopping/9804680 HTTP/2" 404 5750 "https://www.bigfreeodds.com" "Mozilla/5.0 AppleWebKit/537.36 (KHTML, like Gecko; compatible; GPTBot/1.4; +https://openai.com/gptbot)"
104.164.106.0 - - [07/Jul/2026:04:17:51 +0200] "GET /scotland-league-two/ HTTP/2" 404 21467 "-" "Mozilla/5.0 (Macintosh; Intel Mac OS X 10_15_7) AppleWebKit/537.36 (KHTML, like Gecko) Chrome/148.0.0.0 Safari/537.36"
114.119.146.98 - - [07/Jul/2026:04:22:24 +0200] "GET /shopping/439368420 HTTP/1.1" 404 5750 "https://bigfreeodds.com/sitemap.xml" "Mozilla/5.0 (Linux; Android 7.0;) AppleWebKit/537.36 (HTML, like Gecko) Mobile Safari/537.36 (compatible; PetalBot;+https://webmaster.petalsearch.com/site/petalbot)"
114.119.146.98 - - [07/Jul/2026:04:23:54 +0200] "GET /shopping/43693642 HTTP/1.1" 404 5750 "https://bigfreeodds.com/sitemap.xml" "Mozilla/5.0 (Linux; Android 7.0;) AppleWebKit/537.36 (HTML, like Gecko) Mobile Safari/537.36 (compatible; PetalBot;+https://webmaster.petalsearch.com/site/petalbot)"
114.119.153.15 - - [07/Jul/2026:04:26:37 +0200] "GET /shopping/434008976 HTTP/1.1" 404 5750 "https://bigfreeodds.com/sitemap.xml" "Mozilla/5.0 (Linux; Android 7.0;) AppleWebKit/537.36 (HTML, like Gecko) Mobile Safari/537.36 (compatible; PetalBot;+https://webmaster.petalsearch.com/site/petalbot)"
148.113.130.14 - - [07/Jul/2026:04:04:19 +0200] "GET /100-promotsiya-za-slotove-goldbet-protsenta-bezplatni-vrtyashchi-se-karti-bez-depozit-do-yuli-2024-g/ HTTP/2" 301 0 "-" "Mozilla/5.0 (compatible; AhrefsBot/7.0; +http://ahrefs.com/robot/)"
114.119.130.248 - - [07/Jul/2026:04:04:25 +0200] "GET /shopping/46117856 HTTP/1.1" 404 5750 "https://bigfreeodds.com/sitemap.xml" "Mozilla/5.0 (Linux; Android 7.0;) AppleWebKit/537.36 (HTML, like Gecko) Mobile Safari/537.36 (compatible; PetalBot;+https://webmaster.petalsearch.com/site/petalbot)"
54.39.89.54 - - [07/Jul/2026:04:05:44 +0200] "GET /neue-spielsaal-casinos-abzuglich-einzahlung-2025-neoterisch-im-zwolfter-monat-des-150-chancen-mamma-mia-jahres/ HTTP/2" 301 0 "-" "Mozilla/5.0 (compatible; AhrefsBot/7.0; +http://ahrefs.com/robot/)"
142.44.220.24 - - [07/Jul/2026:04:07:14 +0200] "GET /chi-gioca-di-nuovo-scommette-lo-sa-non-sinon-puo-sempre-pestare/ HTTP/2" 301 0 "-" "Mozilla/5.0 (compatible; AhrefsBot/7.0; +http://ahrefs.com/robot/)"
167.114.139.238 - - [07/Jul/2026:04:10:02 +0200] "GET /chumba-does-not-have-any-an-excellent-vip-program-to-have-active-users-since-the-particular-we-watched-in-my-inspire-vegas-review/ HTTP/2" 301 0 "-" "Mozilla/5.0 (compatible; AhrefsBot/7.0; +http://ahrefs.com/robot/)"
114.119.149.199 - - [07/Jul/2026:04:11:24 +0200] "GET /shopping/456279848 HTTP/1.1" 404 5750 "https://bigfreeodds.com/sitemap.xml" "Mozilla/5.0 (Linux; Android 7.0;) AppleWebKit/537.36 (HTML, like Gecko) Mobile Safari/537.36 (compatible; PetalBot;+https://webmaster.petalsearch.com/site/petalbot)"
66.249.64.224 - - [07/Jul/2026:04:14:52 +0200] "GET /?z=2215220g7ja5d HTTP/1.1" 200 28300 "-" "Mozilla/5.0 (Linux; Android 6.0.1; Nexus 5X Build/MMB29P) AppleWebKit/537.36 (KHTML, like Gecko) Chrome/150.0.7871.46 Mobile Safari/537.36 (compatible; Googlebot/2.1; +http://www.google.com/bot.html)"
114.119.149.199 - - [07/Jul/2026:04:16:53 +0200] "GET /shopping/450315454 HTTP/1.1" 404 5750 "https://bigfreeodds.com/sitemap.xml" "Mozilla/5.0 (Linux; Android 7.0;) AppleWebKit/537.36 (HTML, like Gecko) Mobile Safari/537.36 (compatible; PetalBot;+https://webmaster.petalsearch.com/site/petalbot)"
114.119.149.199 - - [07/Jul/2026:04:18:20 +0200] "GET /shopping/449103355 HTTP/1.1" 404 5750 "https://bigfreeodds.com/sitemap.xml" "Mozilla/5.0 (Linux; Android 7.0;) AppleWebKit/537.36 (HTML, like Gecko) Mobile Safari/537.36 (compatible; PetalBot;+https://webmaster.petalsearch.com/site/petalbot)"
114.119.148.174 - - [07/Jul/2026:04:19:39 +0200] "GET /shopping/44905757 HTTP/1.1" 404 5750 "https://bigfreeodds.com/sitemap.xml" "Mozilla/5.0 (Linux; Android 7.0;) AppleWebKit/537.36 (HTML, like Gecko) Mobile Safari/537.36 (compatible; PetalBot;+https://webmaster.petalsearch.com/site/petalbot)"
114.119.136.185 - - [07/Jul/2026:04:21:04 +0200] "GET /shopping/439531943 HTTP/1.1" 404 5750 "https://bigfreeodds.com/sitemap.xml" "Mozilla/5.0 (Linux; Android 7.0;) AppleWebKit/537.36 (HTML, like Gecko) Mobile Safari/537.36 (compatible; PetalBot;+https://webmaster.petalsearch.com/site/petalbot)"
104.164.106.22 - - [07/Jul/2026:04:23:03 +0200] "GET /serbia-prva-liga/ HTTP/2" 404 21467 "-" "Mozilla/5.0 (Macintosh; Intel Mac OS X 10_15_7) AppleWebKit/537.36 (KHTML, like Gecko) Chrome/148.0.0.0 Safari/537.36"
114.119.136.185 - - [07/Jul/2026:04:25:14 +0200] "GET /shopping/434172483 HTTP/1.1" 404 5750 "https://bigfreeodds.com/sitemap.xml" "Mozilla/5.0 (Linux; Android 7.0;) AppleWebKit/537.36 (HTML, like Gecko) Mobile Safari/537.36 (compatible; PetalBot;+https://webmaster.petalsearch.com/site/petalbot)"
24.137.45.68 - - [07/Jul/2026:04:25:16 +0200] "GET /robots.txt HTTP/1.1" 200 80 "-" "Mozilla/5.0 (Macintosh; Intel Mac OS X 12_3_1) AppleWebKit/537.36 (KHTML, like Gecko) Chrome/124.0.6367.155 Safari/537.36"
114.119.130.60 - - [07/Jul/2026:04:29:28 +0200] "GET /shopping/4293746998 HTTP/1.1" 404 5750 "https://bigfreeodds.com/sitemap.xml" "Mozilla/5.0 (Linux; Android 7.0;) AppleWebKit/537.36 (HTML, like Gecko) Mobile Safari/537.36 (compatible; PetalBot;+https://webmaster.petalsearch.com/site/petalbot)"
114.119.130.248 - - [07/Jul/2026:04:32:12 +0200] "GET /shopping/4291322816 HTTP/1.1" 404 5750 "https://bigfreeodds.com/sitemap.xml" "Mozilla/5.0 (Linux; Android 7.0;) AppleWebKit/537.36 (HTML, like Gecko) Mobile Safari/537.36 (compatible; PetalBot;+https://webmaster.petalsearch.com/site/petalbot)"
104.164.106.30 - - [07/Jul/2026:04:32:48 +0200] "GET /southafrica-cup/ HTTP/2" 404 21467 "-" "Mozilla/5.0 (Macintosh; Intel Mac OS X 10_15_7) AppleWebKit/537.36 (KHTML, like Gecko) Chrome/148.0.0.0 Safari/537.36"
148.113.130.176 - - [07/Jul/2026:04:33:47 +0200] "GET /sitemap.xml HTTP/2" 200 12242 "-" "Mozilla/5.0 (compatible; AhrefsBot/7.0; +http://ahrefs.com/robot/)"
37.67.204.69 - - [07/Jul/2026:04:34:48 +0200] "GET /wp-sitemap-taxonomies-category-1.xml HTTP/1.1" 200 13544 "-" "Mozilla/5.0 (Windows NT 10.0; Win64; x64; rv:132.0) Gecko/20100101 Firefox/132.0"
114.119.141.139 - - [07/Jul/2026:04:39:21 +0200] "GET /shopping/4274574911 HTTP/1.1" 404 5750 "https://bigfreeodds.com/sitemap.xml" "Mozilla/5.0 (Linux; Android 7.0;) AppleWebKit/537.36 (HTML, like Gecko) Mobile Safari/537.36 (compatible; PetalBot;+https://webmaster.petalsearch.com/site/petalbot)"
148.113.130.80 - - [07/Jul/2026:04:40:50 +0200] "GET /user/?user=7290 HTTP/2" 404 5750 "-" "Mozilla/5.0 (compatible; AhrefsBot/7.0; +http://ahrefs.com/robot/)"
51.222.168.74 - - [07/Jul/2026:04:44:30 +0200] "GET /user/?user=7682 HTTP/2" 404 5750 "-" "Mozilla/5.0 (compatible; AhrefsBot/7.0; +http://ahrefs.com/robot/)"
66.249.64.102 - - [07/Jul/2026:04:44:43 +0200] "GET /match-detail/?id=2026061055606 HTTP/1.1" 200 28117 "-" "Mozilla/5.0 (Linux; Android 6.0.1; Nexus 5X Build/MMB29P) AppleWebKit/537.36 (KHTML, like Gecko) Chrome/150.0.7871.46 Mobile Safari/537.36 (compatible; Googlebot/2.1; +http://www.google.com/bot.html)"
114.119.153.15 - - [07/Jul/2026:04:44:55 +0200] "GET /shopping/4269986123 HTTP/1.1" 404 5750 "https://bigfreeodds.com/sitemap.xml" "Mozilla/5.0 (Linux; Android 7.0;) AppleWebKit/537.36 (HTML, like Gecko) Mobile Safari/537.36 (compatible; PetalBot;+https://webmaster.petalsearch.com/site/petalbot)"
114.119.153.15 - - [07/Jul/2026:04:46:17 +0200] "GET /shopping/4267657994 HTTP/1.1" 404 5750 "https://bigfreeodds.com/sitemap.xml" "Mozilla/5.0 (Linux; Android 7.0;) AppleWebKit/537.36 (HTML, like Gecko) Mobile Safari/537.36 (compatible; PetalBot;+https://webmaster.petalsearch.com/site/petalbot)"
104.164.106.76 - - [07/Jul/2026:04:47:51 +0200] "GET /statistics/?view=matchpredictions&match=69 HTTP/2" 404 21467 "-" "Mozilla/5.0 (Macintosh; Intel Mac OS X 10_15_7) AppleWebKit/537.36 (KHTML, like Gecko) Chrome/148.0.0.0 Safari/537.36"
114.119.146.98 - - [07/Jul/2026:04:49:05 +0200] "GET /shopping/4260856138 HTTP/1.1" 404 5750 "https://bigfreeodds.com/sitemap.xml" "Mozilla/5.0 (Linux; Android 7.0;) AppleWebKit/537.36 (HTML, like Gecko) Mobile Safari/537.36 (compatible; PetalBot;+https://webmaster.petalsearch.com/site/petalbot)"
114.119.130.248 - - [07/Jul/2026:04:50:28 +0200] "GET /shopping/4259644039 HTTP/1.1" 404 5750 "https://bigfreeodds.com/sitemap.xml" "Mozilla/5.0 (Linux; Android 7.0;) AppleWebKit/537.36 (HTML, like Gecko) Mobile Safari/537.36 (compatible; PetalBot;+https://webmaster.petalsearch.com/site/petalbot)"
47.128.98.73 - - [07/Jul/2026:04:51:45 +0200] "GET /user/?user=7427 HTTP/2" 404 5750 "-" "Mozilla/5.0 (compatible; Bytespider; spider-feedback@bytedance.com) AppleWebKit/537.36 (KHTML, like Gecko) Chrome/70.0.0.0 Safari/537.36"
114.119.136.185 - - [07/Jul/2026:04:51:52 +0200] "GET /shopping/4258431940 HTTP/1.1" 404 5750 "https://bigfreeodds.com/sitemap.xml" "Mozilla/5.0 (Linux; Android 7.0;) AppleWebKit/537.36 (HTML, like Gecko) Mobile Safari/537.36 (compatible; PetalBot;+https://webmaster.petalsearch.com/site/petalbot)"
79.116.234.120 - - [07/Jul/2026:04:52:02 +0200] "GET /robots.txt HTTP/1.1" 200 80 "-" "Mozilla/5.0 (Windows NT 10.0; Win64; x64; rv:131.0) Gecko/20100101 Firefox/131.0"
205.188.205.15 - - [07/Jul/2026:04:27:27 +0200] "GET /south-korea-k-league-cup/ HTTP/2" 404 21467 "-" "Mozilla/5.0 (Macintosh; Intel Mac OS X 10_15_7) AppleWebKit/537.36 (KHTML, like Gecko) Chrome/148.0.0.0 Safari/537.36"
114.119.136.185 - - [07/Jul/2026:04:27:59 +0200] "GET /shopping/432796877 HTTP/1.1" 404 5750 "https://bigfreeodds.com/sitemap.xml" "Mozilla/5.0 (Linux; Android 8.0.0; SM-G955U Build/R16NW) AppleWebKit/537.36 (KHTML, like Gecko) Chrome/148.0.0.0 Mobile Safari/537.36"
114.119.146.98 - - [07/Jul/2026:04:30:48 +0200] "GET /shopping/4292534899 HTTP/1.1" 404 5750 "https://bigfreeodds.com/sitemap.xml" "Mozilla/5.0 (Linux; Android 7.0;) AppleWebKit/537.36 (HTML, like Gecko) Mobile Safari/537.36 (compatible; PetalBot;+https://webmaster.petalsearch.com/site/petalbot)"
54.39.203.228 - - [07/Jul/2026:04:37:13 +0200] "GET /aztec-50-spins-abzuglich-einzahlung-eye-of-horus-app-fur-nusse-power-umsetzbar-kostenfrei-zum-besten-100-kostenlose-spins-keine-einzahlung-bettle-columbus-deluxe-casino-mania-verhalten/ HTTP/2" 301 0 "-" "Mozilla/5.0 (compatible; AhrefsBot/7.0; +http://ahrefs.com/robot/)"
104.164.106.93 - - [07/Jul/2026:04:37:51 +0200] "GET /statistics/?view=matchpredictions&match=4 HTTP/2" 404 21467 "-" "Mozilla/5.0 (Macintosh; Intel Mac OS X 10_15_7) AppleWebKit/537.36 (KHTML, like Gecko) Chrome/148.0.0.0 Safari/537.36"
114.119.141.139 - - [07/Jul/2026:04:38:20 +0200] "GET /shopping/4275787010 HTTP/1.1" 404 5750 "https://bigfreeodds.com/sitemap.xml" "Mozilla/5.0 (Linux; Android 7.0;) AppleWebKit/537.36 (HTML, like Gecko) Mobile Safari/537.36 (compatible; PetalBot;+https://webmaster.petalsearch.com/site/petalbot)"
198.251.83.106 - - [07/Jul/2026:04:40:45 +0200] "POST /wp-cron.php?doing_wp_cron=1783392045.4152679443359375000000 HTTP/1.1" 200 0 "-" "WordPress/7.0; https://bigfreeodds.com"
114.119.149.199 - - [07/Jul/2026:04:40:44 +0200] "GET /shopping/4273622404 HTTP/1.1" 404 5750 "https://bigfreeodds.com/sitemap.xml" "Mozilla/5.0 (Linux; Android 7.0;) AppleWebKit/537.36 (HTML, like Gecko) Mobile Safari/537.36 (compatible; PetalBot;+https://webmaster.petalsearch.com/site/petalbot)"
66.249.64.224 - - [07/Jul/2026:04:41:07 +0200] "GET /sellers.json HTTP/1.1" 200 29397 "-" "Google-adstxt"
114.119.148.174 - - [07/Jul/2026:04:42:07 +0200] "GET /shopping/4272410321 HTTP/1.1" 404 5750 "https://bigfreeodds.com/sitemap.xml" "Mozilla/5.0 (Linux; Android 8.0.0; SM-G955U Build/R16NW) AppleWebKit/537.36 (KHTML, like Gecko) Chrome/148.0.0.0 Mobile Safari/537.36"
104.164.106.20 - - [07/Jul/2026:04:42:48 +0200] "GET /statistics/?view=matchpredictions&match=5 HTTP/2" 404 21467 "-" "Mozilla/5.0 (Macintosh; Intel Mac OS X 10_15_7) AppleWebKit/537.36 (KHTML, like Gecko) Chrome/148.0.0.0 Safari/537.36"
114.119.136.185 - - [07/Jul/2026:04:43:31 +0200] "GET /shopping/4271198222 HTTP/1.1" 404 5750 "https://bigfreeodds.com/sitemap.xml" "Mozilla/5.0 (Linux; Android 7.0;) AppleWebKit/537.36 (HTML, like Gecko) Mobile Safari/537.36 (compatible; PetalBot;+https://webmaster.petalsearch.com/site/petalbot)"
114.119.148.174 - - [07/Jul/2026:04:47:40 +0200] "GET /shopping/4266445895 HTTP/1.1" 404 5750 "https://bigfreeodds.com/sitemap.xml" "Mozilla/5.0 (Linux; Android 7.0;) AppleWebKit/537.36 (HTML, like Gecko) Mobile Safari/537.36 (compatible; PetalBot;+https://webmaster.petalsearch.com/site/petalbot)"
47.128.99.122 - - [07/Jul/2026:04:52:20 +0200] "GET /user/?user=7428 HTTP/2" 404 5750 "-" "Mozilla/5.0 (compatible; Bytespider; spider-feedback@bytedance.com) AppleWebKit/537.36 (KHTML, like Gecko) Chrome/70.0.0.0 Safari/537.36"
12.12.97.102 - - [07/Jul/2026:04:52:24 +0200] "GET /statistics/?view=matchpredictions&match=74 HTTP/2" 404 21467 "-" "Mozilla/5.0 (Macintosh; Intel Mac OS X 10_15_7) AppleWebKit/537.36 (KHTML, like Gecko) Chrome/148.0.0.0 Safari/537.36"
47.128.98.90 - - [07/Jul/2026:04:52:56 +0200] "GET /user/?user=7402 HTTP/2" 404 5750 "-" "Mozilla/5.0 (compatible; Bytespider; spider-feedback@bytedance.com) AppleWebKit/537.36 (KHTML, like Gecko) Chrome/70.0.0.0 Safari/537.36"
114.119.146.98 - - [07/Jul/2026:04:53:16 +0200] "GET /shopping/4256267350 HTTP/1.1" 404 5750 "https://bigfreeodds.com/sitemap.xml" "Mozilla/5.0 (Linux; Android 7.0;) AppleWebKit/537.36 (HTML, like Gecko) Mobile Safari/537.36 (compatible; PetalBot;+https://webmaster.petalsearch.com/site/petalbot)"
66.249.64.104 - - [07/Jul/2026:04:53:17 +0200] "GET /resource/js/json/megadrop_2015new.json HTTP/1.1" 200 30125 "https://www.bigfreeodds.com/match-detail/?id=2026061530842" "Mozilla/5.0 (Linux; Android 6.0.1; Nexus 5X Build/MMB29P) AppleWebKit/537.36 (KHTML, like Gecko) Chrome/150.0.7871.46 Mobile Safari/537.36 (compatible; Googlebot/2.1; +http://www.google.com/bot.html)"
104.164.106.88 - - [07/Jul/2026:04:57:42 +0200] "GET /statistics/?view=matchpredictions&match=78 HTTP/2" 404 21467 "-" "Mozilla/5.0 (Macintosh; Intel Mac OS X 10_15_7) AppleWebKit/537.36 (KHTML, like Gecko) Chrome/148.0.0.0 Safari/537.36"
114.119.149.199 - - [07/Jul/2026:04:58:49 +0200] "GET /shopping/4251515055 HTTP/1.1" 404 5750 "https://bigfreeodds.com/sitemap.xml" "Mozilla/5.0 (Linux; Android 7.0;) AppleWebKit/537.36 (HTML, like Gecko) Mobile Safari/537.36 (compatible; PetalBot;+https://webmaster.petalsearch.com/site/petalbot)"
114.119.148.174 - - [07/Jul/2026:05:01:36 +0200] "GET /shopping/4249090841 HTTP/1.1" 404 5750 "https://bigfreeodds.com/sitemap.xml" "Mozilla/5.0 (Linux; Android 7.0;) AppleWebKit/537.36 (HTML, like Gecko) Mobile Safari/537.36 (compatible; PetalBot;+https://webmaster.petalsearch.com/site/petalbot)"
104.164.106.23 - - [07/Jul/2026:05:02:49 +0200] "GET /statistics/?view=matchpredictions&match=80 HTTP/2" 404 21467 "-" "Mozilla/5.0 (Macintosh; Intel Mac OS X 10_15_7) AppleWebKit/537.36 (KHTML, like Gecko) Chrome/148.0.0.0 Safari/537.36"
114.119.153.15 - - [07/Jul/2026:05:04:25 +0200] "GET /shopping/4235979249 HTTP/1.1" 404 5750 "https://bigfreeodds.com/sitemap.xml" "Mozilla/5.0 (Linux; Android 7.0;) AppleWebKit/537.36 (HTML, like Gecko) Mobile Safari/537.36 (compatible; PetalBot;+https://webmaster.petalsearch.com/site/petalbot)"
142.44.220.97 - - [07/Jul/2026:05:09:17 +0200] "GET /balloonies-casino-slots-empire-login-slot-remark-96-cuatropercent-rtp-igt-2024/ HTTP/2" 301 0 "-" "Mozilla/5.0 (compatible; AhrefsBot/7.0; +http://ahrefs.com/robot/)"
102.86.12.116 - - [07/Jul/2026:05:09:35 +0200] "GET / HTTP/2" 200 6748 "-" "Mozilla/5.0 (Macintosh; Intel Mac OS X 10_15_7) AppleWebKit/537.36 (KHTML, like Gecko) Chrome/149.0.0.0 Safari/537.36"
102.86.12.116 - - [07/Jul/2026:05:09:36 +0200] "GET /wp-content/themes/neon-kick-live/assets/css/neon-kick.css?ver=1782666473 HTTP/2" 200 14012 "https://bigfreeodds.com/" "Mozilla/5.0 (Macintosh; Intel Mac OS X 10_15_7) AppleWebKit/537.36 (KHTML, like Gecko) Chrome/149.0.0.0 Safari/537.36"
102.86.12.116 - - [07/Jul/2026:05:09:36 +0200] "GET /wp-content/themes/neon-kick-live/assets/js/neon-kick.js?ver=1782666473 HTTP/2" 404 6059 "https://bigfreeodds.com/" "Mozilla/5.0 (Macintosh; Intel Mac OS X 10_15_7) AppleWebKit/537.36 (KHTML, like Gecko) Chrome/149.0.0.0 Safari/537.36"
