74.7.227.1 - - [07/Jul/2026:02:38:12 +0200] "GET /shopping/3507064206 HTTP/2" 301 0 "https://www.bigfreeodds.com/sitemaps.xml" "Mozilla/5.0 AppleWebKit/537.36 (KHTML, like Gecko; compatible; GPTBot/1.4; +https://openai.com/gptbot)"
74.7.227.1 - - [07/Jul/2026:02:38:13 +0200] "GET /shopping/2554848360 HTTP/2" 301 0 "https://www.bigfreeodds.com/sitemaps.xml" "Mozilla/5.0 AppleWebKit/537.36 (KHTML, like Gecko; compatible; GPTBot/1.4; +https://openai.com/gptbot)"
74.7.227.158 - - [07/Jul/2026:02:38:13 +0200] "GET /shopping/3149711194 HTTP/2" 404 5750 "https://www.bigfreeodds.com" "Mozilla/5.0 AppleWebKit/537.36 (KHTML, like Gecko; compatible; GPTBot/1.4; +https://openai.com/gptbot)"
74.7.227.1 - - [07/Jul/2026:02:38:13 +0200] "GET /shopping/3674502023 HTTP/2" 301 0 "https://www.bigfreeodds.com/sitemaps.xml" "Mozilla/5.0 AppleWebKit/537.36 (KHTML, like Gecko; compatible; GPTBot/1.4; +https://openai.com/gptbot)"
74.7.227.1 - - [07/Jul/2026:02:38:14 +0200] "GET /shopping/2814179917 HTTP/2" 301 0 "https://www.bigfreeodds.com/sitemaps.xml" "Mozilla/5.0 AppleWebKit/537.36 (KHTML, like Gecko; compatible; GPTBot/1.4; +https://openai.com/gptbot)"
74.7.227.1 - - [07/Jul/2026:02:38:15 +0200] "GET /shopping/1570576063 HTTP/2" 301 0 "https://www.bigfreeodds.com/sitemaps.xml" "Mozilla/5.0 AppleWebKit/537.36 (KHTML, like Gecko; compatible; GPTBot/1.4; +https://openai.com/gptbot)"
74.7.227.1 - - [07/Jul/2026:02:38:15 +0200] "GET /shopping/4119020287 HTTP/2" 301 0 "https://www.bigfreeodds.com/sitemaps.xml" "Mozilla/5.0 AppleWebKit/537.36 (KHTML, like Gecko; compatible; GPTBot/1.4; +https://openai.com/gptbot)"
74.7.227.158 - - [07/Jul/2026:02:38:16 +0200] "GET /shopping/2221741281 HTTP/2" 404 5750 "https://www.bigfreeodds.com" "Mozilla/5.0 AppleWebKit/537.36 (KHTML, like Gecko; compatible; GPTBot/1.4; +https://openai.com/gptbot)"
74.7.227.1 - - [07/Jul/2026:02:38:16 +0200] "GET /shopping/3925311631 HTTP/2" 301 0 "https://www.bigfreeodds.com/sitemaps.xml" "Mozilla/5.0 AppleWebKit/537.36 (KHTML, like Gecko; compatible; GPTBot/1.4; +https://openai.com/gptbot)"
74.7.227.1 - - [07/Jul/2026:02:38:17 +0200] "GET /shopping/4016085285 HTTP/2" 301 0 "https://www.bigfreeodds.com/sitemaps.xml" "Mozilla/5.0 AppleWebKit/537.36 (KHTML, like Gecko; compatible; GPTBot/1.4; +https://openai.com/gptbot)"
74.7.227.1 - - [07/Jul/2026:02:38:18 +0200] "GET /shopping/4286554205 HTTP/2" 301 0 "https://www.bigfreeodds.com/sitemaps.xml" "Mozilla/5.0 AppleWebKit/537.36 (KHTML, like Gecko; compatible; GPTBot/1.4; +https://openai.com/gptbot)"
74.7.227.1 - - [07/Jul/2026:02:38:18 +0200] "GET /shopping/3361897261 HTTP/2" 301 0 "https://www.bigfreeodds.com/sitemaps.xml" "Mozilla/5.0 AppleWebKit/537.36 (KHTML, like Gecko; compatible; GPTBot/1.4; +https://openai.com/gptbot)"
74.7.227.1 - - [07/Jul/2026:02:38:19 +0200] "GET /shopping/3857988551 HTTP/2" 301 0 "https://www.bigfreeodds.com/sitemaps.xml" "Mozilla/5.0 AppleWebKit/537.36 (KHTML, like Gecko; compatible; GPTBot/1.4; +https://openai.com/gptbot)"
74.7.227.158 - - [07/Jul/2026:02:38:19 +0200] "GET /shopping/3807793330 HTTP/2" 404 5750 "https://www.bigfreeodds.com" "Mozilla/5.0 AppleWebKit/537.36 (KHTML, like Gecko; compatible; GPTBot/1.4; +https://openai.com/gptbot)"
74.7.227.1 - - [07/Jul/2026:02:38:20 +0200] "GET /shopping/2686927568 HTTP/2" 301 0 "https://www.bigfreeodds.com/sitemaps.xml" "Mozilla/5.0 AppleWebKit/537.36 (KHTML, like Gecko; compatible; GPTBot/1.4; +https://openai.com/gptbot)"
74.7.227.1 - - [07/Jul/2026:02:38:21 +0200] "GET /shopping/3481020610 HTTP/2" 301 0 "https://www.bigfreeodds.com/sitemaps.xml" "Mozilla/5.0 AppleWebKit/537.36 (KHTML, like Gecko; compatible; GPTBot/1.4; +https://openai.com/gptbot)"
74.7.227.1 - - [07/Jul/2026:02:38:21 +0200] "GET /shopping/2494538282 HTTP/2" 301 0 "https://www.bigfreeodds.com/sitemaps.xml" "Mozilla/5.0 AppleWebKit/537.36 (KHTML, like Gecko; compatible; GPTBot/1.4; +https://openai.com/gptbot)"
74.7.227.1 - - [07/Jul/2026:02:38:22 +0200] "GET /shopping/1875075696 HTTP/2" 301 0 "https://www.bigfreeodds.com/sitemaps.xml" "Mozilla/5.0 AppleWebKit/537.36 (KHTML, like Gecko; compatible; GPTBot/1.4; +https://openai.com/gptbot)"
74.7.227.158 - - [07/Jul/2026:02:38:22 +0200] "GET /shopping/4000549479 HTTP/2" 404 5750 "https://www.bigfreeodds.com" "Mozilla/5.0 AppleWebKit/537.36 (KHTML, like Gecko; compatible; GPTBot/1.4; +https://openai.com/gptbot)"
74.7.227.1 - - [07/Jul/2026:02:38:23 +0200] "GET /shopping/1714209422 HTTP/2" 301 0 "https://www.bigfreeodds.com/sitemaps.xml" "Mozilla/5.0 AppleWebKit/537.36 (KHTML, like Gecko; compatible; GPTBot/1.4; +https://openai.com/gptbot)"
74.7.227.1 - - [07/Jul/2026:02:38:23 +0200] "GET /shopping/2975260375 HTTP/2" 301 0 "https://www.bigfreeodds.com/sitemaps.xml" "Mozilla/5.0 AppleWebKit/537.36 (KHTML, like Gecko; compatible; GPTBot/1.4; +https://openai.com/gptbot)"
74.7.227.1 - - [07/Jul/2026:02:38:24 +0200] "GET /shopping/2127584580 HTTP/2" 301 0 "https://www.bigfreeodds.com/sitemaps.xml" "Mozilla/5.0 AppleWebKit/537.36 (KHTML, like Gecko; compatible; GPTBot/1.4; +https://openai.com/gptbot)"
74.7.227.1 - - [07/Jul/2026:02:38:25 +0200] "GET /shopping/2525168467 HTTP/2" 301 0 "https://www.bigfreeodds.com/sitemaps.xml" "Mozilla/5.0 AppleWebKit/537.36 (KHTML, like Gecko; compatible; GPTBot/1.4; +https://openai.com/gptbot)"
74.7.227.1 - - [07/Jul/2026:02:38:25 +0200] "GET /shopping/2187081834 HTTP/2" 301 0 "https://www.bigfreeodds.com/sitemaps.xml" "Mozilla/5.0 AppleWebKit/537.36 (KHTML, like Gecko; compatible; GPTBot/1.4; +https://openai.com/gptbot)"
74.7.227.158 - - [07/Jul/2026:02:38:26 +0200] "GET /shopping/1419444692 HTTP/2" 404 5750 "https://www.bigfreeodds.com" "Mozilla/5.0 AppleWebKit/537.36 (KHTML, like Gecko; compatible; GPTBot/1.4; +https://openai.com/gptbot)"
74.7.227.1 - - [07/Jul/2026:02:38:26 +0200] "GET /shopping/1547074780 HTTP/2" 301 0 "https://www.bigfreeodds.com/sitemaps.xml" "Mozilla/5.0 AppleWebKit/537.36 (KHTML, like Gecko; compatible; GPTBot/1.4; +https://openai.com/gptbot)"
74.7.227.1 - - [07/Jul/2026:02:38:27 +0200] "GET /shopping/4136375341 HTTP/2" 301 0 "https://www.bigfreeodds.com/sitemaps.xml" "Mozilla/5.0 AppleWebKit/537.36 (KHTML, like Gecko; compatible; GPTBot/1.4; +https://openai.com/gptbot)"
74.7.227.1 - - [07/Jul/2026:02:38:27 +0200] "GET /shopping/2362319438 HTTP/2" 301 0 "https://www.bigfreeodds.com/sitemaps.xml" "Mozilla/5.0 AppleWebKit/537.36 (KHTML, like Gecko; compatible; GPTBot/1.4; +https://openai.com/gptbot)"
74.7.227.1 - - [07/Jul/2026:02:38:28 +0200] "GET /shopping/2195210850 HTTP/2" 301 0 "https://www.bigfreeodds.com/sitemaps.xml" "Mozilla/5.0 AppleWebKit/537.36 (KHTML, like Gecko; compatible; GPTBot/1.4; +https://openai.com/gptbot)"
74.7.227.158 - - [07/Jul/2026:02:38:29 +0200] "GET /shopping/2855577500 HTTP/2" 404 5750 "https://www.bigfreeodds.com" "Mozilla/5.0 AppleWebKit/537.36 (KHTML, like Gecko; compatible; GPTBot/1.4; +https://openai.com/gptbot)"
74.7.227.1 - - [07/Jul/2026:02:38:29 +0200] "GET /shopping/2516038514 HTTP/2" 301 0 "https://www.bigfreeodds.com/sitemaps.xml" "Mozilla/5.0 AppleWebKit/537.36 (KHTML, like Gecko; compatible; GPTBot/1.4; +https://openai.com/gptbot)"
74.7.227.1 - - [07/Jul/2026:02:38:30 +0200] "GET /shopping/1538504353 HTTP/2" 301 0 "https://www.bigfreeodds.com/sitemaps.xml" "Mozilla/5.0 AppleWebKit/537.36 (KHTML, like Gecko; compatible; GPTBot/1.4; +https://openai.com/gptbot)"
74.7.227.1 - - [07/Jul/2026:02:38:30 +0200] "GET /shopping/1669207907 HTTP/2" 301 0 "https://www.bigfreeodds.com/sitemaps.xml" "Mozilla/5.0 AppleWebKit/537.36 (KHTML, like Gecko; compatible; GPTBot/1.4; +https://openai.com/gptbot)"
74.7.227.1 - - [07/Jul/2026:02:38:31 +0200] "GET /shopping/3785685965 HTTP/2" 301 0 "https://www.bigfreeodds.com/sitemaps.xml" "Mozilla/5.0 AppleWebKit/537.36 (KHTML, like Gecko; compatible; GPTBot/1.4; +https://openai.com/gptbot)"
74.7.227.158 - - [07/Jul/2026:02:38:32 +0200] "GET /shopping/2874489995 HTTP/2" 404 5750 "https://www.bigfreeodds.com" "Mozilla/5.0 AppleWebKit/537.36 (KHTML, like Gecko; compatible; GPTBot/1.4; +https://openai.com/gptbot)"
74.7.227.1 - - [07/Jul/2026:02:38:32 +0200] "GET /shopping/2179067879 HTTP/2" 301 0 "https://www.bigfreeodds.com/sitemaps.xml" "Mozilla/5.0 AppleWebKit/537.36 (KHTML, like Gecko; compatible; GPTBot/1.4; +https://openai.com/gptbot)"
74.7.227.1 - - [07/Jul/2026:02:38:33 +0200] "GET /shopping/3195924792 HTTP/2" 301 0 "https://www.bigfreeodds.com/sitemaps.xml" "Mozilla/5.0 AppleWebKit/537.36 (KHTML, like Gecko; compatible; GPTBot/1.4; +https://openai.com/gptbot)"
74.7.227.1 - - [07/Jul/2026:02:38:33 +0200] "GET /shopping/1460464552 HTTP/2" 301 0 "https://www.bigfreeodds.com/sitemaps.xml" "Mozilla/5.0 AppleWebKit/537.36 (KHTML, like Gecko; compatible; GPTBot/1.4; +https://openai.com/gptbot)"
74.7.227.1 - - [07/Jul/2026:02:38:34 +0200] "GET /shopping/3673549548 HTTP/2" 301 0 "https://www.bigfreeodds.com/sitemaps.xml" "Mozilla/5.0 AppleWebKit/537.36 (KHTML, like Gecko; compatible; GPTBot/1.4; +https://openai.com/gptbot)"
74.7.227.1 - - [07/Jul/2026:02:38:35 +0200] "GET /shopping/1583505852 HTTP/2" 301 0 "https://www.bigfreeodds.com/sitemaps.xml" "Mozilla/5.0 AppleWebKit/537.36 (KHTML, like Gecko; compatible; GPTBot/1.4; +https://openai.com/gptbot)"
74.7.227.158 - - [07/Jul/2026:02:38:35 +0200] "GET /shopping/3589919990 HTTP/2" 404 5750 "https://www.bigfreeodds.com" "Mozilla/5.0 AppleWebKit/537.36 (KHTML, like Gecko; compatible; GPTBot/1.4; +https://openai.com/gptbot)"
74.7.227.1 - - [07/Jul/2026:02:38:36 +0200] "GET /shopping/1818520030 HTTP/2" 301 0 "https://www.bigfreeodds.com/sitemaps.xml" "Mozilla/5.0 AppleWebKit/537.36 (KHTML, like Gecko; compatible; GPTBot/1.4; +https://openai.com/gptbot)"
74.7.227.1 - - [07/Jul/2026:02:38:36 +0200] "GET /shopping/1193631945 HTTP/2" 301 0 "https://www.bigfreeodds.com/sitemaps.xml" "Mozilla/5.0 AppleWebKit/537.36 (KHTML, like Gecko; compatible; GPTBot/1.4; +https://openai.com/gptbot)"
74.7.227.1 - - [07/Jul/2026:02:38:37 +0200] "GET /shopping/2482591182 HTTP/2" 301 0 "https://www.bigfreeodds.com/sitemaps.xml" "Mozilla/5.0 AppleWebKit/537.36 (KHTML, like Gecko; compatible; GPTBot/1.4; +https://openai.com/gptbot)"
74.7.227.1 - - [07/Jul/2026:02:38:38 +0200] "GET /shopping/3036615959 HTTP/2" 301 0 "https://www.bigfreeodds.com/sitemaps.xml" "Mozilla/5.0 AppleWebKit/537.36 (KHTML, like Gecko; compatible; GPTBot/1.4; +https://openai.com/gptbot)"
74.7.227.158 - - [07/Jul/2026:02:38:38 +0200] "GET /shopping/3878883817 HTTP/2" 404 5750 "https://www.bigfreeodds.com" "Mozilla/5.0 AppleWebKit/537.36 (KHTML, like Gecko; compatible; GPTBot/1.4; +https://openai.com/gptbot)"
74.7.227.1 - - [07/Jul/2026:02:38:39 +0200] "GET /shopping/3978278607 HTTP/2" 301 0 "https://www.bigfreeodds.com/sitemaps.xml" "Mozilla/5.0 AppleWebKit/537.36 (KHTML, like Gecko; compatible; GPTBot/1.4; +https://openai.com/gptbot)"
74.7.227.1 - - [07/Jul/2026:02:38:39 +0200] "GET /shopping/1023236426 HTTP/2" 301 0 "https://www.bigfreeodds.com/sitemaps.xml" "Mozilla/5.0 AppleWebKit/537.36 (KHTML, like Gecko; compatible; GPTBot/1.4; +https://openai.com/gptbot)"
74.7.227.1 - - [07/Jul/2026:02:38:40 +0200] "GET /shopping/2365859650 HTTP/2" 301 0 "https://www.bigfreeodds.com/sitemaps.xml" "Mozilla/5.0 AppleWebKit/537.36 (KHTML, like Gecko; compatible; GPTBot/1.4; +https://openai.com/gptbot)"
74.7.227.1 - - [07/Jul/2026:02:38:41 +0200] "GET /shopping/3950795669 HTTP/2" 301 0 "https://www.bigfreeodds.com/sitemaps.xml" "Mozilla/5.0 AppleWebKit/537.36 (KHTML, like Gecko; compatible; GPTBot/1.4; +https://openai.com/gptbot)"
74.7.227.158 - - [07/Jul/2026:02:38:41 +0200] "GET /shopping/3999337380 HTTP/2" 404 5750 "https://www.bigfreeodds.com" "Mozilla/5.0 AppleWebKit/537.36 (KHTML, like Gecko; compatible; GPTBot/1.4; +https://openai.com/gptbot)"
74.7.227.1 - - [07/Jul/2026:02:38:41 +0200] "GET /shopping/2015637756 HTTP/2" 301 0 "https://www.bigfreeodds.com/sitemaps.xml" "Mozilla/5.0 AppleWebKit/537.36 (KHTML, like Gecko; compatible; GPTBot/1.4; +https://openai.com/gptbot)"
74.7.227.1 - - [07/Jul/2026:02:38:42 +0200] "GET /shopping/3103842938 HTTP/2" 301 0 "https://www.bigfreeodds.com/sitemaps.xml" "Mozilla/5.0 AppleWebKit/537.36 (KHTML, like Gecko; compatible; GPTBot/1.4; +https://openai.com/gptbot)"
74.7.227.1 - - [07/Jul/2026:02:38:43 +0200] "GET /shopping/1271248599 HTTP/2" 301 0 "https://www.bigfreeodds.com/sitemaps.xml" "Mozilla/5.0 AppleWebKit/537.36 (KHTML, like Gecko; compatible; GPTBot/1.4; +https://openai.com/gptbot)"
74.7.227.1 - - [07/Jul/2026:02:38:43 +0200] "GET /shopping/4169595430 HTTP/2" 301 0 "https://www.bigfreeodds.com/sitemaps.xml" "Mozilla/5.0 AppleWebKit/537.36 (KHTML, like Gecko; compatible; GPTBot/1.4; +https://openai.com/gptbot)"
74.7.227.1 - - [07/Jul/2026:02:38:44 +0200] "GET /shopping/4071249248 HTTP/2" 301 0 "https://www.bigfreeodds.com/sitemaps.xml" "Mozilla/5.0 AppleWebKit/537.36 (KHTML, like Gecko; compatible; GPTBot/1.4; +https://openai.com/gptbot)"
74.7.227.1 - - [07/Jul/2026:02:38:45 +0200] "GET /shopping/3624141064 HTTP/2" 301 0 "https://www.bigfreeodds.com/sitemaps.xml" "Mozilla/5.0 AppleWebKit/537.36 (KHTML, like Gecko; compatible; GPTBot/1.4; +https://openai.com/gptbot)"
74.7.227.1 - - [07/Jul/2026:02:38:45 +0200] "GET /shopping/4166218741 HTTP/2" 301 0 "https://www.bigfreeodds.com/sitemaps.xml" "Mozilla/5.0 AppleWebKit/537.36 (KHTML, like Gecko; compatible; GPTBot/1.4; +https://openai.com/gptbot)"
74.7.227.158 - - [07/Jul/2026:02:38:44 +0200] "GET /shopping/3653606757 HTTP/2" 404 5750 "https://www.bigfreeodds.com" "Mozilla/5.0 AppleWebKit/537.36 (KHTML, like Gecko; compatible; GPTBot/1.4; +https://openai.com/gptbot)"
74.7.227.1 - - [07/Jul/2026:02:38:46 +0200] "GET /shopping/2914950297 HTTP/2" 301 0 "https://www.bigfreeodds.com/sitemaps.xml" "Mozilla/5.0 AppleWebKit/537.36 (KHTML, like Gecko; compatible; GPTBot/1.4; +https://openai.com/gptbot)"
74.7.227.1 - - [07/Jul/2026:02:38:47 +0200] "GET /shopping/3994585085 HTTP/2" 301 0 "https://www.bigfreeodds.com/sitemaps.xml" "Mozilla/5.0 AppleWebKit/537.36 (KHTML, like Gecko; compatible; GPTBot/1.4; +https://openai.com/gptbot)"
74.7.227.158 - - [07/Jul/2026:02:38:47 +0200] "GET /shopping/1888007668 HTTP/2" 404 5750 "https://www.bigfreeodds.com" "Mozilla/5.0 AppleWebKit/537.36 (KHTML, like Gecko; compatible; GPTBot/1.4; +https://openai.com/gptbot)"
74.7.227.1 - - [07/Jul/2026:02:38:48 +0200] "GET /shopping/3404129204 HTTP/2" 301 0 "https://www.bigfreeodds.com/sitemaps.xml" "Mozilla/5.0 AppleWebKit/537.36 (KHTML, like Gecko; compatible; GPTBot/1.4; +https://openai.com/gptbot)"
74.7.227.1 - - [07/Jul/2026:02:38:48 +0200] "GET /shopping/4148140638 HTTP/2" 301 0 "https://www.bigfreeodds.com/sitemaps.xml" "Mozilla/5.0 AppleWebKit/537.36 (KHTML, like Gecko; compatible; GPTBot/1.4; +https://openai.com/gptbot)"
74.7.227.1 - - [07/Jul/2026:02:38:49 +0200] "GET /shopping/3949583586 HTTP/2" 301 0 "https://www.bigfreeodds.com/sitemaps.xml" "Mozilla/5.0 AppleWebKit/537.36 (KHTML, like Gecko; compatible; GPTBot/1.4; +https://openai.com/gptbot)"
74.7.227.1 - - [07/Jul/2026:02:38:50 +0200] "GET /shopping/4214251587 HTTP/2" 301 0 "https://www.bigfreeodds.com/sitemaps.xml" "Mozilla/5.0 AppleWebKit/537.36 (KHTML, like Gecko; compatible; GPTBot/1.4; +https://openai.com/gptbot)"
74.7.227.1 - - [07/Jul/2026:02:38:50 +0200] "GET /shopping/3380809756 HTTP/2" 301 0 "https://www.bigfreeodds.com/sitemaps.xml" "Mozilla/5.0 AppleWebKit/537.36 (KHTML, like Gecko; compatible; GPTBot/1.4; +https://openai.com/gptbot)"
74.7.227.158 - - [07/Jul/2026:02:38:51 +0200] "GET /shopping/2680888626 HTTP/2" 404 5750 "https://www.bigfreeodds.com" "Mozilla/5.0 AppleWebKit/537.36 (KHTML, like Gecko; compatible; GPTBot/1.4; +https://openai.com/gptbot)"
74.7.227.1 - - [07/Jul/2026:02:38:51 +0200] "GET /shopping/4053894194 HTTP/2" 301 0 "https://www.bigfreeodds.com/sitemaps.xml" "Mozilla/5.0 AppleWebKit/537.36 (KHTML, like Gecko; compatible; GPTBot/1.4; +https://openai.com/gptbot)"
74.7.227.1 - - [07/Jul/2026:02:38:52 +0200] "GET /shopping/4126196796 HTTP/2" 301 0 "https://www.bigfreeodds.com/sitemaps.xml" "Mozilla/5.0 AppleWebKit/537.36 (KHTML, like Gecko; compatible; GPTBot/1.4; +https://openai.com/gptbot)"
74.7.227.1 - - [07/Jul/2026:02:38:52 +0200] "GET /shopping/2756805956 HTTP/2" 301 0 "https://www.bigfreeodds.com/sitemaps.xml" "Mozilla/5.0 AppleWebKit/537.36 (KHTML, like Gecko; compatible; GPTBot/1.4; +https://openai.com/gptbot)"
74.7.227.1 - - [07/Jul/2026:02:38:53 +0200] "GET /shopping/2172150994 HTTP/2" 301 0 "https://www.bigfreeodds.com/sitemaps.xml" "Mozilla/5.0 AppleWebKit/537.36 (KHTML, like Gecko; compatible; GPTBot/1.4; +https://openai.com/gptbot)"
74.7.227.1 - - [07/Jul/2026:02:38:54 +0200] "GET /shopping/1576540457 HTTP/2" 301 0 "https://www.bigfreeodds.com/sitemaps.xml" "Mozilla/5.0 AppleWebKit/537.36 (KHTML, like Gecko; compatible; GPTBot/1.4; +https://openai.com/gptbot)"
74.7.227.158 - - [07/Jul/2026:02:38:54 +0200] "GET /shopping/2686927568 HTTP/2" 404 5750 "https://www.bigfreeodds.com" "Mozilla/5.0 AppleWebKit/537.36 (KHTML, like Gecko; compatible; GPTBot/1.4; +https://openai.com/gptbot)"
74.7.227.1 - - [07/Jul/2026:02:38:55 +0200] "GET /shopping/2964476896 HTTP/2" 301 0 "https://www.bigfreeodds.com/sitemaps.xml" "Mozilla/5.0 AppleWebKit/537.36 (KHTML, like Gecko; compatible; GPTBot/1.4; +https://openai.com/gptbot)"
74.7.227.1 - - [07/Jul/2026:02:38:55 +0200] "GET /shopping/1911932098 HTTP/2" 301 0 "https://www.bigfreeodds.com/sitemaps.xml" "Mozilla/5.0 AppleWebKit/537.36 (KHTML, like Gecko; compatible; GPTBot/1.4; +https://openai.com/gptbot)"
74.7.227.1 - - [07/Jul/2026:02:38:56 +0200] "GET /shopping/4261581215 HTTP/2" 301 0 "https://www.bigfreeodds.com/sitemaps.xml" "Mozilla/5.0 AppleWebKit/537.36 (KHTML, like Gecko; compatible; GPTBot/1.4; +https://openai.com/gptbot)"
74.7.227.1 - - [07/Jul/2026:02:38:57 +0200] "GET /shopping/3905975989 HTTP/2" 301 0 "https://www.bigfreeodds.com/sitemaps.xml" "Mozilla/5.0 AppleWebKit/537.36 (KHTML, like Gecko; compatible; GPTBot/1.4; +https://openai.com/gptbot)"
74.7.227.158 - - [07/Jul/2026:02:38:57 +0200] "GET /shopping/4099944269 HTTP/2" 404 5750 "https://www.bigfreeodds.com" "Mozilla/5.0 AppleWebKit/537.36 (KHTML, like Gecko; compatible; GPTBot/1.4; +https://openai.com/gptbot)"
74.7.227.1 - - [07/Jul/2026:02:38:57 +0200] "GET /shopping/2150650762 HTTP/2" 301 0 "https://www.bigfreeodds.com/sitemaps.xml" "Mozilla/5.0 AppleWebKit/537.36 (KHTML, like Gecko; compatible; GPTBot/1.4; +https://openai.com/gptbot)"
74.7.227.1 - - [07/Jul/2026:02:38:58 +0200] "GET /shopping/3696443682 HTTP/2" 301 0 "https://www.bigfreeodds.com/sitemaps.xml" "Mozilla/5.0 AppleWebKit/537.36 (KHTML, like Gecko; compatible; GPTBot/1.4; +https://openai.com/gptbot)"
74.7.227.1 - - [07/Jul/2026:02:38:59 +0200] "GET /shopping/1192419846 HTTP/2" 301 0 "https://www.bigfreeodds.com/sitemaps.xml" "Mozilla/5.0 AppleWebKit/537.36 (KHTML, like Gecko; compatible; GPTBot/1.4; +https://openai.com/gptbot)"
74.7.227.1 - - [07/Jul/2026:02:38:59 +0200] "GET /shopping/3800616805 HTTP/2" 301 0 "https://www.bigfreeodds.com/sitemaps.xml" "Mozilla/5.0 AppleWebKit/537.36 (KHTML, like Gecko; compatible; GPTBot/1.4; +https://openai.com/gptbot)"
74.7.227.1 - - [07/Jul/2026:02:39:00 +0200] "GET /shopping/2601832630 HTTP/2" 301 0 "https://www.bigfreeodds.com/sitemaps.xml" "Mozilla/5.0 AppleWebKit/537.36 (KHTML, like Gecko; compatible; GPTBot/1.4; +https://openai.com/gptbot)"
74.7.227.158 - - [07/Jul/2026:02:39:00 +0200] "GET /shopping/1717586111 HTTP/2" 404 5750 "https://www.bigfreeodds.com" "Mozilla/5.0 AppleWebKit/537.36 (KHTML, like Gecko; compatible; GPTBot/1.4; +https://openai.com/gptbot)"
74.7.227.1 - - [07/Jul/2026:02:39:01 +0200] "GET /shopping/1424197019 HTTP/2" 301 0 "https://www.bigfreeodds.com/sitemaps.xml" "Mozilla/5.0 AppleWebKit/537.36 (KHTML, like Gecko; compatible; GPTBot/1.4; +https://openai.com/gptbot)"
74.7.227.1 - - [07/Jul/2026:02:39:01 +0200] "GET /shopping/3579366792 HTTP/2" 301 0 "https://www.bigfreeodds.com/sitemaps.xml" "Mozilla/5.0 AppleWebKit/537.36 (KHTML, like Gecko; compatible; GPTBot/1.4; +https://openai.com/gptbot)"
74.7.227.1 - - [07/Jul/2026:02:39:02 +0200] "GET /shopping/2556060475 HTTP/2" 301 0 "https://www.bigfreeodds.com/sitemaps.xml" "Mozilla/5.0 AppleWebKit/537.36 (KHTML, like Gecko; compatible; GPTBot/1.4; +https://openai.com/gptbot)"
74.7.227.1 - - [07/Jul/2026:02:39:03 +0200] "GET /shopping/3705784781 HTTP/2" 301 0 "https://www.bigfreeodds.com/sitemaps.xml" "Mozilla/5.0 AppleWebKit/537.36 (KHTML, like Gecko; compatible; GPTBot/1.4; +https://openai.com/gptbot)"
74.7.227.158 - - [07/Jul/2026:02:39:03 +0200] "GET /shopping/1308332228 HTTP/2" 404 5750 "https://www.bigfreeodds.com" "Mozilla/5.0 AppleWebKit/537.36 (KHTML, like Gecko; compatible; GPTBot/1.4; +https://openai.com/gptbot)"
74.7.227.1 - - [07/Jul/2026:02:39:03 +0200] "GET /shopping/2035762350 HTTP/2" 301 0 "https://www.bigfreeodds.com/sitemaps.xml" "Mozilla/5.0 AppleWebKit/537.36 (KHTML, like Gecko; compatible; GPTBot/1.4; +https://openai.com/gptbot)"
74.7.227.1 - - [07/Jul/2026:02:39:04 +0200] "GET /shopping/3353554061 HTTP/2" 301 0 "https://www.bigfreeodds.com/sitemaps.xml" "Mozilla/5.0 AppleWebKit/537.36 (KHTML, like Gecko; compatible; GPTBot/1.4; +https://openai.com/gptbot)"
74.7.227.1 - - [07/Jul/2026:02:39:05 +0200] "GET /shopping/3782145737 HTTP/2" 301 0 "https://www.bigfreeodds.com/sitemaps.xml" "Mozilla/5.0 AppleWebKit/537.36 (KHTML, like Gecko; compatible; GPTBot/1.4; +https://openai.com/gptbot)"
74.7.227.1 - - [07/Jul/2026:02:39:06 +0200] "GET /shopping/1842021313 HTTP/2" 301 0 "https://www.bigfreeodds.com/sitemaps.xml" "Mozilla/5.0 AppleWebKit/537.36 (KHTML, like Gecko; compatible; GPTBot/1.4; +https://openai.com/gptbot)"
74.7.227.158 - - [07/Jul/2026:02:39:06 +0200] "GET /shopping/4097779679 HTTP/2" 404 5750 "https://www.bigfreeodds.com" "Mozilla/5.0 AppleWebKit/537.36 (KHTML, like Gecko; compatible; GPTBot/1.4; +https://openai.com/gptbot)"
74.7.227.1 - - [07/Jul/2026:02:39:06 +0200] "GET /shopping/1302531357 HTTP/2" 301 0 "https://www.bigfreeodds.com/sitemaps.xml" "Mozilla/5.0 AppleWebKit/537.36 (KHTML, like Gecko; compatible; GPTBot/1.4; +https://openai.com/gptbot)"
74.7.227.1 - - [07/Jul/2026:02:39:07 +0200] "GET /shopping/2079206392 HTTP/2" 301 0 "https://www.bigfreeodds.com/sitemaps.xml" "Mozilla/5.0 AppleWebKit/537.36 (KHTML, like Gecko; compatible; GPTBot/1.4; +https://openai.com/gptbot)"
74.7.227.1 - - [07/Jul/2026:02:39:08 +0200] "GET /shopping/3941454570 HTTP/2" 301 0 "https://www.bigfreeodds.com/sitemaps.xml" "Mozilla/5.0 AppleWebKit/537.36 (KHTML, like Gecko; compatible; GPTBot/1.4; +https://openai.com/gptbot)"
74.7.227.1 - - [07/Jul/2026:02:39:09 +0200] "GET /shopping/3552836361 HTTP/2" 301 0 "https://www.bigfreeodds.com/sitemaps.xml" "Mozilla/5.0 AppleWebKit/537.36 (KHTML, like Gecko; compatible; GPTBot/1.4; +https://openai.com/gptbot)"
74.7.227.1 - - [07/Jul/2026:02:39:09 +0200] "GET /shopping/3032027171 HTTP/2" 301 0 "https://www.bigfreeodds.com/sitemaps.xml" "Mozilla/5.0 AppleWebKit/537.36 (KHTML, like Gecko; compatible; GPTBot/1.4; +https://openai.com/gptbot)"
74.7.227.158 - - [07/Jul/2026:02:39:09 +0200] "GET /shopping/3999173873 HTTP/2" 404 5750 "https://www.bigfreeodds.com" "Mozilla/5.0 AppleWebKit/537.36 (KHTML, like Gecko; compatible; GPTBot/1.4; +https://openai.com/gptbot)"
74.7.227.1 - - [07/Jul/2026:02:39:10 +0200] "GET /shopping/1743838638 HTTP/2" 301 0 "https://www.bigfreeodds.com/sitemaps.xml" "Mozilla/5.0 AppleWebKit/537.36 (KHTML, like Gecko; compatible; GPTBot/1.4; +https://openai.com/gptbot)"
74.7.227.1 - - [07/Jul/2026:02:39:11 +0200] "GET /shopping/1761753234 HTTP/2" 301 0 "https://www.bigfreeodds.com/sitemaps.xml" "Mozilla/5.0 AppleWebKit/537.36 (KHTML, like Gecko; compatible; GPTBot/1.4; +https://openai.com/gptbot)"
74.7.227.1 - - [07/Jul/2026:02:39:12 +0200] "GET /shopping/1081521598 HTTP/2" 301 0 "https://www.bigfreeodds.com/sitemaps.xml" "Mozilla/5.0 AppleWebKit/537.36 (KHTML, like Gecko; compatible; GPTBot/1.4; +https://openai.com/gptbot)"
74.7.227.1 - - [07/Jul/2026:02:39:12 +0200] "GET /shopping/1022024327 HTTP/2" 301 0 "https://www.bigfreeodds.com/sitemaps.xml" "Mozilla/5.0 AppleWebKit/537.36 (KHTML, like Gecko; compatible; GPTBot/1.4; +https://openai.com/gptbot)"
74.7.227.158 - - [07/Jul/2026:02:39:13 +0200] "GET /shopping/3334478043 HTTP/2" 404 5750 "https://www.bigfreeodds.com" "Mozilla/5.0 AppleWebKit/537.36 (KHTML, like Gecko; compatible; GPTBot/1.4; +https://openai.com/gptbot)"
74.7.227.1 - - [07/Jul/2026:02:39:13 +0200] "GET /shopping/1783860583 HTTP/2" 301 0 "https://www.bigfreeodds.com/sitemaps.xml" "Mozilla/5.0 AppleWebKit/537.36 (KHTML, like Gecko; compatible; GPTBot/1.4; +https://openai.com/gptbot)"
74.7.227.1 - - [07/Jul/2026:02:39:14 +0200] "GET /shopping/1281031125 HTTP/2" 301 0 "https://www.bigfreeodds.com/sitemaps.xml" "Mozilla/5.0 AppleWebKit/537.36 (KHTML, like Gecko; compatible; GPTBot/1.4; +https://openai.com/gptbot)"
74.7.227.1 - - [07/Jul/2026:02:39:15 +0200] "GET /shopping/4085572955 HTTP/2" 301 0 "https://www.bigfreeodds.com/sitemaps.xml" "Mozilla/5.0 AppleWebKit/537.36 (KHTML, like Gecko; compatible; GPTBot/1.4; +https://openai.com/gptbot)"
74.7.227.1 - - [07/Jul/2026:02:39:16 +0200] "GET /shopping/1622387160 HTTP/2" 301 0 "https://www.bigfreeodds.com/sitemaps.xml" "Mozilla/5.0 AppleWebKit/537.36 (KHTML, like Gecko; compatible; GPTBot/1.4; +https://openai.com/gptbot)"
74.7.227.158 - - [07/Jul/2026:02:39:16 +0200] "GET /shopping/3833111662 HTTP/2" 404 5750 "https://www.bigfreeodds.com" "Mozilla/5.0 AppleWebKit/537.36 (KHTML, like Gecko; compatible; GPTBot/1.4; +https://openai.com/gptbot)"
74.7.227.1 - - [07/Jul/2026:02:39:16 +0200] "GET /shopping/1734334016 HTTP/2" 301 0 "https://www.bigfreeodds.com/sitemaps.xml" "Mozilla/5.0 AppleWebKit/537.36 (KHTML, like Gecko; compatible; GPTBot/1.4; +https://openai.com/gptbot)"
74.7.227.1 - - [07/Jul/2026:02:39:17 +0200] "GET /shopping/3625353179 HTTP/2" 301 0 "https://www.bigfreeodds.com/sitemaps.xml" "Mozilla/5.0 AppleWebKit/537.36 (KHTML, like Gecko; compatible; GPTBot/1.4; +https://openai.com/gptbot)"
74.7.227.1 - - [07/Jul/2026:02:39:18 +0200] "GET /shopping/1053703104 HTTP/2" 301 0 "https://www.bigfreeodds.com/sitemaps.xml" "Mozilla/5.0 AppleWebKit/537.36 (KHTML, like Gecko; compatible; GPTBot/1.4; +https://openai.com/gptbot)"
74.7.227.1 - - [07/Jul/2026:02:39:18 +0200] "GET /shopping/1658654709 HTTP/2" 301 0 "https://www.bigfreeodds.com/sitemaps.xml" "Mozilla/5.0 AppleWebKit/537.36 (KHTML, like Gecko; compatible; GPTBot/1.4; +https://openai.com/gptbot)"
74.7.227.158 - - [07/Jul/2026:02:39:19 +0200] "GET /shopping/1374443193 HTTP/2" 404 5750 "https://www.bigfreeodds.com" "Mozilla/5.0 AppleWebKit/537.36 (KHTML, like Gecko; compatible; GPTBot/1.4; +https://openai.com/gptbot)"
74.7.227.1 - - [07/Jul/2026:02:39:19 +0200] "GET /shopping/4120232386 HTTP/2" 301 0 "https://www.bigfreeodds.com/sitemaps.xml" "Mozilla/5.0 AppleWebKit/537.36 (KHTML, like Gecko; compatible; GPTBot/1.4; +https://openai.com/gptbot)"
74.7.227.1 - - [07/Jul/2026:02:39:20 +0200] "GET /shopping/2657387343 HTTP/2" 301 0 "https://www.bigfreeodds.com/sitemaps.xml" "Mozilla/5.0 AppleWebKit/537.36 (KHTML, like Gecko; compatible; GPTBot/1.4; +https://openai.com/gptbot)"
74.7.227.1 - - [07/Jul/2026:02:39:20 +0200] "GET /shopping/4141127636 HTTP/2" 301 0 "https://www.bigfreeodds.com/sitemaps.xml" "Mozilla/5.0 AppleWebKit/537.36 (KHTML, like Gecko; compatible; GPTBot/1.4; +https://openai.com/gptbot)"
74.7.227.1 - - [07/Jul/2026:02:39:21 +0200] "GET /shopping/2484148623 HTTP/2" 301 0 "https://www.bigfreeodds.com/sitemaps.xml" "Mozilla/5.0 AppleWebKit/537.36 (KHTML, like Gecko; compatible; GPTBot/1.4; +https://openai.com/gptbot)"
74.7.227.1 - - [07/Jul/2026:02:39:22 +0200] "GET /shopping/2854365385 HTTP/2" 301 0 "https://www.bigfreeodds.com/sitemaps.xml" "Mozilla/5.0 AppleWebKit/537.36 (KHTML, like Gecko; compatible; GPTBot/1.4; +https://openai.com/gptbot)"
74.7.227.158 - - [07/Jul/2026:02:39:22 +0200] "GET /shopping/3620386668 HTTP/2" 404 5750 "https://www.bigfreeodds.com" "Mozilla/5.0 AppleWebKit/537.36 (KHTML, like Gecko; compatible; GPTBot/1.4; +https://openai.com/gptbot)"
74.7.227.1 - - [07/Jul/2026:02:39:22 +0200] "GET /shopping/1103810782 HTTP/2" 301 0 "https://www.bigfreeodds.com/sitemaps.xml" "Mozilla/5.0 AppleWebKit/537.36 (KHTML, like Gecko; compatible; GPTBot/1.4; +https://openai.com/gptbot)"
74.7.227.1 - - [07/Jul/2026:02:39:23 +0200] "GET /shopping/3929458992 HTTP/2" 301 0 "https://www.bigfreeodds.com/sitemaps.xml" "Mozilla/5.0 AppleWebKit/537.36 (KHTML, like Gecko; compatible; GPTBot/1.4; +https://openai.com/gptbot)"
74.7.227.1 - - [07/Jul/2026:02:39:24 +0200] "GET /shopping/3284628132 HTTP/2" 301 0 "https://www.bigfreeodds.com/sitemaps.xml" "Mozilla/5.0 AppleWebKit/537.36 (KHTML, like Gecko; compatible; GPTBot/1.4; +https://openai.com/gptbot)"
74.7.227.1 - - [07/Jul/2026:02:39:24 +0200] "GET /shopping/1607007135 HTTP/2" 301 0 "https://www.bigfreeodds.com/sitemaps.xml" "Mozilla/5.0 AppleWebKit/537.36 (KHTML, like Gecko; compatible; GPTBot/1.4; +https://openai.com/gptbot)"
74.7.227.1 - - [07/Jul/2026:02:39:25 +0200] "GET /shopping/3549296149 HTTP/2" 301 0 "https://www.bigfreeodds.com/sitemaps.xml" "Mozilla/5.0 AppleWebKit/537.36 (KHTML, like Gecko; compatible; GPTBot/1.4; +https://openai.com/gptbot)"
74.7.227.158 - - [07/Jul/2026:02:39:25 +0200] "GET /shopping/1509991151 HTTP/2" 404 5750 "https://www.bigfreeodds.com" "Mozilla/5.0 AppleWebKit/537.36 (KHTML, like Gecko; compatible; GPTBot/1.4; +https://openai.com/gptbot)"
74.7.227.1 - - [07/Jul/2026:02:39:26 +0200] "GET /shopping/3836488351 HTTP/2" 301 0 "https://www.bigfreeodds.com/sitemaps.xml" "Mozilla/5.0 AppleWebKit/537.36 (KHTML, like Gecko; compatible; GPTBot/1.4; +https://openai.com/gptbot)"
74.7.227.1 - - [07/Jul/2026:02:39:26 +0200] "GET /shopping/1895184193 HTTP/2" 301 0 "https://www.bigfreeodds.com/sitemaps.xml" "Mozilla/5.0 AppleWebKit/537.36 (KHTML, like Gecko; compatible; GPTBot/1.4; +https://openai.com/gptbot)"
74.7.227.1 - - [07/Jul/2026:02:39:27 +0200] "GET /shopping/3626565278 HTTP/2" 301 0 "https://www.bigfreeodds.com/sitemaps.xml" "Mozilla/5.0 AppleWebKit/537.36 (KHTML, like Gecko; compatible; GPTBot/1.4; +https://openai.com/gptbot)"
74.7.227.1 - - [07/Jul/2026:02:39:28 +0200] "GET /shopping/3216212925 HTTP/2" 301 0 "https://www.bigfreeodds.com/sitemaps.xml" "Mozilla/5.0 AppleWebKit/537.36 (KHTML, like Gecko; compatible; GPTBot/1.4; +https://openai.com/gptbot)"
104.164.106.41 - - [07/Jul/2026:02:29:49 +0200] "GET /?z=26539459f1961 HTTP/2" 200 27624 "-" "Mozilla/5.0 (Macintosh; Intel Mac OS X 10_15_7) AppleWebKit/537.36 (KHTML, like Gecko) Chrome/148.0.0.0 Safari/537.36"
104.164.106.42 - - [07/Jul/2026:02:29:50 +0200] "GET /united-arab-emirates-league-cup/ HTTP/2" 301 0 "-" "Mozilla/5.0 (Macintosh; Intel Mac OS X 10_15_7) AppleWebKit/537.36 (KHTML, like Gecko) Chrome/148.0.0.0 Safari/537.36"
104.164.106.59 - - [07/Jul/2026:02:30:39 +0200] "GET /?z=2655753cfha3g HTTP/2" 200 27624 "-" "Mozilla/5.0 (Macintosh; Intel Mac OS X 10_15_7) AppleWebKit/537.36 (KHTML, like Gecko) Chrome/148.0.0.0 Safari/537.36"
114.119.146.98 - - [07/Jul/2026:02:31:17 +0200] "GET /shopping/600095042 HTTP/1.1" 404 5750 "https://bigfreeodds.com/sitemap.xml" "Mozilla/5.0 (Linux; Android 8.0.0; SM-G955U Build/R16NW) AppleWebKit/537.36 (KHTML, like Gecko) Chrome/148.0.0.0 Mobile Safari/537.36"
103.152.105.78 - - [07/Jul/2026:02:32:23 +0200] "GET /robots.txt HTTP/1.1" 200 80 "-" "Mozilla/5.0 (Macintosh; Intel Mac OS X 12_3_1) AppleWebKit/537.36 (KHTML, like Gecko) Chrome/124.0.6367.155 Safari/537.36"
142.44.220.158 - - [07/Jul/2026:02:33:16 +0200] "GET /11-winner-spin-huge-roulette-jackpot/ HTTP/2" 301 0 "-" "Mozilla/5.0 (compatible; AhrefsBot/7.0; +http://ahrefs.com/robot/)"
205.188.204.15 - - [07/Jul/2026:02:33:45 +0200] "GET /zambia-super-league/ HTTP/2" 200 0 "-" "Mozilla/5.0 (Macintosh; Intel Mac OS X 10_15_7) AppleWebKit/537.36 (KHTML, like Gecko) Chrome/148.0.0.0 Safari/537.36"
104.164.106.73 - - [07/Jul/2026:02:34:10 +0200] "GET /?z=2674764933ic5 HTTP/2" 200 27624 "-" "Mozilla/5.0 (Macintosh; Intel Mac OS X 10_15_7) AppleWebKit/537.36 (KHTML, like Gecko) Chrome/148.0.0.0 Safari/537.36"
51.161.65.191 - - [07/Jul/2026:02:34:57 +0200] "GET /top-10-online-crash-gaming-3-reel-slots-play-for-fun-internet-sites-of-2024/ HTTP/2" 301 0 "-" "Mozilla/5.0 (compatible; AhrefsBot/7.0; +http://ahrefs.com/robot/)"
104.164.106.29 - - [07/Jul/2026:02:34:58 +0200] "GET /?z=2721415b9a7c HTTP/2" 200 27624 "-" "Mozilla/5.0 (Macintosh; Intel Mac OS X 10_15_7) AppleWebKit/537.36 (KHTML, like Gecko) Chrome/148.0.0.0 Safari/537.36"
114.119.153.15 - - [07/Jul/2026:02:35:28 +0200] "GET /shopping/586983418 HTTP/1.1" 404 5750 "https://bigfreeodds.com/sitemap.xml" "Mozilla/5.0 (Linux; Android 7.0;) AppleWebKit/537.36 (HTML, like Gecko) Mobile Safari/537.36 (compatible; PetalBot;+https://webmaster.petalsearch.com/site/petalbot)"
104.164.106.16 - - [07/Jul/2026:02:35:43 +0200] "GET /?z=27282666g7789 HTTP/2" 200 27624 "-" "Mozilla/5.0 (Macintosh; Intel Mac OS X 10_15_7) AppleWebKit/537.36 (KHTML, like Gecko) Chrome/148.0.0.0 Safari/537.36"
74.7.175.156 - - [07/Jul/2026:02:36:22 +0200] "GET /robots.txt HTTP/2" 200 80 "-" "Mozilla/5.0 (Macintosh; Intel Mac OS X 10_15_7) AppleWebKit/537.36 (KHTML, like Gecko) Chrome/131.0.0.0 Safari/537.36; compatible; OAI-SearchBot/1.4; robots.txt; +https://openai.com/searchbot"
54.39.203.153 - - [07/Jul/2026:02:36:22 +0200] "GET /concessionari-autorizzati-al-incontro-per-spazio-impresa-delle-playoro-bonus-di-iscrizione-dogane-addirittura-dei-monopoli/ HTTP/2" 301 0 "-" "Mozilla/5.0 (compatible; AhrefsBot/7.0; +http://ahrefs.com/robot/)"
114.119.153.15 - - [07/Jul/2026:02:36:51 +0200] "GET /shopping/585771319 HTTP/1.1" 404 5750 "https://bigfreeodds.com/sitemap.xml" "Mozilla/5.0 (Linux; Android 7.0;) AppleWebKit/537.36 (HTML, like Gecko) Mobile Safari/537.36 (compatible; PetalBot;+https://webmaster.petalsearch.com/site/petalbot)"
114.119.148.174 - - [07/Jul/2026:02:38:15 +0200] "GET /shopping/584559220 HTTP/1.1" 404 5750 "https://bigfreeodds.com/sitemap.xml" "Mozilla/5.0 (Linux; Android 7.0;) AppleWebKit/537.36 (HTML, like Gecko) Mobile Safari/537.36 (compatible; PetalBot;+https://webmaster.petalsearch.com/site/petalbot)"
104.164.106.2 - - [07/Jul/2026:02:38:59 +0200] "GET /?z=2797143i0453i HTTP/2" 200 27624 "-" "Mozilla/5.0 (Macintosh; Intel Mac OS X 10_15_7) AppleWebKit/537.36 (KHTML, like Gecko) Chrome/148.0.0.0 Safari/537.36"
74.7.227.1 - - [07/Jul/2026:02:39:28 +0200] "GET /shopping/4089209236 HTTP/2" 301 0 "https://www.bigfreeodds.com/sitemaps.xml" "Mozilla/5.0 AppleWebKit/537.36 (KHTML, like Gecko; compatible; GPTBot/1.4; +https://openai.com/gptbot)"
74.7.227.158 - - [07/Jul/2026:02:39:29 +0200] "GET /shopping/2220529182 HTTP/2" 404 5750 "https://www.bigfreeodds.com" "Mozilla/5.0 AppleWebKit/537.36 (KHTML, like Gecko; compatible; GPTBot/1.4; +https://openai.com/gptbot)"
74.7.227.1 - - [07/Jul/2026:02:39:29 +0200] "GET /shopping/1711785208 HTTP/2" 301 0 "https://www.bigfreeodds.com/sitemaps.xml" "Mozilla/5.0 AppleWebKit/537.36 (KHTML, like Gecko; compatible; GPTBot/1.4; +https://openai.com/gptbot)"
74.7.227.1 - - [07/Jul/2026:02:39:30 +0200] "GET /shopping/1002900718 HTTP/2" 301 0 "https://www.bigfreeodds.com/sitemaps.xml" "Mozilla/5.0 AppleWebKit/537.36 (KHTML, like Gecko; compatible; GPTBot/1.4; +https://openai.com/gptbot)"
74.7.227.1 - - [07/Jul/2026:02:39:30 +0200] "GET /shopping/2717605360 HTTP/2" 301 0 "https://www.bigfreeodds.com/sitemaps.xml" "Mozilla/5.0 AppleWebKit/537.36 (KHTML, like Gecko; compatible; GPTBot/1.4; +https://openai.com/gptbot)"
74.7.227.1 - - [07/Jul/2026:02:39:31 +0200] "GET /shopping/1696854368 HTTP/2" 301 0 "https://www.bigfreeodds.com/sitemaps.xml" "Mozilla/5.0 AppleWebKit/537.36 (KHTML, like Gecko; compatible; GPTBot/1.4; +https://openai.com/gptbot)"
74.7.227.158 - - [07/Jul/2026:02:39:32 +0200] "GET /shopping/1811161686 HTTP/2" 404 5750 "https://www.bigfreeodds.com" "Mozilla/5.0 AppleWebKit/537.36 (KHTML, like Gecko; compatible; GPTBot/1.4; +https://openai.com/gptbot)"
74.7.227.1 - - [07/Jul/2026:02:39:32 +0200] "GET /shopping/1837432525 HTTP/2" 301 0 "https://www.bigfreeodds.com/sitemaps.xml" "Mozilla/5.0 AppleWebKit/537.36 (KHTML, like Gecko; compatible; GPTBot/1.4; +https://openai.com/gptbot)"
74.7.227.1 - - [07/Jul/2026:02:39:32 +0200] "GET /shopping/2079369931 HTTP/2" 301 0 "https://www.bigfreeodds.com/sitemaps.xml" "Mozilla/5.0 AppleWebKit/537.36 (KHTML, like Gecko; compatible; GPTBot/1.4; +https://openai.com/gptbot)"
74.7.227.1 - - [07/Jul/2026:02:39:33 +0200] "GET /shopping/3434199847 HTTP/2" 301 0 "https://www.bigfreeodds.com/sitemaps.xml" "Mozilla/5.0 AppleWebKit/537.36 (KHTML, like Gecko; compatible; GPTBot/1.4; +https://openai.com/gptbot)"
74.7.227.1 - - [07/Jul/2026:02:39:34 +0200] "GET /shopping/3765561371 HTTP/2" 301 0 "https://www.bigfreeodds.com/sitemaps.xml" "Mozilla/5.0 AppleWebKit/537.36 (KHTML, like Gecko; compatible; GPTBot/1.4; +https://openai.com/gptbot)"
74.7.227.1 - - [07/Jul/2026:02:39:34 +0200] "GET /shopping/4100107792 HTTP/2" 301 0 "https://www.bigfreeodds.com/sitemaps.xml" "Mozilla/5.0 AppleWebKit/537.36 (KHTML, like Gecko; compatible; GPTBot/1.4; +https://openai.com/gptbot)"
74.7.227.158 - - [07/Jul/2026:02:39:35 +0200] "GET /shopping/1461676667 HTTP/2" 404 5750 "https://www.bigfreeodds.com" "Mozilla/5.0 AppleWebKit/537.36 (KHTML, like Gecko; compatible; GPTBot/1.4; +https://openai.com/gptbot)"
74.7.227.1 - - [07/Jul/2026:02:39:35 +0200] "GET /shopping/3075211621 HTTP/2" 301 0 "https://www.bigfreeodds.com/sitemaps.xml" "Mozilla/5.0 AppleWebKit/537.36 (KHTML, like Gecko; compatible; GPTBot/1.4; +https://openai.com/gptbot)"
74.7.227.1 - - [07/Jul/2026:02:39:36 +0200] "GET /shopping/2128960202 HTTP/2" 301 0 "https://www.bigfreeodds.com/sitemaps.xml" "Mozilla/5.0 AppleWebKit/537.36 (KHTML, like Gecko; compatible; GPTBot/1.4; +https://openai.com/gptbot)"
74.7.227.1 - - [07/Jul/2026:02:39:36 +0200] "GET /shopping/1762965317 HTTP/2" 301 0 "https://www.bigfreeodds.com/sitemaps.xml" "Mozilla/5.0 AppleWebKit/537.36 (KHTML, like Gecko; compatible; GPTBot/1.4; +https://openai.com/gptbot)"
74.7.227.1 - - [07/Jul/2026:02:39:37 +0200] "GET /shopping/2534346059 HTTP/2" 301 0 "https://www.bigfreeodds.com/sitemaps.xml" "Mozilla/5.0 AppleWebKit/537.36 (KHTML, like Gecko; compatible; GPTBot/1.4; +https://openai.com/gptbot)"
74.7.227.1 - - [07/Jul/2026:02:39:38 +0200] "GET /shopping/1747429511 HTTP/2" 301 0 "https://www.bigfreeodds.com/sitemaps.xml" "Mozilla/5.0 AppleWebKit/537.36 (KHTML, like Gecko; compatible; GPTBot/1.4; +https://openai.com/gptbot)"
74.7.227.158 - - [07/Jul/2026:02:39:38 +0200] "GET /shopping/3666373039 HTTP/2" 404 5750 "https://www.bigfreeodds.com" "Mozilla/5.0 AppleWebKit/537.36 (KHTML, like Gecko; compatible; GPTBot/1.4; +https://openai.com/gptbot)"
114.119.148.174 - - [07/Jul/2026:02:39:38 +0200] "GET /shopping/583347137 HTTP/1.1" 404 5750 "https://bigfreeodds.com/sitemap.xml" "Mozilla/5.0 (Linux; Android 7.0;) AppleWebKit/537.36 (HTML, like Gecko) Mobile Safari/537.36 (compatible; PetalBot;+https://webmaster.petalsearch.com/site/petalbot)"
74.7.227.1 - - [07/Jul/2026:02:39:39 +0200] "GET /shopping/1301319242 HTTP/2" 301 0 "https://www.bigfreeodds.com/sitemaps.xml" "Mozilla/5.0 AppleWebKit/537.36 (KHTML, like Gecko; compatible; GPTBot/1.4; +https://openai.com/gptbot)"
74.7.227.1 - - [07/Jul/2026:02:39:39 +0200] "GET /shopping/2369495947 HTTP/2" 301 0 "https://www.bigfreeodds.com/sitemaps.xml" "Mozilla/5.0 AppleWebKit/537.36 (KHTML, like Gecko; compatible; GPTBot/1.4; +https://openai.com/gptbot)"
74.7.227.1 - - [07/Jul/2026:02:39:40 +0200] "GET /shopping/1515792022 HTTP/2" 301 0 "https://www.bigfreeodds.com/sitemaps.xml" "Mozilla/5.0 AppleWebKit/537.36 (KHTML, like Gecko; compatible; GPTBot/1.4; +https://openai.com/gptbot)"
74.7.227.1 - - [07/Jul/2026:02:39:41 +0200] "GET /shopping/3413470319 HTTP/2" 301 0 "https://www.bigfreeodds.com/sitemaps.xml" "Mozilla/5.0 AppleWebKit/537.36 (KHTML, like Gecko; compatible; GPTBot/1.4; +https://openai.com/gptbot)"
74.7.227.158 - - [07/Jul/2026:02:39:41 +0200] "GET /shopping/1512415333 HTTP/2" 404 5750 "https://www.bigfreeodds.com" "Mozilla/5.0 AppleWebKit/537.36 (KHTML, like Gecko; compatible; GPTBot/1.4; +https://openai.com/gptbot)"
74.7.227.1 - - [07/Jul/2026:02:39:41 +0200] "GET /shopping/1609431317 HTTP/2" 301 0 "https://www.bigfreeodds.com/sitemaps.xml" "Mozilla/5.0 AppleWebKit/537.36 (KHTML, like Gecko; compatible; GPTBot/1.4; +https://openai.com/gptbot)"
74.7.227.1 - - [07/Jul/2026:02:39:42 +0200] "GET /shopping/1274884912 HTTP/2" 301 0 "https://www.bigfreeodds.com/sitemaps.xml" "Mozilla/5.0 AppleWebKit/537.36 (KHTML, like Gecko; compatible; GPTBot/1.4; +https://openai.com/gptbot)"
74.7.227.1 - - [07/Jul/2026:02:39:43 +0200] "GET /shopping/2256960254 HTTP/2" 301 0 "https://www.bigfreeodds.com/sitemaps.xml" "Mozilla/5.0 AppleWebKit/537.36 (KHTML, like Gecko; compatible; GPTBot/1.4; +https://openai.com/gptbot)"
74.7.227.1 - - [07/Jul/2026:02:39:43 +0200] "GET /shopping/2607633533 HTTP/2" 301 0 "https://www.bigfreeodds.com/sitemaps.xml" "Mozilla/5.0 AppleWebKit/537.36 (KHTML, like Gecko; compatible; GPTBot/1.4; +https://openai.com/gptbot)"
74.7.227.1 - - [07/Jul/2026:02:39:44 +0200] "GET /shopping/2634067863 HTTP/2" 301 0 "https://www.bigfreeodds.com/sitemaps.xml" "Mozilla/5.0 AppleWebKit/537.36 (KHTML, like Gecko; compatible; GPTBot/1.4; +https://openai.com/gptbot)"
74.7.227.158 - - [07/Jul/2026:02:39:44 +0200] "GET /shopping/3555260575 HTTP/2" 404 5750 "https://www.bigfreeodds.com" "Mozilla/5.0 AppleWebKit/537.36 (KHTML, like Gecko; compatible; GPTBot/1.4; +https://openai.com/gptbot)"
74.7.227.1 - - [07/Jul/2026:02:39:45 +0200] "GET /shopping/3122410107 HTTP/2" 301 0 "https://www.bigfreeodds.com/sitemaps.xml" "Mozilla/5.0 AppleWebKit/537.36 (KHTML, like Gecko; compatible; GPTBot/1.4; +https://openai.com/gptbot)"
74.7.227.1 - - [07/Jul/2026:02:39:45 +0200] "GET /shopping/3835276252 HTTP/2" 301 0 "https://www.bigfreeodds.com/sitemaps.xml" "Mozilla/5.0 AppleWebKit/537.36 (KHTML, like Gecko; compatible; GPTBot/1.4; +https://openai.com/gptbot)"
74.7.227.1 - - [07/Jul/2026:02:39:46 +0200] "GET /shopping/3737463526 HTTP/2" 301 0 "https://www.bigfreeodds.com/sitemaps.xml" "Mozilla/5.0 AppleWebKit/537.36 (KHTML, like Gecko; compatible; GPTBot/1.4; +https://openai.com/gptbot)"
74.7.227.1 - - [07/Jul/2026:02:39:47 +0200] "GET /shopping/2176739766 HTTP/2" 301 0 "https://www.bigfreeodds.com/sitemaps.xml" "Mozilla/5.0 AppleWebKit/537.36 (KHTML, like Gecko; compatible; GPTBot/1.4; +https://openai.com/gptbot)"
74.7.227.158 - - [07/Jul/2026:02:39:47 +0200] "GET /shopping/3854448339 HTTP/2" 404 5750 "https://www.bigfreeodds.com" "Mozilla/5.0 AppleWebKit/537.36 (KHTML, like Gecko; compatible; GPTBot/1.4; +https://openai.com/gptbot)"
74.7.227.1 - - [07/Jul/2026:02:39:47 +0200] "GET /shopping/1532539927 HTTP/2" 301 0 "https://www.bigfreeodds.com/sitemaps.xml" "Mozilla/5.0 AppleWebKit/537.36 (KHTML, like Gecko; compatible; GPTBot/1.4; +https://openai.com/gptbot)"
74.7.227.1 - - [07/Jul/2026:02:39:48 +0200] "GET /shopping/3509488388 HTTP/2" 301 0 "https://www.bigfreeodds.com/sitemaps.xml" "Mozilla/5.0 AppleWebKit/537.36 (KHTML, like Gecko; compatible; GPTBot/1.4; +https://openai.com/gptbot)"
74.7.227.1 - - [07/Jul/2026:02:39:49 +0200] "GET /shopping/2057869699 HTTP/2" 301 0 "https://www.bigfreeodds.com/sitemaps.xml" "Mozilla/5.0 AppleWebKit/537.36 (KHTML, like Gecko; compatible; GPTBot/1.4; +https://openai.com/gptbot)"
74.7.227.1 - - [07/Jul/2026:02:39:50 +0200] "GET /shopping/2341753401 HTTP/2" 301 0 "https://www.bigfreeodds.com/sitemaps.xml" "Mozilla/5.0 AppleWebKit/537.36 (KHTML, like Gecko; compatible; GPTBot/1.4; +https://openai.com/gptbot)"
74.7.227.1 - - [07/Jul/2026:02:39:50 +0200] "GET /shopping/2858954189 HTTP/2" 301 0 "https://www.bigfreeodds.com/sitemaps.xml" "Mozilla/5.0 AppleWebKit/537.36 (KHTML, like Gecko; compatible; GPTBot/1.4; +https://openai.com/gptbot)"
74.7.227.158 - - [07/Jul/2026:02:39:51 +0200] "GET /shopping/1225476444 HTTP/2" 404 5750 "https://www.bigfreeodds.com" "Mozilla/5.0 AppleWebKit/537.36 (KHTML, like Gecko; compatible; GPTBot/1.4; +https://openai.com/gptbot)"
74.7.227.1 - - [07/Jul/2026:02:39:51 +0200] "GET /shopping/2488737395 HTTP/2" 301 0 "https://www.bigfreeodds.com/sitemaps.xml" "Mozilla/5.0 AppleWebKit/537.36 (KHTML, like Gecko; compatible; GPTBot/1.4; +https://openai.com/gptbot)"
74.7.227.1 - - [07/Jul/2026:02:39:52 +0200] "GET /shopping/3906139512 HTTP/2" 301 0 "https://www.bigfreeodds.com/sitemaps.xml" "Mozilla/5.0 AppleWebKit/537.36 (KHTML, like Gecko; compatible; GPTBot/1.4; +https://openai.com/gptbot)"
74.7.227.1 - - [07/Jul/2026:02:39:52 +0200] "GET /shopping/2782731453 HTTP/2" 301 0 "https://www.bigfreeodds.com/sitemaps.xml" "Mozilla/5.0 AppleWebKit/537.36 (KHTML, like Gecko; compatible; GPTBot/1.4; +https://openai.com/gptbot)"
74.7.227.1 - - [07/Jul/2026:02:39:53 +0200] "GET /shopping/2857742074 HTTP/2" 301 0 "https://www.bigfreeodds.com/sitemaps.xml" "Mozilla/5.0 AppleWebKit/537.36 (KHTML, like Gecko; compatible; GPTBot/1.4; +https://openai.com/gptbot)"
74.7.227.158 - - [07/Jul/2026:02:39:54 +0200] "GET /shopping/2387966999 HTTP/2" 404 5750 "https://www.bigfreeodds.com" "Mozilla/5.0 AppleWebKit/537.36 (KHTML, like Gecko; compatible; GPTBot/1.4; +https://openai.com/gptbot)"
74.7.227.1 - - [07/Jul/2026:02:39:54 +0200] "GET /shopping/2836846808 HTTP/2" 301 0 "https://www.bigfreeodds.com/sitemaps.xml" "Mozilla/5.0 AppleWebKit/537.36 (KHTML, like Gecko; compatible; GPTBot/1.4; +https://openai.com/gptbot)"
74.7.227.1 - - [07/Jul/2026:02:39:54 +0200] "GET /shopping/1246371710 HTTP/2" 301 0 "https://www.bigfreeodds.com/sitemaps.xml" "Mozilla/5.0 AppleWebKit/537.36 (KHTML, like Gecko; compatible; GPTBot/1.4; +https://openai.com/gptbot)"
74.7.227.1 - - [07/Jul/2026:02:39:55 +0200] "GET /shopping/3948371487 HTTP/2" 301 0 "https://www.bigfreeodds.com/sitemaps.xml" "Mozilla/5.0 AppleWebKit/537.36 (KHTML, like Gecko; compatible; GPTBot/1.4; +https://openai.com/gptbot)"
74.7.227.1 - - [07/Jul/2026:02:39:56 +0200] "GET /shopping/2652635016 HTTP/2" 301 0 "https://www.bigfreeodds.com/sitemaps.xml" "Mozilla/5.0 AppleWebKit/537.36 (KHTML, like Gecko; compatible; GPTBot/1.4; +https://openai.com/gptbot)"
74.7.227.1 - - [07/Jul/2026:02:39:56 +0200] "GET /shopping/2948957171 HTTP/2" 301 0 "https://www.bigfreeodds.com/sitemaps.xml" "Mozilla/5.0 AppleWebKit/537.36 (KHTML, like Gecko; compatible; GPTBot/1.4; +https://openai.com/gptbot)"
74.7.227.158 - - [07/Jul/2026:02:39:57 +0200] "GET /shopping/2394980001 HTTP/2" 404 5750 "https://www.bigfreeodds.com" "Mozilla/5.0 AppleWebKit/537.36 (KHTML, like Gecko; compatible; GPTBot/1.4; +https://openai.com/gptbot)"
74.7.227.1 - - [07/Jul/2026:02:39:57 +0200] "GET /shopping/2154190990 HTTP/2" 301 0 "https://www.bigfreeodds.com/sitemaps.xml" "Mozilla/5.0 AppleWebKit/537.36 (KHTML, like Gecko; compatible; GPTBot/1.4; +https://openai.com/gptbot)"
74.7.227.1 - - [07/Jul/2026:02:39:58 +0200] "GET /shopping/1176884040 HTTP/2" 301 0 "https://www.bigfreeodds.com/sitemaps.xml" "Mozilla/5.0 AppleWebKit/537.36 (KHTML, like Gecko; compatible; GPTBot/1.4; +https://openai.com/gptbot)"
74.7.227.1 - - [07/Jul/2026:02:39:59 +0200] "GET /shopping/2951381369 HTTP/2" 301 0 "https://www.bigfreeodds.com/sitemaps.xml" "Mozilla/5.0 AppleWebKit/537.36 (KHTML, like Gecko; compatible; GPTBot/1.4; +https://openai.com/gptbot)"
74.7.227.1 - - [07/Jul/2026:02:39:59 +0200] "GET /shopping/1158153364 HTTP/2" 301 0 "https://www.bigfreeodds.com/sitemaps.xml" "Mozilla/5.0 AppleWebKit/537.36 (KHTML, like Gecko; compatible; GPTBot/1.4; +https://openai.com/gptbot)"
74.7.227.1 - - [07/Jul/2026:02:40:00 +0200] "GET /shopping/2404714904 HTTP/2" 301 0 "https://www.bigfreeodds.com/sitemaps.xml" "Mozilla/5.0 AppleWebKit/537.36 (KHTML, like Gecko; compatible; GPTBot/1.4; +https://openai.com/gptbot)"
74.7.227.158 - - [07/Jul/2026:02:40:00 +0200] "GET /shopping/3777556949 HTTP/2" 404 5750 "https://www.bigfreeodds.com" "Mozilla/5.0 AppleWebKit/537.36 (KHTML, like Gecko; compatible; GPTBot/1.4; +https://openai.com/gptbot)"
74.7.227.1 - - [07/Jul/2026:02:40:01 +0200] "GET /shopping/3173817427 HTTP/2" 301 0 "https://www.bigfreeodds.com/sitemaps.xml" "Mozilla/5.0 AppleWebKit/537.36 (KHTML, like Gecko; compatible; GPTBot/1.4; +https://openai.com/gptbot)"
74.7.227.1 - - [07/Jul/2026:02:40:01 +0200] "GET /shopping/1780320371 HTTP/2" 301 0 "https://www.bigfreeodds.com/sitemaps.xml" "Mozilla/5.0 AppleWebKit/537.36 (KHTML, like Gecko; compatible; GPTBot/1.4; +https://openai.com/gptbot)"
74.7.227.1 - - [07/Jul/2026:02:40:02 +0200] "GET /shopping/1890431866 HTTP/2" 301 0 "https://www.bigfreeodds.com/sitemaps.xml" "Mozilla/5.0 AppleWebKit/537.36 (KHTML, like Gecko; compatible; GPTBot/1.4; +https://openai.com/gptbot)"
74.7.227.1 - - [07/Jul/2026:02:40:03 +0200] "GET /shopping/3095713954 HTTP/2" 301 0 "https://www.bigfreeodds.com/sitemaps.xml" "Mozilla/5.0 AppleWebKit/537.36 (KHTML, like Gecko; compatible; GPTBot/1.4; +https://openai.com/gptbot)"
74.7.227.158 - - [07/Jul/2026:02:40:03 +0200] "GET /shopping/3793699920 HTTP/2" 404 5750 "https://www.bigfreeodds.com" "Mozilla/5.0 AppleWebKit/537.36 (KHTML, like Gecko; compatible; GPTBot/1.4; +https://openai.com/gptbot)"
74.7.227.1 - - [07/Jul/2026:02:40:04 +0200] "GET /shopping/1844609018 HTTP/2" 301 0 "https://www.bigfreeodds.com/sitemaps.xml" "Mozilla/5.0 AppleWebKit/537.36 (KHTML, like Gecko; compatible; GPTBot/1.4; +https://openai.com/gptbot)"
74.7.227.1 - - [07/Jul/2026:02:40:04 +0200] "GET /shopping/3502475402 HTTP/2" 301 0 "https://www.bigfreeodds.com/sitemaps.xml" "Mozilla/5.0 AppleWebKit/537.36 (KHTML, like Gecko; compatible; GPTBot/1.4; +https://openai.com/gptbot)"
74.7.227.1 - - [07/Jul/2026:02:40:05 +0200] "GET /shopping/2051905289 HTTP/2" 301 0 "https://www.bigfreeodds.com/sitemaps.xml" "Mozilla/5.0 AppleWebKit/537.36 (KHTML, like Gecko; compatible; GPTBot/1.4; +https://openai.com/gptbot)"
